{"id":10879,"date":"2017-07-14T16:53:33","date_gmt":"2017-07-14T19:53:33","guid":{"rendered":"http:\/\/www.institutosantosdumont.org.br\/wp-content\/uploads\/2017\/05\/2017-05-16-Arte-de-Nascer-amamenta\u00e7\u00e3o-Foto-Ariane-Mondo-Ascom-ISD_editada-5.jpg"},"modified":"2017-07-14T16:53:33","modified_gmt":"2017-07-14T19:53:33","slug":"2017-05-16-arte-de-nascer-amamentacao-foto-ariane-mondo-ascom-isd_editada-5","status":"inherit","type":"attachment","link":"https:\/\/institutosantosdumont.org.br\/en\/projeto-arte-de-nascer-fala-importancia-amamentacao\/2017-05-16-arte-de-nascer-amamentacao-foto-ariane-mondo-ascom-isd_editada-5\/","title":{"rendered":"2017-05-16-Arte-de-Nascer-amamenta\u00e7\u00e3o-Foto-Ariane-Mondo-Ascom-ISD_editada-5"},"author":1,"featured_media":0,"comment_status":"open","ping_status":"closed","template":"","meta":{"_acf_changed":false},"class_list":["post-10879","attachment","type-attachment","status-inherit","hentry"],"acf":[],"description":{"rendered":"<p class=\"attachment\"><a href='https:\/\/institutosantosdumont.org.br\/wp-content\/uploads\/2017\/05\/2017-05-16-Arte-de-Nascer-amamenta\u00e7\u00e3o-Foto-Ariane-Mondo-Ascom-ISD_editada-5.jpg'><img fetchpriority=\"high\" decoding=\"async\" width=\"300\" height=\"225\" src=\"https:\/\/institutosantosdumont.org.br\/wp-content\/uploads\/2017\/05\/2017-05-16-Arte-de-Nascer-amamenta\u00e7\u00e3o-Foto-Ariane-Mondo-Ascom-ISD_editada-5-300x225.jpg\" class=\"attachment-medium size-medium\" alt=\"\" srcset=\"https:\/\/institutosantosdumont.org.br\/wp-content\/uploads\/2017\/05\/2017-05-16-Arte-de-Nascer-amamenta\u00e7\u00e3o-Foto-Ariane-Mondo-Ascom-ISD_editada-5-300x225.jpg 300w, https:\/\/institutosantosdumont.org.br\/wp-content\/uploads\/2017\/05\/2017-05-16-Arte-de-Nascer-amamenta\u00e7\u00e3o-Foto-Ariane-Mondo-Ascom-ISD_editada-5-768x576.jpg 768w, https:\/\/institutosantosdumont.org.br\/wp-content\/uploads\/2017\/05\/2017-05-16-Arte-de-Nascer-amamenta\u00e7\u00e3o-Foto-Ariane-Mondo-Ascom-ISD_editada-5-1024x768.jpg 1024w, https:\/\/institutosantosdumont.org.br\/wp-content\/uploads\/2017\/05\/2017-05-16-Arte-de-Nascer-amamenta\u00e7\u00e3o-Foto-Ariane-Mondo-Ascom-ISD_editada-5.jpg 1300w\" sizes=\"(max-width: 300px) 100vw, 300px\" \/><\/a><\/p>\n"},"caption":{"rendered":""},"alt_text":"","media_type":"image","mime_type":"image\/jpeg","media_details":{"width":1300,"height":975,"file":"2017\/05\/2017-05-16-Arte-de-Nascer-amamenta\u00e7\u00e3o-Foto-Ariane-Mondo-Ascom-ISD_editada-5.jpg","sizes":{"thumbnail":{"file":"2017-05-16-Arte-de-Nascer-amamenta\u00e7\u00e3o-Foto-Ariane-Mondo-Ascom-ISD_editada-5-150x150.jpg","width":150,"height":150,"mime_type":"image\/jpeg","source_url":"https:\/\/institutosantosdumont.org.br\/wp-content\/uploads\/2017\/05\/2017-05-16-Arte-de-Nascer-amamenta\u00e7\u00e3o-Foto-Ariane-Mondo-Ascom-ISD_editada-5-150x150.jpg"},"medium":{"file":"2017-05-16-Arte-de-Nascer-amamenta\u00e7\u00e3o-Foto-Ariane-Mondo-Ascom-ISD_editada-5-300x225.jpg","width":300,"height":225,"mime_type":"image\/jpeg","source_url":"https:\/\/institutosantosdumont.org.br\/wp-content\/uploads\/2017\/05\/2017-05-16-Arte-de-Nascer-amamenta\u00e7\u00e3o-Foto-Ariane-Mondo-Ascom-ISD_editada-5-300x225.jpg"},"medium_large":{"file":"2017-05-16-Arte-de-Nascer-amamenta\u00e7\u00e3o-Foto-Ariane-Mondo-Ascom-ISD_editada-5-768x576.jpg","width":768,"height":576,"mime_type":"image\/jpeg","source_url":"https:\/\/institutosantosdumont.org.br\/wp-content\/uploads\/2017\/05\/2017-05-16-Arte-de-Nascer-amamenta\u00e7\u00e3o-Foto-Ariane-Mondo-Ascom-ISD_editada-5-768x576.jpg"},"large":{"file":"2017-05-16-Arte-de-Nascer-amamenta\u00e7\u00e3o-Foto-Ariane-Mondo-Ascom-ISD_editada-5-1024x768.jpg","width":1024,"height":768,"mime_type":"image\/jpeg","source_url":"https:\/\/institutosantosdumont.org.br\/wp-content\/uploads\/2017\/05\/2017-05-16-Arte-de-Nascer-amamenta\u00e7\u00e3o-Foto-Ariane-Mondo-Ascom-ISD_editada-5-1024x768.jpg"},"full":{"file":"2017-05-16-Arte-de-Nascer-amamenta\u00e7\u00e3o-Foto-Ariane-Mondo-Ascom-ISD_editada-5.jpg","width":1300,"height":975,"mime_type":"image\/jpeg","source_url":"https:\/\/institutosantosdumont.org.br\/wp-content\/uploads\/2017\/05\/2017-05-16-Arte-de-Nascer-amamenta\u00e7\u00e3o-Foto-Ariane-Mondo-Ascom-ISD_editada-5.jpg"}},"image_meta":{"aperture":"2.2","credit":"","camera":"iPhone 6s Plus","caption":"","created_timestamp":"1494926401","copyright":"","focal_length":"4.15","iso":"80","shutter_speed":"0.066666666666667","title":"","orientation":"1","keywords":[]}},"post":10207,"source_url":"https:\/\/institutosantosdumont.org.br\/wp-content\/uploads\/2017\/05\/2017-05-16-Arte-de-Nascer-amamenta\u00e7\u00e3o-Foto-Ariane-Mondo-Ascom-ISD_editada-5.jpg","_links":{"self":[{"href":"https:\/\/institutosantosdumont.org.br\/en\/wp-json\/wp\/v2\/media\/10879","targetHints":{"allow":["GET"]}}],"collection":[{"href":"https:\/\/institutosantosdumont.org.br\/en\/wp-json\/wp\/v2\/media"}],"about":[{"href":"https:\/\/institutosantosdumont.org.br\/en\/wp-json\/wp\/v2\/types\/attachment"}],"author":[{"embeddable":true,"href":"https:\/\/institutosantosdumont.org.br\/en\/wp-json\/wp\/v2\/users\/1"}],"replies":[{"embeddable":true,"href":"https:\/\/institutosantosdumont.org.br\/en\/wp-json\/wp\/v2\/comments?post=10879"}],"wp:attached-to":[{"embeddable":true,"post_type":"post","id":10207,"href":"https:\/\/institutosantosdumont.org.br\/en\/wp-json\/wp\/v2\/posts\/10207"}],"curies":[{"name":"wp","href":"https:\/\/api.w.org\/{rel}","templated":true}]}}

http://www.institutosantosdumont.org.br/wp-content/uploads/2017/05/2017-05-16-Arte-de-Nascer-amamentação-Foto-Ariane-Mondo-Ascom-ISD_editada-5.jpg

2017-05-16-Arte-de-Nascer-amamentação-Foto-Ariane-Mondo-Ascom-ISD_editada-5

<p class="attachment"><a href='https://institutosantosdumont.org.br/wp-content/uploads/2017/05/2017-05-16-Arte-de-Nascer-amamentação-Foto-Ariane-Mondo-Ascom-ISD_editada-5.jpg'><img fetchpriority="high" decoding="async" width="300" height="225" src="https://institutosantosdumont.org.br/wp-content/uploads/2017/05/2017-05-16-Arte-de-Nascer-amamentação-Foto-Ariane-Mondo-Ascom-ISD_editada-5-300x225.jpg" class="attachment-medium size-medium" alt="" srcset="https://institutosantosdumont.org.br/wp-content/uploads/2017/05/2017-05-16-Arte-de-Nascer-amamentação-Foto-Ariane-Mondo-Ascom-ISD_editada-5-300x225.jpg 300w, https://institutosantosdumont.org.br/wp-content/uploads/2017/05/2017-05-16-Arte-de-Nascer-amamentação-Foto-Ariane-Mondo-Ascom-ISD_editada-5-768x576.jpg 768w, https://institutosantosdumont.org.br/wp-content/uploads/2017/05/2017-05-16-Arte-de-Nascer-amamentação-Foto-Ariane-Mondo-Ascom-ISD_editada-5-1024x768.jpg 1024w, https://institutosantosdumont.org.br/wp-content/uploads/2017/05/2017-05-16-Arte-de-Nascer-amamentação-Foto-Ariane-Mondo-Ascom-ISD_editada-5.jpg 1300w" sizes="(max-width: 300px) 100vw, 300px" /></a></p>

2017/05/2017-05-16-Arte-de-Nascer-amamentação-Foto-Ariane-Mondo-Ascom-ISD_editada-5.jpg

2017-05-16-Arte-de-Nascer-amamentação-Foto-Ariane-Mondo-Ascom-ISD_editada-5-150x150.jpg

https://institutosantosdumont.org.br/wp-content/uploads/2017/05/2017-05-16-Arte-de-Nascer-amamentação-Foto-Ariane-Mondo-Ascom-ISD_editada-5-150x150.jpg

2017-05-16-Arte-de-Nascer-amamentação-Foto-Ariane-Mondo-Ascom-ISD_editada-5-300x225.jpg

https://institutosantosdumont.org.br/wp-content/uploads/2017/05/2017-05-16-Arte-de-Nascer-amamentação-Foto-Ariane-Mondo-Ascom-ISD_editada-5-300x225.jpg

2017-05-16-Arte-de-Nascer-amamentação-Foto-Ariane-Mondo-Ascom-ISD_editada-5-768x576.jpg

https://institutosantosdumont.org.br/wp-content/uploads/2017/05/2017-05-16-Arte-de-Nascer-amamentação-Foto-Ariane-Mondo-Ascom-ISD_editada-5-768x576.jpg

2017-05-16-Arte-de-Nascer-amamentação-Foto-Ariane-Mondo-Ascom-ISD_editada-5-1024x768.jpg

https://institutosantosdumont.org.br/wp-content/uploads/2017/05/2017-05-16-Arte-de-Nascer-amamentação-Foto-Ariane-Mondo-Ascom-ISD_editada-5-1024x768.jpg

2017-05-16-Arte-de-Nascer-amamentação-Foto-Ariane-Mondo-Ascom-ISD_editada-5.jpg

https://institutosantosdumont.org.br/wp-content/uploads/2017/05/2017-05-16-Arte-de-Nascer-amamentação-Foto-Ariane-Mondo-Ascom-ISD_editada-5.jpg
