{"id":11041,"date":"2017-08-05T13:14:11","date_gmt":"2017-08-05T16:14:11","guid":{"rendered":"http:\/\/www.institutosantosdumont.org.br\/wp-content\/uploads\/2017\/08\/formacao-tecnica.jpg"},"modified":"2017-08-05T13:15:13","modified_gmt":"2017-08-05T16:15:13","slug":"formacao-tecnica","status":"inherit","type":"attachment","link":"https:\/\/institutosantosdumont.org.br\/en\/unidades\/saude-anita-garibaldi\/formacao-tecnica\/","title":{"rendered":"CEPS \u2013 Technical and Scientific Training"},"author":6,"featured_media":0,"comment_status":"open","ping_status":"closed","template":"","meta":{"_acf_changed":false},"class_list":["post-11041","attachment","type-attachment","status-inherit","hentry"],"acf":[],"description":{"rendered":"<p class=\"attachment\"><a href='https:\/\/institutosantosdumont.org.br\/wp-content\/uploads\/2017\/08\/formacao-tecnica.jpg'><img fetchpriority=\"high\" decoding=\"async\" width=\"250\" height=\"300\" src=\"https:\/\/institutosantosdumont.org.br\/wp-content\/uploads\/2017\/08\/formacao-tecnica-250x300.jpg\" class=\"attachment-medium size-medium\" alt=\"Forma\u00e7\u00e3o t\u00e9cnico-cient\u00edfica no CEPS\" srcset=\"https:\/\/institutosantosdumont.org.br\/wp-content\/uploads\/2017\/08\/formacao-tecnica-250x300.jpg 250w, https:\/\/institutosantosdumont.org.br\/wp-content\/uploads\/2017\/08\/formacao-tecnica.jpg 600w\" sizes=\"(max-width: 250px) 100vw, 250px\" \/><\/a><\/p>\n"},"caption":{"rendered":""},"alt_text":"Forma\u00e7\u00e3o t\u00e9cnico-cient\u00edfica no CEPS","media_type":"image","mime_type":"image\/jpeg","media_details":{"width":600,"height":720,"file":"2017\/08\/formacao-tecnica.jpg","sizes":{"thumbnail":{"file":"formacao-tecnica-150x150.jpg","width":150,"height":150,"mime_type":"image\/jpeg","source_url":"https:\/\/institutosantosdumont.org.br\/wp-content\/uploads\/2017\/08\/formacao-tecnica-150x150.jpg"},"medium":{"file":"formacao-tecnica-250x300.jpg","width":250,"height":300,"mime_type":"image\/jpeg","source_url":"https:\/\/institutosantosdumont.org.br\/wp-content\/uploads\/2017\/08\/formacao-tecnica-250x300.jpg"},"full":{"file":"formacao-tecnica.jpg","width":600,"height":720,"mime_type":"image\/jpeg","source_url":"https:\/\/institutosantosdumont.org.br\/wp-content\/uploads\/2017\/08\/formacao-tecnica.jpg"}},"image_meta":{"aperture":"0","credit":"","camera":"","caption":"","created_timestamp":"0","copyright":"","focal_length":"0","iso":"0","shutter_speed":"0","title":"","orientation":"0","keywords":[]}},"post":11029,"source_url":"https:\/\/institutosantosdumont.org.br\/wp-content\/uploads\/2017\/08\/formacao-tecnica.jpg","_links":{"self":[{"href":"https:\/\/institutosantosdumont.org.br\/en\/wp-json\/wp\/v2\/media\/11041","targetHints":{"allow":["GET"]}}],"collection":[{"href":"https:\/\/institutosantosdumont.org.br\/en\/wp-json\/wp\/v2\/media"}],"about":[{"href":"https:\/\/institutosantosdumont.org.br\/en\/wp-json\/wp\/v2\/types\/attachment"}],"author":[{"embeddable":true,"href":"https:\/\/institutosantosdumont.org.br\/en\/wp-json\/wp\/v2\/users\/6"}],"replies":[{"embeddable":true,"href":"https:\/\/institutosantosdumont.org.br\/en\/wp-json\/wp\/v2\/comments?post=11041"}],"wp:attached-to":[{"embeddable":true,"post_type":"page","id":11029,"href":"https:\/\/institutosantosdumont.org.br\/en\/wp-json\/wp\/v2\/pages\/11029"}],"curies":[{"name":"wp","href":"https:\/\/api.w.org\/{rel}","templated":true}]}}

<p class="attachment"><a href='https://institutosantosdumont.org.br/wp-content/uploads/2017/08/formacao-tecnica.jpg'><img fetchpriority="high" decoding="async" width="250" height="300" src="https://institutosantosdumont.org.br/wp-content/uploads/2017/08/formacao-tecnica-250x300.jpg" class="attachment-medium size-medium" alt="Formação técnico-científica no CEPS" srcset="https://institutosantosdumont.org.br/wp-content/uploads/2017/08/formacao-tecnica-250x300.jpg 250w, https://institutosantosdumont.org.br/wp-content/uploads/2017/08/formacao-tecnica.jpg 600w" sizes="(max-width: 250px) 100vw, 250px" /></a></p>

Formação técnico-científica no CEPS
