{"id":11443,"date":"2017-08-24T15:54:39","date_gmt":"2017-08-24T18:54:39","guid":{"rendered":"http:\/\/www.institutosantosdumont.org.br\/wp-content\/uploads\/2017\/08\/2016-10-08-Capoeiras-Merc\u00eas-UFRN-Cr\u00e9d-Ariane-Mondo-ISD-12_editada.jpg"},"modified":"2017-08-24T15:54:39","modified_gmt":"2017-08-24T18:54:39","slug":"2016-10-08-capoeiras-merces-ufrn-cred-ariane-mondo-isd-12_editada","status":"inherit","type":"attachment","link":"https:\/\/institutosantosdumont.org.br\/en\/extensao\/barriguda-comunidade-quilombola\/2016-10-08-capoeiras-merces-ufrn-cred-ariane-mondo-isd-12_editada\/","title":{"rendered":"2016-10-08 Capoeiras Merc\u00eas UFRN \u2013 Credit Ariane Mondo (ISD) (12)_edited"},"author":6,"featured_media":0,"comment_status":"open","ping_status":"closed","template":"","meta":{"_acf_changed":false},"class_list":["post-11443","attachment","type-attachment","status-inherit","hentry"],"acf":[],"description":{"rendered":"<p class=\"attachment\"><a href='https:\/\/institutosantosdumont.org.br\/wp-content\/uploads\/2017\/08\/2016-10-08-Capoeiras-Merc\u00eas-UFRN-Cr\u00e9d-Ariane-Mondo-ISD-12_editada.jpg'><img fetchpriority=\"high\" decoding=\"async\" width=\"300\" height=\"200\" src=\"https:\/\/institutosantosdumont.org.br\/wp-content\/uploads\/2017\/08\/2016-10-08-Capoeiras-Merc\u00eas-UFRN-Cr\u00e9d-Ariane-Mondo-ISD-12_editada-300x200.jpg\" class=\"attachment-medium size-medium\" alt=\"\" srcset=\"https:\/\/institutosantosdumont.org.br\/wp-content\/uploads\/2017\/08\/2016-10-08-Capoeiras-Merc\u00eas-UFRN-Cr\u00e9d-Ariane-Mondo-ISD-12_editada-300x200.jpg 300w, https:\/\/institutosantosdumont.org.br\/wp-content\/uploads\/2017\/08\/2016-10-08-Capoeiras-Merc\u00eas-UFRN-Cr\u00e9d-Ariane-Mondo-ISD-12_editada-768x512.jpg 768w, https:\/\/institutosantosdumont.org.br\/wp-content\/uploads\/2017\/08\/2016-10-08-Capoeiras-Merc\u00eas-UFRN-Cr\u00e9d-Ariane-Mondo-ISD-12_editada-1024x683.jpg 1024w, https:\/\/institutosantosdumont.org.br\/wp-content\/uploads\/2017\/08\/2016-10-08-Capoeiras-Merc\u00eas-UFRN-Cr\u00e9d-Ariane-Mondo-ISD-12_editada.jpg 1300w\" sizes=\"(max-width: 300px) 100vw, 300px\" \/><\/a><\/p>\n"},"caption":{"rendered":""},"alt_text":"","media_type":"image","mime_type":"image\/jpeg","media_details":{"width":1300,"height":867,"file":"2017\/08\/2016-10-08-Capoeiras-Merc\u00eas-UFRN-Cr\u00e9d-Ariane-Mondo-ISD-12_editada.jpg","sizes":{"thumbnail":{"file":"2016-10-08-Capoeiras-Merc\u00eas-UFRN-Cr\u00e9d-Ariane-Mondo-ISD-12_editada-150x150.jpg","width":150,"height":150,"mime_type":"image\/jpeg","source_url":"https:\/\/institutosantosdumont.org.br\/wp-content\/uploads\/2017\/08\/2016-10-08-Capoeiras-Merc\u00eas-UFRN-Cr\u00e9d-Ariane-Mondo-ISD-12_editada-150x150.jpg"},"medium":{"file":"2016-10-08-Capoeiras-Merc\u00eas-UFRN-Cr\u00e9d-Ariane-Mondo-ISD-12_editada-300x200.jpg","width":300,"height":200,"mime_type":"image\/jpeg","source_url":"https:\/\/institutosantosdumont.org.br\/wp-content\/uploads\/2017\/08\/2016-10-08-Capoeiras-Merc\u00eas-UFRN-Cr\u00e9d-Ariane-Mondo-ISD-12_editada-300x200.jpg"},"medium_large":{"file":"2016-10-08-Capoeiras-Merc\u00eas-UFRN-Cr\u00e9d-Ariane-Mondo-ISD-12_editada-768x512.jpg","width":768,"height":512,"mime_type":"image\/jpeg","source_url":"https:\/\/institutosantosdumont.org.br\/wp-content\/uploads\/2017\/08\/2016-10-08-Capoeiras-Merc\u00eas-UFRN-Cr\u00e9d-Ariane-Mondo-ISD-12_editada-768x512.jpg"},"large":{"file":"2016-10-08-Capoeiras-Merc\u00eas-UFRN-Cr\u00e9d-Ariane-Mondo-ISD-12_editada-1024x683.jpg","width":1024,"height":683,"mime_type":"image\/jpeg","source_url":"https:\/\/institutosantosdumont.org.br\/wp-content\/uploads\/2017\/08\/2016-10-08-Capoeiras-Merc\u00eas-UFRN-Cr\u00e9d-Ariane-Mondo-ISD-12_editada-1024x683.jpg"},"full":{"file":"2016-10-08-Capoeiras-Merc\u00eas-UFRN-Cr\u00e9d-Ariane-Mondo-ISD-12_editada.jpg","width":1300,"height":867,"mime_type":"image\/jpeg","source_url":"https:\/\/institutosantosdumont.org.br\/wp-content\/uploads\/2017\/08\/2016-10-08-Capoeiras-Merc\u00eas-UFRN-Cr\u00e9d-Ariane-Mondo-ISD-12_editada.jpg"}},"image_meta":{"aperture":"4.5","credit":"","camera":"Canon EOS 60D","caption":"","created_timestamp":"1475923542","copyright":"","focal_length":"17","iso":"200","shutter_speed":"0.033333333333333","title":"","orientation":"1","keywords":[]}},"post":11261,"source_url":"https:\/\/institutosantosdumont.org.br\/wp-content\/uploads\/2017\/08\/2016-10-08-Capoeiras-Merc\u00eas-UFRN-Cr\u00e9d-Ariane-Mondo-ISD-12_editada.jpg","_links":{"self":[{"href":"https:\/\/institutosantosdumont.org.br\/en\/wp-json\/wp\/v2\/media\/11443","targetHints":{"allow":["GET"]}}],"collection":[{"href":"https:\/\/institutosantosdumont.org.br\/en\/wp-json\/wp\/v2\/media"}],"about":[{"href":"https:\/\/institutosantosdumont.org.br\/en\/wp-json\/wp\/v2\/types\/attachment"}],"author":[{"embeddable":true,"href":"https:\/\/institutosantosdumont.org.br\/en\/wp-json\/wp\/v2\/users\/6"}],"replies":[{"embeddable":true,"href":"https:\/\/institutosantosdumont.org.br\/en\/wp-json\/wp\/v2\/comments?post=11443"}],"wp:attached-to":[{"embeddable":true,"post_type":"page","id":11261,"href":"https:\/\/institutosantosdumont.org.br\/en\/wp-json\/wp\/v2\/pages\/11261"}],"curies":[{"name":"wp","href":"https:\/\/api.w.org\/{rel}","templated":true}]}}

http://www.institutosantosdumont.org.br/wp-content/uploads/2017/08/2016-10-08-Capoeiras-Mercês-UFRN-Créd-Ariane-Mondo-ISD-12_editada.jpg

2016-10-08 Capoeiras Mercês UFRN – Credit Ariane Mondo (ISD) (12)_edited

<p class="attachment"><a href='https://institutosantosdumont.org.br/wp-content/uploads/2017/08/2016-10-08-Capoeiras-Mercês-UFRN-Créd-Ariane-Mondo-ISD-12_editada.jpg'><img fetchpriority="high" decoding="async" width="300" height="200" src="https://institutosantosdumont.org.br/wp-content/uploads/2017/08/2016-10-08-Capoeiras-Mercês-UFRN-Créd-Ariane-Mondo-ISD-12_editada-300x200.jpg" class="attachment-medium size-medium" alt="" srcset="https://institutosantosdumont.org.br/wp-content/uploads/2017/08/2016-10-08-Capoeiras-Mercês-UFRN-Créd-Ariane-Mondo-ISD-12_editada-300x200.jpg 300w, https://institutosantosdumont.org.br/wp-content/uploads/2017/08/2016-10-08-Capoeiras-Mercês-UFRN-Créd-Ariane-Mondo-ISD-12_editada-768x512.jpg 768w, https://institutosantosdumont.org.br/wp-content/uploads/2017/08/2016-10-08-Capoeiras-Mercês-UFRN-Créd-Ariane-Mondo-ISD-12_editada-1024x683.jpg 1024w, https://institutosantosdumont.org.br/wp-content/uploads/2017/08/2016-10-08-Capoeiras-Mercês-UFRN-Créd-Ariane-Mondo-ISD-12_editada.jpg 1300w" sizes="(max-width: 300px) 100vw, 300px" /></a></p>

2017/08/2016-10-08-Capoeiras-Mercês-UFRN-Créd-Ariane-Mondo-ISD-12_editada.jpg

2016-10-08-Capoeiras-Mercês-UFRN-Créd-Ariane-Mondo-ISD-12_editada-150x150.jpg

https://institutosantosdumont.org.br/wp-content/uploads/2017/08/2016-10-08-Capoeiras-Mercês-UFRN-Créd-Ariane-Mondo-ISD-12_editada-150x150.jpg

2016-10-08-Capoeiras-Mercês-UFRN-Créd-Ariane-Mondo-ISD-12_editada-300x200.jpg

https://institutosantosdumont.org.br/wp-content/uploads/2017/08/2016-10-08-Capoeiras-Mercês-UFRN-Créd-Ariane-Mondo-ISD-12_editada-300x200.jpg

2016-10-08-Capoeiras-Mercês-UFRN-Créd-Ariane-Mondo-ISD-12_editada-768x512.jpg

https://institutosantosdumont.org.br/wp-content/uploads/2017/08/2016-10-08-Capoeiras-Mercês-UFRN-Créd-Ariane-Mondo-ISD-12_editada-768x512.jpg

2016-10-08-Capoeiras-Mercês-UFRN-Créd-Ariane-Mondo-ISD-12_editada-1024x683.jpg

https://institutosantosdumont.org.br/wp-content/uploads/2017/08/2016-10-08-Capoeiras-Mercês-UFRN-Créd-Ariane-Mondo-ISD-12_editada-1024x683.jpg

2016-10-08-Capoeiras-Mercês-UFRN-Créd-Ariane-Mondo-ISD-12_editada.jpg

https://institutosantosdumont.org.br/wp-content/uploads/2017/08/2016-10-08-Capoeiras-Mercês-UFRN-Créd-Ariane-Mondo-ISD-12_editada.jpg
