{"id":18295,"date":"2020-03-30T23:05:34","date_gmt":"2020-03-31T02:05:34","guid":{"rendered":"http:\/\/www.institutosantosdumont.org.br\/wp-content\/uploads\/2020\/03\/M\u00e1scaras-escudo-devem-ser-usadas-junto-com-touca-\u00f3culos-de-prote\u00e7\u00e3o-e-m\u00e1scaras-descart\u00e1veis-1.jpg"},"modified":"2020-03-30T23:05:34","modified_gmt":"2020-03-31T02:05:34","slug":"mascaras-escudo-devem-ser-usadas-junto-com-touca-oculos-de-protecao-e-mascaras-descartaveis-2","status":"inherit","type":"attachment","link":"https:\/\/institutosantosdumont.org.br\/en\/mascaras-escudo-devem-ser-usadas-junto-com-touca-oculos-de-protecao-e-mascaras-descartaveis-2\/","title":{"rendered":"Face shields must be used together with a cap, protective glasses and disposable masks."},"author":10,"featured_media":0,"comment_status":"open","ping_status":"closed","template":"","meta":{"_acf_changed":false},"class_list":["post-18295","attachment","type-attachment","status-inherit","hentry"],"acf":[],"description":{"rendered":"<p class=\"attachment\"><a href='https:\/\/institutosantosdumont.org.br\/wp-content\/uploads\/2020\/03\/M\u00e1scaras-escudo-devem-ser-usadas-junto-com-touca-\u00f3culos-de-prote\u00e7\u00e3o-e-m\u00e1scaras-descart\u00e1veis-1.jpg'><img fetchpriority=\"high\" decoding=\"async\" width=\"256\" height=\"300\" src=\"https:\/\/institutosantosdumont.org.br\/wp-content\/uploads\/2020\/03\/M\u00e1scaras-escudo-devem-ser-usadas-junto-com-touca-\u00f3culos-de-prote\u00e7\u00e3o-e-m\u00e1scaras-descart\u00e1veis-1-256x300.jpg\" class=\"attachment-medium size-medium\" alt=\"\" srcset=\"https:\/\/institutosantosdumont.org.br\/wp-content\/uploads\/2020\/03\/M\u00e1scaras-escudo-devem-ser-usadas-junto-com-touca-\u00f3culos-de-prote\u00e7\u00e3o-e-m\u00e1scaras-descart\u00e1veis-1-256x300.jpg 256w, https:\/\/institutosantosdumont.org.br\/wp-content\/uploads\/2020\/03\/M\u00e1scaras-escudo-devem-ser-usadas-junto-com-touca-\u00f3culos-de-prote\u00e7\u00e3o-e-m\u00e1scaras-descart\u00e1veis-1.jpg 530w\" sizes=\"(max-width: 256px) 100vw, 256px\" \/><\/a><\/p>\n"},"caption":{"rendered":""},"alt_text":"","media_type":"image","mime_type":"image\/jpeg","media_details":{"width":530,"height":620,"file":"2020\/03\/M\u00e1scaras-escudo-devem-ser-usadas-junto-com-touca-\u00f3culos-de-prote\u00e7\u00e3o-e-m\u00e1scaras-descart\u00e1veis-1.jpg","sizes":{"thumbnail":{"file":"M\u00e1scaras-escudo-devem-ser-usadas-junto-com-touca-\u00f3culos-de-prote\u00e7\u00e3o-e-m\u00e1scaras-descart\u00e1veis-1-150x150.jpg","width":150,"height":150,"mime_type":"image\/jpeg","source_url":"https:\/\/institutosantosdumont.org.br\/wp-content\/uploads\/2020\/03\/M\u00e1scaras-escudo-devem-ser-usadas-junto-com-touca-\u00f3culos-de-prote\u00e7\u00e3o-e-m\u00e1scaras-descart\u00e1veis-1-150x150.jpg"},"medium":{"file":"M\u00e1scaras-escudo-devem-ser-usadas-junto-com-touca-\u00f3culos-de-prote\u00e7\u00e3o-e-m\u00e1scaras-descart\u00e1veis-1-256x300.jpg","width":256,"height":300,"mime_type":"image\/jpeg","source_url":"https:\/\/institutosantosdumont.org.br\/wp-content\/uploads\/2020\/03\/M\u00e1scaras-escudo-devem-ser-usadas-junto-com-touca-\u00f3culos-de-prote\u00e7\u00e3o-e-m\u00e1scaras-descart\u00e1veis-1-256x300.jpg"},"full":{"file":"M\u00e1scaras-escudo-devem-ser-usadas-junto-com-touca-\u00f3culos-de-prote\u00e7\u00e3o-e-m\u00e1scaras-descart\u00e1veis-1.jpg","width":530,"height":620,"mime_type":"image\/jpeg","source_url":"https:\/\/institutosantosdumont.org.br\/wp-content\/uploads\/2020\/03\/M\u00e1scaras-escudo-devem-ser-usadas-junto-com-touca-\u00f3culos-de-prote\u00e7\u00e3o-e-m\u00e1scaras-descart\u00e1veis-1.jpg"}},"image_meta":{"aperture":"0","credit":"","camera":"","caption":"","created_timestamp":"0","copyright":"","focal_length":"0","iso":"0","shutter_speed":"0","title":"","orientation":"0","keywords":[]}},"post":null,"source_url":"https:\/\/institutosantosdumont.org.br\/wp-content\/uploads\/2020\/03\/M\u00e1scaras-escudo-devem-ser-usadas-junto-com-touca-\u00f3culos-de-prote\u00e7\u00e3o-e-m\u00e1scaras-descart\u00e1veis-1.jpg","_links":{"self":[{"href":"https:\/\/institutosantosdumont.org.br\/en\/wp-json\/wp\/v2\/media\/18295","targetHints":{"allow":["GET"]}}],"collection":[{"href":"https:\/\/institutosantosdumont.org.br\/en\/wp-json\/wp\/v2\/media"}],"about":[{"href":"https:\/\/institutosantosdumont.org.br\/en\/wp-json\/wp\/v2\/types\/attachment"}],"author":[{"embeddable":true,"href":"https:\/\/institutosantosdumont.org.br\/en\/wp-json\/wp\/v2\/users\/10"}],"replies":[{"embeddable":true,"href":"https:\/\/institutosantosdumont.org.br\/en\/wp-json\/wp\/v2\/comments?post=18295"}]}}

http://www.institutosantosdumont.org.br/wp-content/uploads/2020/03/Máscaras-escudo-devem-ser-usadas-junto-com-touca-óculos-de-proteção-e-máscaras-descartáveis-1.jpg

<p class="attachment"><a href='https://institutosantosdumont.org.br/wp-content/uploads/2020/03/Máscaras-escudo-devem-ser-usadas-junto-com-touca-óculos-de-proteção-e-máscaras-descartáveis-1.jpg'><img fetchpriority="high" decoding="async" width="256" height="300" src="https://institutosantosdumont.org.br/wp-content/uploads/2020/03/Máscaras-escudo-devem-ser-usadas-junto-com-touca-óculos-de-proteção-e-máscaras-descartáveis-1-256x300.jpg" class="attachment-medium size-medium" alt="" srcset="https://institutosantosdumont.org.br/wp-content/uploads/2020/03/Máscaras-escudo-devem-ser-usadas-junto-com-touca-óculos-de-proteção-e-máscaras-descartáveis-1-256x300.jpg 256w, https://institutosantosdumont.org.br/wp-content/uploads/2020/03/Máscaras-escudo-devem-ser-usadas-junto-com-touca-óculos-de-proteção-e-máscaras-descartáveis-1.jpg 530w" sizes="(max-width: 256px) 100vw, 256px" /></a></p>

2020/03/Máscaras-escudo-devem-ser-usadas-junto-com-touca-óculos-de-proteção-e-máscaras-descartáveis-1.jpg

Máscaras-escudo-devem-ser-usadas-junto-com-touca-óculos-de-proteção-e-máscaras-descartáveis-1-150x150.jpg

https://institutosantosdumont.org.br/wp-content/uploads/2020/03/Máscaras-escudo-devem-ser-usadas-junto-com-touca-óculos-de-proteção-e-máscaras-descartáveis-1-150x150.jpg

Máscaras-escudo-devem-ser-usadas-junto-com-touca-óculos-de-proteção-e-máscaras-descartáveis-1-256x300.jpg

https://institutosantosdumont.org.br/wp-content/uploads/2020/03/Máscaras-escudo-devem-ser-usadas-junto-com-touca-óculos-de-proteção-e-máscaras-descartáveis-1-256x300.jpg

Máscaras-escudo-devem-ser-usadas-junto-com-touca-óculos-de-proteção-e-máscaras-descartáveis-1.jpg

https://institutosantosdumont.org.br/wp-content/uploads/2020/03/Máscaras-escudo-devem-ser-usadas-junto-com-touca-óculos-de-proteção-e-máscaras-descartáveis-1.jpg
