{"id":18778,"date":"2020-05-11T13:09:36","date_gmt":"2020-05-11T16:09:36","guid":{"rendered":"http:\/\/www.institutosantosdumont.org.br\/wp-content\/uploads\/2020\/05\/Capa-reportagem-da-TN-destaca-ISD-entre-institui\u00e7\u00f5es-com-a\u00e7\u00f5es-solid\u00e1rias-na-pandemia.jpg"},"modified":"2020-05-11T13:09:36","modified_gmt":"2020-05-11T16:09:36","slug":"capa-reportagem-da-tn-destaca-isd-entre-instituicoes-com-acoes-solidarias-na-pandemia","status":"inherit","type":"attachment","link":"https:\/\/institutosantosdumont.org.br\/en\/coronavirus-tribuna-do-norte-destaca-doacao-de-mascaras-do-isd-entre-historias-de-solidariedade\/capa-reportagem-da-tn-destaca-isd-entre-instituicoes-com-acoes-solidarias-na-pandemia\/","title":{"rendered":"Capa &#8211; reportagem da TN destaca ISD entre institui\u00e7\u00f5es com a\u00e7\u00f5es solid\u00e1rias na pandemia"},"author":10,"featured_media":0,"comment_status":"open","ping_status":"closed","template":"","meta":{"_acf_changed":false},"class_list":["post-18778","attachment","type-attachment","status-inherit","hentry"],"acf":[],"description":{"rendered":"<p class=\"attachment\"><a href='https:\/\/institutosantosdumont.org.br\/wp-content\/uploads\/2020\/05\/Capa-reportagem-da-TN-destaca-ISD-entre-institui\u00e7\u00f5es-com-a\u00e7\u00f5es-solid\u00e1rias-na-pandemia.jpg'><img fetchpriority=\"high\" decoding=\"async\" width=\"300\" height=\"169\" src=\"https:\/\/institutosantosdumont.org.br\/wp-content\/uploads\/2020\/05\/Capa-reportagem-da-TN-destaca-ISD-entre-institui\u00e7\u00f5es-com-a\u00e7\u00f5es-solid\u00e1rias-na-pandemia-300x169.jpg\" class=\"attachment-medium size-medium\" alt=\"\" srcset=\"https:\/\/institutosantosdumont.org.br\/wp-content\/uploads\/2020\/05\/Capa-reportagem-da-TN-destaca-ISD-entre-institui\u00e7\u00f5es-com-a\u00e7\u00f5es-solid\u00e1rias-na-pandemia-300x169.jpg 300w, https:\/\/institutosantosdumont.org.br\/wp-content\/uploads\/2020\/05\/Capa-reportagem-da-TN-destaca-ISD-entre-institui\u00e7\u00f5es-com-a\u00e7\u00f5es-solid\u00e1rias-na-pandemia-768x432.jpg 768w, https:\/\/institutosantosdumont.org.br\/wp-content\/uploads\/2020\/05\/Capa-reportagem-da-TN-destaca-ISD-entre-institui\u00e7\u00f5es-com-a\u00e7\u00f5es-solid\u00e1rias-na-pandemia-1024x576.jpg 1024w, https:\/\/institutosantosdumont.org.br\/wp-content\/uploads\/2020\/05\/Capa-reportagem-da-TN-destaca-ISD-entre-institui\u00e7\u00f5es-com-a\u00e7\u00f5es-solid\u00e1rias-na-pandemia.jpg 1200w\" sizes=\"(max-width: 300px) 100vw, 300px\" \/><\/a><\/p>\n"},"caption":{"rendered":""},"alt_text":"","media_type":"image","mime_type":"image\/jpeg","media_details":{"width":1200,"height":675,"file":"2020\/05\/Capa-reportagem-da-TN-destaca-ISD-entre-institui\u00e7\u00f5es-com-a\u00e7\u00f5es-solid\u00e1rias-na-pandemia.jpg","sizes":{"thumbnail":{"file":"Capa-reportagem-da-TN-destaca-ISD-entre-institui\u00e7\u00f5es-com-a\u00e7\u00f5es-solid\u00e1rias-na-pandemia-150x150.jpg","width":150,"height":150,"mime_type":"image\/jpeg","source_url":"https:\/\/institutosantosdumont.org.br\/wp-content\/uploads\/2020\/05\/Capa-reportagem-da-TN-destaca-ISD-entre-institui\u00e7\u00f5es-com-a\u00e7\u00f5es-solid\u00e1rias-na-pandemia-150x150.jpg"},"medium":{"file":"Capa-reportagem-da-TN-destaca-ISD-entre-institui\u00e7\u00f5es-com-a\u00e7\u00f5es-solid\u00e1rias-na-pandemia-300x169.jpg","width":300,"height":169,"mime_type":"image\/jpeg","source_url":"https:\/\/institutosantosdumont.org.br\/wp-content\/uploads\/2020\/05\/Capa-reportagem-da-TN-destaca-ISD-entre-institui\u00e7\u00f5es-com-a\u00e7\u00f5es-solid\u00e1rias-na-pandemia-300x169.jpg"},"medium_large":{"file":"Capa-reportagem-da-TN-destaca-ISD-entre-institui\u00e7\u00f5es-com-a\u00e7\u00f5es-solid\u00e1rias-na-pandemia-768x432.jpg","width":768,"height":432,"mime_type":"image\/jpeg","source_url":"https:\/\/institutosantosdumont.org.br\/wp-content\/uploads\/2020\/05\/Capa-reportagem-da-TN-destaca-ISD-entre-institui\u00e7\u00f5es-com-a\u00e7\u00f5es-solid\u00e1rias-na-pandemia-768x432.jpg"},"large":{"file":"Capa-reportagem-da-TN-destaca-ISD-entre-institui\u00e7\u00f5es-com-a\u00e7\u00f5es-solid\u00e1rias-na-pandemia-1024x576.jpg","width":1024,"height":576,"mime_type":"image\/jpeg","source_url":"https:\/\/institutosantosdumont.org.br\/wp-content\/uploads\/2020\/05\/Capa-reportagem-da-TN-destaca-ISD-entre-institui\u00e7\u00f5es-com-a\u00e7\u00f5es-solid\u00e1rias-na-pandemia-1024x576.jpg"},"full":{"file":"Capa-reportagem-da-TN-destaca-ISD-entre-institui\u00e7\u00f5es-com-a\u00e7\u00f5es-solid\u00e1rias-na-pandemia.jpg","width":1200,"height":675,"mime_type":"image\/jpeg","source_url":"https:\/\/institutosantosdumont.org.br\/wp-content\/uploads\/2020\/05\/Capa-reportagem-da-TN-destaca-ISD-entre-institui\u00e7\u00f5es-com-a\u00e7\u00f5es-solid\u00e1rias-na-pandemia.jpg"}},"image_meta":{"aperture":"0","credit":"","camera":"","caption":"","created_timestamp":"0","copyright":"","focal_length":"0","iso":"0","shutter_speed":"0","title":"","orientation":"1","keywords":[]}},"post":18761,"source_url":"https:\/\/institutosantosdumont.org.br\/wp-content\/uploads\/2020\/05\/Capa-reportagem-da-TN-destaca-ISD-entre-institui\u00e7\u00f5es-com-a\u00e7\u00f5es-solid\u00e1rias-na-pandemia.jpg","_links":{"self":[{"href":"https:\/\/institutosantosdumont.org.br\/en\/wp-json\/wp\/v2\/media\/18778","targetHints":{"allow":["GET"]}}],"collection":[{"href":"https:\/\/institutosantosdumont.org.br\/en\/wp-json\/wp\/v2\/media"}],"about":[{"href":"https:\/\/institutosantosdumont.org.br\/en\/wp-json\/wp\/v2\/types\/attachment"}],"author":[{"embeddable":true,"href":"https:\/\/institutosantosdumont.org.br\/en\/wp-json\/wp\/v2\/users\/10"}],"replies":[{"embeddable":true,"href":"https:\/\/institutosantosdumont.org.br\/en\/wp-json\/wp\/v2\/comments?post=18778"}],"wp:attached-to":[{"embeddable":true,"post_type":"post","id":18761,"href":"https:\/\/institutosantosdumont.org.br\/en\/wp-json\/wp\/v2\/posts\/18761"}],"curies":[{"name":"wp","href":"https:\/\/api.w.org\/{rel}","templated":true}]}}

http://www.institutosantosdumont.org.br/wp-content/uploads/2020/05/Capa-reportagem-da-TN-destaca-ISD-entre-instituições-com-ações-solidárias-na-pandemia.jpg

Capa &#8211; reportagem da TN destaca ISD entre instituições com ações solidárias na pandemia

<p class="attachment"><a href='https://institutosantosdumont.org.br/wp-content/uploads/2020/05/Capa-reportagem-da-TN-destaca-ISD-entre-instituições-com-ações-solidárias-na-pandemia.jpg'><img fetchpriority="high" decoding="async" width="300" height="169" src="https://institutosantosdumont.org.br/wp-content/uploads/2020/05/Capa-reportagem-da-TN-destaca-ISD-entre-instituições-com-ações-solidárias-na-pandemia-300x169.jpg" class="attachment-medium size-medium" alt="" srcset="https://institutosantosdumont.org.br/wp-content/uploads/2020/05/Capa-reportagem-da-TN-destaca-ISD-entre-instituições-com-ações-solidárias-na-pandemia-300x169.jpg 300w, https://institutosantosdumont.org.br/wp-content/uploads/2020/05/Capa-reportagem-da-TN-destaca-ISD-entre-instituições-com-ações-solidárias-na-pandemia-768x432.jpg 768w, https://institutosantosdumont.org.br/wp-content/uploads/2020/05/Capa-reportagem-da-TN-destaca-ISD-entre-instituições-com-ações-solidárias-na-pandemia-1024x576.jpg 1024w, https://institutosantosdumont.org.br/wp-content/uploads/2020/05/Capa-reportagem-da-TN-destaca-ISD-entre-instituições-com-ações-solidárias-na-pandemia.jpg 1200w" sizes="(max-width: 300px) 100vw, 300px" /></a></p>

2020/05/Capa-reportagem-da-TN-destaca-ISD-entre-instituições-com-ações-solidárias-na-pandemia.jpg

Capa-reportagem-da-TN-destaca-ISD-entre-instituições-com-ações-solidárias-na-pandemia-150x150.jpg

https://institutosantosdumont.org.br/wp-content/uploads/2020/05/Capa-reportagem-da-TN-destaca-ISD-entre-instituições-com-ações-solidárias-na-pandemia-150x150.jpg

Capa-reportagem-da-TN-destaca-ISD-entre-instituições-com-ações-solidárias-na-pandemia-300x169.jpg

https://institutosantosdumont.org.br/wp-content/uploads/2020/05/Capa-reportagem-da-TN-destaca-ISD-entre-instituições-com-ações-solidárias-na-pandemia-300x169.jpg

Capa-reportagem-da-TN-destaca-ISD-entre-instituições-com-ações-solidárias-na-pandemia-768x432.jpg

https://institutosantosdumont.org.br/wp-content/uploads/2020/05/Capa-reportagem-da-TN-destaca-ISD-entre-instituições-com-ações-solidárias-na-pandemia-768x432.jpg

Capa-reportagem-da-TN-destaca-ISD-entre-instituições-com-ações-solidárias-na-pandemia-1024x576.jpg

https://institutosantosdumont.org.br/wp-content/uploads/2020/05/Capa-reportagem-da-TN-destaca-ISD-entre-instituições-com-ações-solidárias-na-pandemia-1024x576.jpg

Capa-reportagem-da-TN-destaca-ISD-entre-instituições-com-ações-solidárias-na-pandemia.jpg

https://institutosantosdumont.org.br/wp-content/uploads/2020/05/Capa-reportagem-da-TN-destaca-ISD-entre-instituições-com-ações-solidárias-na-pandemia.jpg
