{"id":19038,"date":"2020-05-19T20:17:38","date_gmt":"2020-05-19T23:17:38","guid":{"rendered":"http:\/\/www.institutosantosdumont.org.br\/wp-content\/uploads\/2020\/05\/O-Centro-de-Educa\u00e7\u00e3o-e-Pesquisa-em-Sa\u00fade-Anita-Garibaldi-do-ISD-atende-crian\u00e7as-com-autismo-desde-2017.jpg"},"modified":"2020-05-19T20:17:52","modified_gmt":"2020-05-19T23:17:52","slug":"o-centro-de-educacao-e-pesquisa-em-saude-anita-garibaldi-do-isd-atende-criancas-com-autismo-desde-2017","status":"inherit","type":"attachment","link":"https:\/\/institutosantosdumont.org.br\/en\/covid-19-e-autismo-cartilha-traz-brincadeiras-e-dicas-para-quarentena\/o-centro-de-educacao-e-pesquisa-em-saude-anita-garibaldi-do-isd-atende-criancas-com-autismo-desde-2017\/","title":{"rendered":"The ISD&#039;s Anita Garibaldi Health Education and Research Center has been serving children with autism since 2017"},"author":10,"featured_media":0,"comment_status":"open","ping_status":"closed","template":"","meta":{"_acf_changed":false},"class_list":["post-19038","attachment","type-attachment","status-inherit","hentry"],"acf":[],"description":{"rendered":"<p class=\"attachment\"><a href='https:\/\/institutosantosdumont.org.br\/wp-content\/uploads\/2020\/05\/O-Centro-de-Educa\u00e7\u00e3o-e-Pesquisa-em-Sa\u00fade-Anita-Garibaldi-do-ISD-atende-crian\u00e7as-com-autismo-desde-2017.jpg'><img fetchpriority=\"high\" decoding=\"async\" width=\"300\" height=\"169\" src=\"https:\/\/institutosantosdumont.org.br\/wp-content\/uploads\/2020\/05\/O-Centro-de-Educa\u00e7\u00e3o-e-Pesquisa-em-Sa\u00fade-Anita-Garibaldi-do-ISD-atende-crian\u00e7as-com-autismo-desde-2017-300x169.jpg\" class=\"attachment-medium size-medium\" alt=\"\" srcset=\"https:\/\/institutosantosdumont.org.br\/wp-content\/uploads\/2020\/05\/O-Centro-de-Educa\u00e7\u00e3o-e-Pesquisa-em-Sa\u00fade-Anita-Garibaldi-do-ISD-atende-crian\u00e7as-com-autismo-desde-2017-300x169.jpg 300w, https:\/\/institutosantosdumont.org.br\/wp-content\/uploads\/2020\/05\/O-Centro-de-Educa\u00e7\u00e3o-e-Pesquisa-em-Sa\u00fade-Anita-Garibaldi-do-ISD-atende-crian\u00e7as-com-autismo-desde-2017-768x432.jpg 768w, https:\/\/institutosantosdumont.org.br\/wp-content\/uploads\/2020\/05\/O-Centro-de-Educa\u00e7\u00e3o-e-Pesquisa-em-Sa\u00fade-Anita-Garibaldi-do-ISD-atende-crian\u00e7as-com-autismo-desde-2017-1024x576.jpg 1024w, https:\/\/institutosantosdumont.org.br\/wp-content\/uploads\/2020\/05\/O-Centro-de-Educa\u00e7\u00e3o-e-Pesquisa-em-Sa\u00fade-Anita-Garibaldi-do-ISD-atende-crian\u00e7as-com-autismo-desde-2017.jpg 1200w\" sizes=\"(max-width: 300px) 100vw, 300px\" \/><\/a><\/p>\n"},"caption":{"rendered":"<p>O Centro de Educa\u00e7\u00e3o e Pesquisa em Sa\u00fade Anita Garibaldi do ISD atende crian\u00e7as com autismo desde 2017<\/p>\n"},"alt_text":"","media_type":"image","mime_type":"image\/jpeg","media_details":{"width":1200,"height":675,"file":"2020\/05\/O-Centro-de-Educa\u00e7\u00e3o-e-Pesquisa-em-Sa\u00fade-Anita-Garibaldi-do-ISD-atende-crian\u00e7as-com-autismo-desde-2017.jpg","sizes":{"thumbnail":{"file":"O-Centro-de-Educa\u00e7\u00e3o-e-Pesquisa-em-Sa\u00fade-Anita-Garibaldi-do-ISD-atende-crian\u00e7as-com-autismo-desde-2017-150x150.jpg","width":150,"height":150,"mime_type":"image\/jpeg","source_url":"https:\/\/institutosantosdumont.org.br\/wp-content\/uploads\/2020\/05\/O-Centro-de-Educa\u00e7\u00e3o-e-Pesquisa-em-Sa\u00fade-Anita-Garibaldi-do-ISD-atende-crian\u00e7as-com-autismo-desde-2017-150x150.jpg"},"medium":{"file":"O-Centro-de-Educa\u00e7\u00e3o-e-Pesquisa-em-Sa\u00fade-Anita-Garibaldi-do-ISD-atende-crian\u00e7as-com-autismo-desde-2017-300x169.jpg","width":300,"height":169,"mime_type":"image\/jpeg","source_url":"https:\/\/institutosantosdumont.org.br\/wp-content\/uploads\/2020\/05\/O-Centro-de-Educa\u00e7\u00e3o-e-Pesquisa-em-Sa\u00fade-Anita-Garibaldi-do-ISD-atende-crian\u00e7as-com-autismo-desde-2017-300x169.jpg"},"medium_large":{"file":"O-Centro-de-Educa\u00e7\u00e3o-e-Pesquisa-em-Sa\u00fade-Anita-Garibaldi-do-ISD-atende-crian\u00e7as-com-autismo-desde-2017-768x432.jpg","width":768,"height":432,"mime_type":"image\/jpeg","source_url":"https:\/\/institutosantosdumont.org.br\/wp-content\/uploads\/2020\/05\/O-Centro-de-Educa\u00e7\u00e3o-e-Pesquisa-em-Sa\u00fade-Anita-Garibaldi-do-ISD-atende-crian\u00e7as-com-autismo-desde-2017-768x432.jpg"},"large":{"file":"O-Centro-de-Educa\u00e7\u00e3o-e-Pesquisa-em-Sa\u00fade-Anita-Garibaldi-do-ISD-atende-crian\u00e7as-com-autismo-desde-2017-1024x576.jpg","width":1024,"height":576,"mime_type":"image\/jpeg","source_url":"https:\/\/institutosantosdumont.org.br\/wp-content\/uploads\/2020\/05\/O-Centro-de-Educa\u00e7\u00e3o-e-Pesquisa-em-Sa\u00fade-Anita-Garibaldi-do-ISD-atende-crian\u00e7as-com-autismo-desde-2017-1024x576.jpg"},"full":{"file":"O-Centro-de-Educa\u00e7\u00e3o-e-Pesquisa-em-Sa\u00fade-Anita-Garibaldi-do-ISD-atende-crian\u00e7as-com-autismo-desde-2017.jpg","width":1200,"height":675,"mime_type":"image\/jpeg","source_url":"https:\/\/institutosantosdumont.org.br\/wp-content\/uploads\/2020\/05\/O-Centro-de-Educa\u00e7\u00e3o-e-Pesquisa-em-Sa\u00fade-Anita-Garibaldi-do-ISD-atende-crian\u00e7as-com-autismo-desde-2017.jpg"}},"image_meta":{"aperture":"0","credit":"","camera":"","caption":"","created_timestamp":"0","copyright":"","focal_length":"0","iso":"0","shutter_speed":"0","title":"","orientation":"1","keywords":[]}},"post":19005,"source_url":"https:\/\/institutosantosdumont.org.br\/wp-content\/uploads\/2020\/05\/O-Centro-de-Educa\u00e7\u00e3o-e-Pesquisa-em-Sa\u00fade-Anita-Garibaldi-do-ISD-atende-crian\u00e7as-com-autismo-desde-2017.jpg","_links":{"self":[{"href":"https:\/\/institutosantosdumont.org.br\/en\/wp-json\/wp\/v2\/media\/19038","targetHints":{"allow":["GET"]}}],"collection":[{"href":"https:\/\/institutosantosdumont.org.br\/en\/wp-json\/wp\/v2\/media"}],"about":[{"href":"https:\/\/institutosantosdumont.org.br\/en\/wp-json\/wp\/v2\/types\/attachment"}],"author":[{"embeddable":true,"href":"https:\/\/institutosantosdumont.org.br\/en\/wp-json\/wp\/v2\/users\/10"}],"replies":[{"embeddable":true,"href":"https:\/\/institutosantosdumont.org.br\/en\/wp-json\/wp\/v2\/comments?post=19038"}],"wp:attached-to":[{"embeddable":true,"post_type":"post","id":19005,"href":"https:\/\/institutosantosdumont.org.br\/en\/wp-json\/wp\/v2\/posts\/19005"}],"curies":[{"name":"wp","href":"https:\/\/api.w.org\/{rel}","templated":true}]}}

http://www.institutosantosdumont.org.br/wp-content/uploads/2020/05/O-Centro-de-Educação-e-Pesquisa-em-Saúde-Anita-Garibaldi-do-ISD-atende-crianças-com-autismo-desde-2017.jpg

<p class="attachment"><a href='https://institutosantosdumont.org.br/wp-content/uploads/2020/05/O-Centro-de-Educação-e-Pesquisa-em-Saúde-Anita-Garibaldi-do-ISD-atende-crianças-com-autismo-desde-2017.jpg'><img fetchpriority="high" decoding="async" width="300" height="169" src="https://institutosantosdumont.org.br/wp-content/uploads/2020/05/O-Centro-de-Educação-e-Pesquisa-em-Saúde-Anita-Garibaldi-do-ISD-atende-crianças-com-autismo-desde-2017-300x169.jpg" class="attachment-medium size-medium" alt="" srcset="https://institutosantosdumont.org.br/wp-content/uploads/2020/05/O-Centro-de-Educação-e-Pesquisa-em-Saúde-Anita-Garibaldi-do-ISD-atende-crianças-com-autismo-desde-2017-300x169.jpg 300w, https://institutosantosdumont.org.br/wp-content/uploads/2020/05/O-Centro-de-Educação-e-Pesquisa-em-Saúde-Anita-Garibaldi-do-ISD-atende-crianças-com-autismo-desde-2017-768x432.jpg 768w, https://institutosantosdumont.org.br/wp-content/uploads/2020/05/O-Centro-de-Educação-e-Pesquisa-em-Saúde-Anita-Garibaldi-do-ISD-atende-crianças-com-autismo-desde-2017-1024x576.jpg 1024w, https://institutosantosdumont.org.br/wp-content/uploads/2020/05/O-Centro-de-Educação-e-Pesquisa-em-Saúde-Anita-Garibaldi-do-ISD-atende-crianças-com-autismo-desde-2017.jpg 1200w" sizes="(max-width: 300px) 100vw, 300px" /></a></p>

<p>O Centro de Educação e Pesquisa em Saúde Anita Garibaldi do ISD atende crianças com autismo desde 2017</p>

2020/05/O-Centro-de-Educação-e-Pesquisa-em-Saúde-Anita-Garibaldi-do-ISD-atende-crianças-com-autismo-desde-2017.jpg

O-Centro-de-Educação-e-Pesquisa-em-Saúde-Anita-Garibaldi-do-ISD-atende-crianças-com-autismo-desde-2017-150x150.jpg

https://institutosantosdumont.org.br/wp-content/uploads/2020/05/O-Centro-de-Educação-e-Pesquisa-em-Saúde-Anita-Garibaldi-do-ISD-atende-crianças-com-autismo-desde-2017-150x150.jpg

O-Centro-de-Educação-e-Pesquisa-em-Saúde-Anita-Garibaldi-do-ISD-atende-crianças-com-autismo-desde-2017-300x169.jpg

https://institutosantosdumont.org.br/wp-content/uploads/2020/05/O-Centro-de-Educação-e-Pesquisa-em-Saúde-Anita-Garibaldi-do-ISD-atende-crianças-com-autismo-desde-2017-300x169.jpg

O-Centro-de-Educação-e-Pesquisa-em-Saúde-Anita-Garibaldi-do-ISD-atende-crianças-com-autismo-desde-2017-768x432.jpg

https://institutosantosdumont.org.br/wp-content/uploads/2020/05/O-Centro-de-Educação-e-Pesquisa-em-Saúde-Anita-Garibaldi-do-ISD-atende-crianças-com-autismo-desde-2017-768x432.jpg

O-Centro-de-Educação-e-Pesquisa-em-Saúde-Anita-Garibaldi-do-ISD-atende-crianças-com-autismo-desde-2017-1024x576.jpg

https://institutosantosdumont.org.br/wp-content/uploads/2020/05/O-Centro-de-Educação-e-Pesquisa-em-Saúde-Anita-Garibaldi-do-ISD-atende-crianças-com-autismo-desde-2017-1024x576.jpg

O-Centro-de-Educação-e-Pesquisa-em-Saúde-Anita-Garibaldi-do-ISD-atende-crianças-com-autismo-desde-2017.jpg

https://institutosantosdumont.org.br/wp-content/uploads/2020/05/O-Centro-de-Educação-e-Pesquisa-em-Saúde-Anita-Garibaldi-do-ISD-atende-crianças-com-autismo-desde-2017.jpg
