{"id":20218,"date":"2020-11-05T16:44:49","date_gmt":"2020-11-05T19:44:49","guid":{"rendered":"http:\/\/www.institutosantosdumont.org.br\/wp-content\/uploads\/2020\/11\/05-11-2020-Potenciais-investidores-visitam-Parque-Cient\u00edfico-e-Tecnol\u00f3gico-do-RN-e-Instituto-Internacional-de-Neuroci\u00eancias-Edmond-e-Lily-Safra_-Fotos-Renata-Mou-16.jpg"},"modified":"2020-11-05T16:44:49","modified_gmt":"2020-11-05T19:44:49","slug":"05-11-2020-potenciais-investidores-visitam-parque-cientifico-e-tecnologico-do-rn-e-instituto-internacional-de-neurociencias-edmond-e-lily-safra_-fotos-renata-mou-16","status":"inherit","type":"attachment","link":"https:\/\/institutosantosdumont.org.br\/en\/parque-cientifico-e-tecnologico-do-rn-recebe-visita-de-potenciais-investidores\/05-11-2020-potenciais-investidores-visitam-parque-cientifico-e-tecnologico-do-rn-e-instituto-internacional-de-neurociencias-edmond-e-lily-safra_-fotos-renata-mou-16\/","title":{"rendered":"05-11-2020 Potential investors visit the Science and Technology Park of RN and the Edmond and Lily Safra International Institute of Neuroscience_ Photos Renata Mou (16)"},"author":10,"featured_media":0,"comment_status":"open","ping_status":"closed","template":"","meta":{"_acf_changed":false},"class_list":["post-20218","attachment","type-attachment","status-inherit","hentry"],"acf":[],"description":{"rendered":"<p class=\"attachment\"><a href='https:\/\/institutosantosdumont.org.br\/wp-content\/uploads\/2020\/11\/05-11-2020-Potenciais-investidores-visitam-Parque-Cient\u00edfico-e-Tecnol\u00f3gico-do-RN-e-Instituto-Internacional-de-Neuroci\u00eancias-Edmond-e-Lily-Safra_-Fotos-Renata-Mou-16.jpg'><img decoding=\"async\" width=\"300\" height=\"146\" src=\"https:\/\/institutosantosdumont.org.br\/wp-content\/uploads\/2020\/11\/05-11-2020-Potenciais-investidores-visitam-Parque-Cient\u00edfico-e-Tecnol\u00f3gico-do-RN-e-Instituto-Internacional-de-Neuroci\u00eancias-Edmond-e-Lily-Safra_-Fotos-Renata-Mou-16-300x146.jpg\" class=\"attachment-medium size-medium\" alt=\"\" srcset=\"https:\/\/institutosantosdumont.org.br\/wp-content\/uploads\/2020\/11\/05-11-2020-Potenciais-investidores-visitam-Parque-Cient\u00edfico-e-Tecnol\u00f3gico-do-RN-e-Instituto-Internacional-de-Neuroci\u00eancias-Edmond-e-Lily-Safra_-Fotos-Renata-Mou-16-300x146.jpg 300w, https:\/\/institutosantosdumont.org.br\/wp-content\/uploads\/2020\/11\/05-11-2020-Potenciais-investidores-visitam-Parque-Cient\u00edfico-e-Tecnol\u00f3gico-do-RN-e-Instituto-Internacional-de-Neuroci\u00eancias-Edmond-e-Lily-Safra_-Fotos-Renata-Mou-16-768x373.jpg 768w, https:\/\/institutosantosdumont.org.br\/wp-content\/uploads\/2020\/11\/05-11-2020-Potenciais-investidores-visitam-Parque-Cient\u00edfico-e-Tecnol\u00f3gico-do-RN-e-Instituto-Internacional-de-Neuroci\u00eancias-Edmond-e-Lily-Safra_-Fotos-Renata-Mou-16-1024x498.jpg 1024w\" sizes=\"(max-width: 300px) 100vw, 300px\" \/><\/a><\/p>\n"},"caption":{"rendered":""},"alt_text":"","media_type":"image","mime_type":"image\/jpeg","media_details":{"width":4032,"height":1960,"file":"2020\/11\/05-11-2020-Potenciais-investidores-visitam-Parque-Cient\u00edfico-e-Tecnol\u00f3gico-do-RN-e-Instituto-Internacional-de-Neuroci\u00eancias-Edmond-e-Lily-Safra_-Fotos-Renata-Mou-16.jpg","sizes":{"thumbnail":{"file":"05-11-2020-Potenciais-investidores-visitam-Parque-Cient\u00edfico-e-Tecnol\u00f3gico-do-RN-e-Instituto-Internacional-de-Neuroci\u00eancias-Edmond-e-Lily-Safra_-Fotos-Renata-Mou-16-150x150.jpg","width":150,"height":150,"mime_type":"image\/jpeg","source_url":"https:\/\/institutosantosdumont.org.br\/wp-content\/uploads\/2020\/11\/05-11-2020-Potenciais-investidores-visitam-Parque-Cient\u00edfico-e-Tecnol\u00f3gico-do-RN-e-Instituto-Internacional-de-Neuroci\u00eancias-Edmond-e-Lily-Safra_-Fotos-Renata-Mou-16-150x150.jpg"},"medium":{"file":"05-11-2020-Potenciais-investidores-visitam-Parque-Cient\u00edfico-e-Tecnol\u00f3gico-do-RN-e-Instituto-Internacional-de-Neuroci\u00eancias-Edmond-e-Lily-Safra_-Fotos-Renata-Mou-16-300x146.jpg","width":300,"height":146,"mime_type":"image\/jpeg","source_url":"https:\/\/institutosantosdumont.org.br\/wp-content\/uploads\/2020\/11\/05-11-2020-Potenciais-investidores-visitam-Parque-Cient\u00edfico-e-Tecnol\u00f3gico-do-RN-e-Instituto-Internacional-de-Neuroci\u00eancias-Edmond-e-Lily-Safra_-Fotos-Renata-Mou-16-300x146.jpg"},"medium_large":{"file":"05-11-2020-Potenciais-investidores-visitam-Parque-Cient\u00edfico-e-Tecnol\u00f3gico-do-RN-e-Instituto-Internacional-de-Neuroci\u00eancias-Edmond-e-Lily-Safra_-Fotos-Renata-Mou-16-768x373.jpg","width":768,"height":373,"mime_type":"image\/jpeg","source_url":"https:\/\/institutosantosdumont.org.br\/wp-content\/uploads\/2020\/11\/05-11-2020-Potenciais-investidores-visitam-Parque-Cient\u00edfico-e-Tecnol\u00f3gico-do-RN-e-Instituto-Internacional-de-Neuroci\u00eancias-Edmond-e-Lily-Safra_-Fotos-Renata-Mou-16-768x373.jpg"},"large":{"file":"05-11-2020-Potenciais-investidores-visitam-Parque-Cient\u00edfico-e-Tecnol\u00f3gico-do-RN-e-Instituto-Internacional-de-Neuroci\u00eancias-Edmond-e-Lily-Safra_-Fotos-Renata-Mou-16-1024x498.jpg","width":1024,"height":498,"mime_type":"image\/jpeg","source_url":"https:\/\/institutosantosdumont.org.br\/wp-content\/uploads\/2020\/11\/05-11-2020-Potenciais-investidores-visitam-Parque-Cient\u00edfico-e-Tecnol\u00f3gico-do-RN-e-Instituto-Internacional-de-Neuroci\u00eancias-Edmond-e-Lily-Safra_-Fotos-Renata-Mou-16-1024x498.jpg"},"full":{"file":"05-11-2020-Potenciais-investidores-visitam-Parque-Cient\u00edfico-e-Tecnol\u00f3gico-do-RN-e-Instituto-Internacional-de-Neuroci\u00eancias-Edmond-e-Lily-Safra_-Fotos-Renata-Mou-16.jpg","width":4032,"height":1960,"mime_type":"image\/jpeg","source_url":"https:\/\/institutosantosdumont.org.br\/wp-content\/uploads\/2020\/11\/05-11-2020-Potenciais-investidores-visitam-Parque-Cient\u00edfico-e-Tecnol\u00f3gico-do-RN-e-Instituto-Internacional-de-Neuroci\u00eancias-Edmond-e-Lily-Safra_-Fotos-Renata-Mou-16.jpg"}},"image_meta":{"aperture":"1.7","credit":"","camera":"SM-G950F","caption":"","created_timestamp":"1604573327","copyright":"","focal_length":"4.2","iso":"64","shutter_speed":"0.016666666666667","title":"","orientation":"1","keywords":[]}},"post":20200,"source_url":"https:\/\/institutosantosdumont.org.br\/wp-content\/uploads\/2020\/11\/05-11-2020-Potenciais-investidores-visitam-Parque-Cient\u00edfico-e-Tecnol\u00f3gico-do-RN-e-Instituto-Internacional-de-Neuroci\u00eancias-Edmond-e-Lily-Safra_-Fotos-Renata-Mou-16.jpg","_links":{"self":[{"href":"https:\/\/institutosantosdumont.org.br\/en\/wp-json\/wp\/v2\/media\/20218","targetHints":{"allow":["GET"]}}],"collection":[{"href":"https:\/\/institutosantosdumont.org.br\/en\/wp-json\/wp\/v2\/media"}],"about":[{"href":"https:\/\/institutosantosdumont.org.br\/en\/wp-json\/wp\/v2\/types\/attachment"}],"author":[{"embeddable":true,"href":"https:\/\/institutosantosdumont.org.br\/en\/wp-json\/wp\/v2\/users\/10"}],"replies":[{"embeddable":true,"href":"https:\/\/institutosantosdumont.org.br\/en\/wp-json\/wp\/v2\/comments?post=20218"}],"wp:attached-to":[{"embeddable":true,"post_type":"post","id":20200,"href":"https:\/\/institutosantosdumont.org.br\/en\/wp-json\/wp\/v2\/posts\/20200"}],"curies":[{"name":"wp","href":"https:\/\/api.w.org\/{rel}","templated":true}]}}

http://www.institutosantosdumont.org.br/wp-content/uploads/2020/11/05-11-2020-Potenciais-investidores-visitam-Parque-Científico-e-Tecnológico-do-RN-e-Instituto-Internacional-de-Neurociências-Edmond-e-Lily-Safra_-Fotos-Renata-Mou-16.jpg

<p class="attachment"><a href='https://institutosantosdumont.org.br/wp-content/uploads/2020/11/05-11-2020-Potenciais-investidores-visitam-Parque-Científico-e-Tecnológico-do-RN-e-Instituto-Internacional-de-Neurociências-Edmond-e-Lily-Safra_-Fotos-Renata-Mou-16.jpg'><img decoding="async" width="300" height="146" src="https://institutosantosdumont.org.br/wp-content/uploads/2020/11/05-11-2020-Potenciais-investidores-visitam-Parque-Científico-e-Tecnológico-do-RN-e-Instituto-Internacional-de-Neurociências-Edmond-e-Lily-Safra_-Fotos-Renata-Mou-16-300x146.jpg" class="attachment-medium size-medium" alt="" srcset="https://institutosantosdumont.org.br/wp-content/uploads/2020/11/05-11-2020-Potenciais-investidores-visitam-Parque-Científico-e-Tecnológico-do-RN-e-Instituto-Internacional-de-Neurociências-Edmond-e-Lily-Safra_-Fotos-Renata-Mou-16-300x146.jpg 300w, https://institutosantosdumont.org.br/wp-content/uploads/2020/11/05-11-2020-Potenciais-investidores-visitam-Parque-Científico-e-Tecnológico-do-RN-e-Instituto-Internacional-de-Neurociências-Edmond-e-Lily-Safra_-Fotos-Renata-Mou-16-768x373.jpg 768w, https://institutosantosdumont.org.br/wp-content/uploads/2020/11/05-11-2020-Potenciais-investidores-visitam-Parque-Científico-e-Tecnológico-do-RN-e-Instituto-Internacional-de-Neurociências-Edmond-e-Lily-Safra_-Fotos-Renata-Mou-16-1024x498.jpg 1024w" sizes="(max-width: 300px) 100vw, 300px" /></a></p>

2020/11/05-11-2020-Potenciais-investidores-visitam-Parque-Científico-e-Tecnológico-do-RN-e-Instituto-Internacional-de-Neurociências-Edmond-e-Lily-Safra_-Fotos-Renata-Mou-16.jpg

05-11-2020-Potenciais-investidores-visitam-Parque-Científico-e-Tecnológico-do-RN-e-Instituto-Internacional-de-Neurociências-Edmond-e-Lily-Safra_-Fotos-Renata-Mou-16-150x150.jpg

https://institutosantosdumont.org.br/wp-content/uploads/2020/11/05-11-2020-Potenciais-investidores-visitam-Parque-Científico-e-Tecnológico-do-RN-e-Instituto-Internacional-de-Neurociências-Edmond-e-Lily-Safra_-Fotos-Renata-Mou-16-150x150.jpg

05-11-2020-Potenciais-investidores-visitam-Parque-Científico-e-Tecnológico-do-RN-e-Instituto-Internacional-de-Neurociências-Edmond-e-Lily-Safra_-Fotos-Renata-Mou-16-300x146.jpg

https://institutosantosdumont.org.br/wp-content/uploads/2020/11/05-11-2020-Potenciais-investidores-visitam-Parque-Científico-e-Tecnológico-do-RN-e-Instituto-Internacional-de-Neurociências-Edmond-e-Lily-Safra_-Fotos-Renata-Mou-16-300x146.jpg

05-11-2020-Potenciais-investidores-visitam-Parque-Científico-e-Tecnológico-do-RN-e-Instituto-Internacional-de-Neurociências-Edmond-e-Lily-Safra_-Fotos-Renata-Mou-16-768x373.jpg

https://institutosantosdumont.org.br/wp-content/uploads/2020/11/05-11-2020-Potenciais-investidores-visitam-Parque-Científico-e-Tecnológico-do-RN-e-Instituto-Internacional-de-Neurociências-Edmond-e-Lily-Safra_-Fotos-Renata-Mou-16-768x373.jpg

05-11-2020-Potenciais-investidores-visitam-Parque-Científico-e-Tecnológico-do-RN-e-Instituto-Internacional-de-Neurociências-Edmond-e-Lily-Safra_-Fotos-Renata-Mou-16-1024x498.jpg

https://institutosantosdumont.org.br/wp-content/uploads/2020/11/05-11-2020-Potenciais-investidores-visitam-Parque-Científico-e-Tecnológico-do-RN-e-Instituto-Internacional-de-Neurociências-Edmond-e-Lily-Safra_-Fotos-Renata-Mou-16-1024x498.jpg

05-11-2020-Potenciais-investidores-visitam-Parque-Científico-e-Tecnológico-do-RN-e-Instituto-Internacional-de-Neurociências-Edmond-e-Lily-Safra_-Fotos-Renata-Mou-16.jpg

https://institutosantosdumont.org.br/wp-content/uploads/2020/11/05-11-2020-Potenciais-investidores-visitam-Parque-Científico-e-Tecnológico-do-RN-e-Instituto-Internacional-de-Neurociências-Edmond-e-Lily-Safra_-Fotos-Renata-Mou-16.jpg
