{"id":21001,"date":"2021-01-22T12:00:54","date_gmt":"2021-01-22T15:00:54","guid":{"rendered":"http:\/\/www.institutosantosdumont.org.br\/wp-content\/uploads\/2021\/01\/2019-06-13-Lokomat-paciente-residente-aluno-Foto-Ariane-Mondo-Ascom-ISD-64-e1606228940779.jpg"},"modified":"2021-01-22T12:04:25","modified_gmt":"2021-01-22T15:04:25","slug":"2019-06-13-lokomat-paciente-residente-aluno-foto-ariane-mondo-ascom-isd-64-e1606228940779","status":"inherit","type":"attachment","link":"https:\/\/institutosantosdumont.org.br\/en\/residencia-multiprofissional-mais-de-120-candidatos-fazem-prova-do-processo-seletivo-2021-neste-domingo-24\/2019-06-13-lokomat-paciente-residente-aluno-foto-ariane-mondo-ascom-isd-64-e1606228940779\/","title":{"rendered":"2019-06-13-Lokomat-patient-resident-student-Photo-Ariane-Mondo-Ascom-ISD-64-e1606228940779"},"author":10,"featured_media":0,"comment_status":"open","ping_status":"closed","template":"","meta":{"_acf_changed":false},"class_list":["post-21001","attachment","type-attachment","status-inherit","hentry"],"acf":[],"description":{"rendered":"<p class=\"attachment\"><a href='https:\/\/institutosantosdumont.org.br\/wp-content\/uploads\/2021\/01\/2019-06-13-Lokomat-paciente-residente-aluno-Foto-Ariane-Mondo-Ascom-ISD-64-e1606228940779.jpg'><img fetchpriority=\"high\" decoding=\"async\" width=\"300\" height=\"200\" src=\"https:\/\/institutosantosdumont.org.br\/wp-content\/uploads\/2021\/01\/2019-06-13-Lokomat-paciente-residente-aluno-Foto-Ariane-Mondo-Ascom-ISD-64-e1606228940779-300x200.jpg\" class=\"attachment-medium size-medium\" alt=\"\" srcset=\"https:\/\/institutosantosdumont.org.br\/wp-content\/uploads\/2021\/01\/2019-06-13-Lokomat-paciente-residente-aluno-Foto-Ariane-Mondo-Ascom-ISD-64-e1606228940779-300x200.jpg 300w, https:\/\/institutosantosdumont.org.br\/wp-content\/uploads\/2021\/01\/2019-06-13-Lokomat-paciente-residente-aluno-Foto-Ariane-Mondo-Ascom-ISD-64-e1606228940779-768x512.jpg 768w, https:\/\/institutosantosdumont.org.br\/wp-content\/uploads\/2021\/01\/2019-06-13-Lokomat-paciente-residente-aluno-Foto-Ariane-Mondo-Ascom-ISD-64-e1606228940779-1024x683.jpg 1024w\" sizes=\"(max-width: 300px) 100vw, 300px\" \/><\/a><\/p>\n"},"caption":{"rendered":"<p>Processo seletivo definir\u00e1 quarta turma da primeira resid\u00eancia voltada ao cuidado de Pessoas com Defici\u00eancia do Brasil. <\/p>\n"},"alt_text":"","media_type":"image","mime_type":"image\/jpeg","media_details":{"width":4500,"height":3000,"file":"2021\/01\/2019-06-13-Lokomat-paciente-residente-aluno-Foto-Ariane-Mondo-Ascom-ISD-64-e1606228940779.jpg","sizes":{"thumbnail":{"file":"2019-06-13-Lokomat-paciente-residente-aluno-Foto-Ariane-Mondo-Ascom-ISD-64-e1606228940779-150x150.jpg","width":150,"height":150,"mime_type":"image\/jpeg","source_url":"https:\/\/institutosantosdumont.org.br\/wp-content\/uploads\/2021\/01\/2019-06-13-Lokomat-paciente-residente-aluno-Foto-Ariane-Mondo-Ascom-ISD-64-e1606228940779-150x150.jpg"},"medium":{"file":"2019-06-13-Lokomat-paciente-residente-aluno-Foto-Ariane-Mondo-Ascom-ISD-64-e1606228940779-300x200.jpg","width":300,"height":200,"mime_type":"image\/jpeg","source_url":"https:\/\/institutosantosdumont.org.br\/wp-content\/uploads\/2021\/01\/2019-06-13-Lokomat-paciente-residente-aluno-Foto-Ariane-Mondo-Ascom-ISD-64-e1606228940779-300x200.jpg"},"medium_large":{"file":"2019-06-13-Lokomat-paciente-residente-aluno-Foto-Ariane-Mondo-Ascom-ISD-64-e1606228940779-768x512.jpg","width":768,"height":512,"mime_type":"image\/jpeg","source_url":"https:\/\/institutosantosdumont.org.br\/wp-content\/uploads\/2021\/01\/2019-06-13-Lokomat-paciente-residente-aluno-Foto-Ariane-Mondo-Ascom-ISD-64-e1606228940779-768x512.jpg"},"large":{"file":"2019-06-13-Lokomat-paciente-residente-aluno-Foto-Ariane-Mondo-Ascom-ISD-64-e1606228940779-1024x683.jpg","width":1024,"height":683,"mime_type":"image\/jpeg","source_url":"https:\/\/institutosantosdumont.org.br\/wp-content\/uploads\/2021\/01\/2019-06-13-Lokomat-paciente-residente-aluno-Foto-Ariane-Mondo-Ascom-ISD-64-e1606228940779-1024x683.jpg"},"full":{"file":"2019-06-13-Lokomat-paciente-residente-aluno-Foto-Ariane-Mondo-Ascom-ISD-64-e1606228940779.jpg","width":4500,"height":3000,"mime_type":"image\/jpeg","source_url":"https:\/\/institutosantosdumont.org.br\/wp-content\/uploads\/2021\/01\/2019-06-13-Lokomat-paciente-residente-aluno-Foto-Ariane-Mondo-Ascom-ISD-64-e1606228940779.jpg"}},"image_meta":{"aperture":"0","credit":"","camera":"","caption":"","created_timestamp":"0","copyright":"","focal_length":"0","iso":"0","shutter_speed":"0","title":"","orientation":"0","keywords":[]}},"post":20998,"source_url":"https:\/\/institutosantosdumont.org.br\/wp-content\/uploads\/2021\/01\/2019-06-13-Lokomat-paciente-residente-aluno-Foto-Ariane-Mondo-Ascom-ISD-64-e1606228940779.jpg","_links":{"self":[{"href":"https:\/\/institutosantosdumont.org.br\/en\/wp-json\/wp\/v2\/media\/21001","targetHints":{"allow":["GET"]}}],"collection":[{"href":"https:\/\/institutosantosdumont.org.br\/en\/wp-json\/wp\/v2\/media"}],"about":[{"href":"https:\/\/institutosantosdumont.org.br\/en\/wp-json\/wp\/v2\/types\/attachment"}],"author":[{"embeddable":true,"href":"https:\/\/institutosantosdumont.org.br\/en\/wp-json\/wp\/v2\/users\/10"}],"replies":[{"embeddable":true,"href":"https:\/\/institutosantosdumont.org.br\/en\/wp-json\/wp\/v2\/comments?post=21001"}],"wp:attached-to":[{"embeddable":true,"post_type":"post","id":20998,"href":"https:\/\/institutosantosdumont.org.br\/en\/wp-json\/wp\/v2\/posts\/20998"}],"curies":[{"name":"wp","href":"https:\/\/api.w.org\/{rel}","templated":true}]}}

<p>Processo seletivo definirá quarta turma da primeira residência voltada ao cuidado de Pessoas com Deficiência do Brasil. </p>
