{"id":21583,"date":"2021-05-07T10:00:52","date_gmt":"2021-05-07T13:00:52","guid":{"rendered":"http:\/\/www.institutosantosdumont.org.br\/wp-content\/uploads\/2021\/05\/05.05.21-Aula-ISD-Educa\u00e7\u00e3o-para-a-Cidadania-Global-ODS-\u00c2ngela-Paiva-e-Paula-Serafini-5.jpg"},"modified":"2021-05-07T10:00:52","modified_gmt":"2021-05-07T13:00:52","slug":"05-05-21-aula-isd-educacao-para-a-cidadania-global-ods-angela-paiva-e-paula-serafini-5","status":"inherit","type":"attachment","link":"https:\/\/institutosantosdumont.org.br\/en\/va-para-a-comunidade-saiba-onde-e-que-a-dor-doi-diz-ex-reitora-da-ufrn-em-aula-para-o-isd-sobre-os-caminhos-do-desenvolvimento-sustentavel\/05-05-21-aula-isd-educacao-para-a-cidadania-global-ods-angela-paiva-e-paula-serafini-5\/","title":{"rendered":"05.05.21 ISD Class Education for Global Citizenship \u2013 SDG \u2013 \u00c2ngela Paiva and Paula Serafini (5)"},"author":10,"featured_media":0,"comment_status":"open","ping_status":"closed","template":"","meta":{"_acf_changed":false},"class_list":["post-21583","attachment","type-attachment","status-inherit","hentry"],"acf":[],"description":{"rendered":"<p class=\"attachment\"><a href='https:\/\/institutosantosdumont.org.br\/wp-content\/uploads\/2021\/05\/05.05.21-Aula-ISD-Educa\u00e7\u00e3o-para-a-Cidadania-Global-ODS-\u00c2ngela-Paiva-e-Paula-Serafini-5.jpg'><img decoding=\"async\" width=\"300\" height=\"146\" src=\"https:\/\/institutosantosdumont.org.br\/wp-content\/uploads\/2021\/05\/05.05.21-Aula-ISD-Educa\u00e7\u00e3o-para-a-Cidadania-Global-ODS-\u00c2ngela-Paiva-e-Paula-Serafini-5-300x146.jpg\" class=\"attachment-medium size-medium\" alt=\"\" srcset=\"https:\/\/institutosantosdumont.org.br\/wp-content\/uploads\/2021\/05\/05.05.21-Aula-ISD-Educa\u00e7\u00e3o-para-a-Cidadania-Global-ODS-\u00c2ngela-Paiva-e-Paula-Serafini-5-300x146.jpg 300w, https:\/\/institutosantosdumont.org.br\/wp-content\/uploads\/2021\/05\/05.05.21-Aula-ISD-Educa\u00e7\u00e3o-para-a-Cidadania-Global-ODS-\u00c2ngela-Paiva-e-Paula-Serafini-5-768x373.jpg 768w, https:\/\/institutosantosdumont.org.br\/wp-content\/uploads\/2021\/05\/05.05.21-Aula-ISD-Educa\u00e7\u00e3o-para-a-Cidadania-Global-ODS-\u00c2ngela-Paiva-e-Paula-Serafini-5-1024x498.jpg 1024w\" sizes=\"(max-width: 300px) 100vw, 300px\" \/><\/a><\/p>\n"},"caption":{"rendered":""},"alt_text":"","media_type":"image","mime_type":"image\/jpeg","media_details":{"width":4032,"height":1960,"file":"2021\/05\/05.05.21-Aula-ISD-Educa\u00e7\u00e3o-para-a-Cidadania-Global-ODS-\u00c2ngela-Paiva-e-Paula-Serafini-5.jpg","sizes":{"thumbnail":{"file":"05.05.21-Aula-ISD-Educa\u00e7\u00e3o-para-a-Cidadania-Global-ODS-\u00c2ngela-Paiva-e-Paula-Serafini-5-150x150.jpg","width":150,"height":150,"mime_type":"image\/jpeg","source_url":"https:\/\/institutosantosdumont.org.br\/wp-content\/uploads\/2021\/05\/05.05.21-Aula-ISD-Educa\u00e7\u00e3o-para-a-Cidadania-Global-ODS-\u00c2ngela-Paiva-e-Paula-Serafini-5-150x150.jpg"},"medium":{"file":"05.05.21-Aula-ISD-Educa\u00e7\u00e3o-para-a-Cidadania-Global-ODS-\u00c2ngela-Paiva-e-Paula-Serafini-5-300x146.jpg","width":300,"height":146,"mime_type":"image\/jpeg","source_url":"https:\/\/institutosantosdumont.org.br\/wp-content\/uploads\/2021\/05\/05.05.21-Aula-ISD-Educa\u00e7\u00e3o-para-a-Cidadania-Global-ODS-\u00c2ngela-Paiva-e-Paula-Serafini-5-300x146.jpg"},"medium_large":{"file":"05.05.21-Aula-ISD-Educa\u00e7\u00e3o-para-a-Cidadania-Global-ODS-\u00c2ngela-Paiva-e-Paula-Serafini-5-768x373.jpg","width":768,"height":373,"mime_type":"image\/jpeg","source_url":"https:\/\/institutosantosdumont.org.br\/wp-content\/uploads\/2021\/05\/05.05.21-Aula-ISD-Educa\u00e7\u00e3o-para-a-Cidadania-Global-ODS-\u00c2ngela-Paiva-e-Paula-Serafini-5-768x373.jpg"},"large":{"file":"05.05.21-Aula-ISD-Educa\u00e7\u00e3o-para-a-Cidadania-Global-ODS-\u00c2ngela-Paiva-e-Paula-Serafini-5-1024x498.jpg","width":1024,"height":498,"mime_type":"image\/jpeg","source_url":"https:\/\/institutosantosdumont.org.br\/wp-content\/uploads\/2021\/05\/05.05.21-Aula-ISD-Educa\u00e7\u00e3o-para-a-Cidadania-Global-ODS-\u00c2ngela-Paiva-e-Paula-Serafini-5-1024x498.jpg"},"full":{"file":"05.05.21-Aula-ISD-Educa\u00e7\u00e3o-para-a-Cidadania-Global-ODS-\u00c2ngela-Paiva-e-Paula-Serafini-5.jpg","width":4032,"height":1960,"mime_type":"image\/jpeg","source_url":"https:\/\/institutosantosdumont.org.br\/wp-content\/uploads\/2021\/05\/05.05.21-Aula-ISD-Educa\u00e7\u00e3o-para-a-Cidadania-Global-ODS-\u00c2ngela-Paiva-e-Paula-Serafini-5.jpg"}},"image_meta":{"aperture":"1.7","credit":"","camera":"SM-G950F","caption":"","created_timestamp":"1620223907","copyright":"","focal_length":"4.2","iso":"160","shutter_speed":"0.033333333333333","title":"","orientation":"1","keywords":[]}},"post":21576,"source_url":"https:\/\/institutosantosdumont.org.br\/wp-content\/uploads\/2021\/05\/05.05.21-Aula-ISD-Educa\u00e7\u00e3o-para-a-Cidadania-Global-ODS-\u00c2ngela-Paiva-e-Paula-Serafini-5.jpg","_links":{"self":[{"href":"https:\/\/institutosantosdumont.org.br\/en\/wp-json\/wp\/v2\/media\/21583","targetHints":{"allow":["GET"]}}],"collection":[{"href":"https:\/\/institutosantosdumont.org.br\/en\/wp-json\/wp\/v2\/media"}],"about":[{"href":"https:\/\/institutosantosdumont.org.br\/en\/wp-json\/wp\/v2\/types\/attachment"}],"author":[{"embeddable":true,"href":"https:\/\/institutosantosdumont.org.br\/en\/wp-json\/wp\/v2\/users\/10"}],"replies":[{"embeddable":true,"href":"https:\/\/institutosantosdumont.org.br\/en\/wp-json\/wp\/v2\/comments?post=21583"}],"wp:attached-to":[{"embeddable":true,"post_type":"post","id":21576,"href":"https:\/\/institutosantosdumont.org.br\/en\/wp-json\/wp\/v2\/posts\/21576"}],"curies":[{"name":"wp","href":"https:\/\/api.w.org\/{rel}","templated":true}]}}

http://www.institutosantosdumont.org.br/wp-content/uploads/2021/05/05.05.21-Aula-ISD-Educação-para-a-Cidadania-Global-ODS-Ângela-Paiva-e-Paula-Serafini-5.jpg

05.05.21 ISD Class Education for Global Citizenship – SDG – Ângela Paiva and Paula Serafini (5)

<p class="attachment"><a href='https://institutosantosdumont.org.br/wp-content/uploads/2021/05/05.05.21-Aula-ISD-Educação-para-a-Cidadania-Global-ODS-Ângela-Paiva-e-Paula-Serafini-5.jpg'><img decoding="async" width="300" height="146" src="https://institutosantosdumont.org.br/wp-content/uploads/2021/05/05.05.21-Aula-ISD-Educação-para-a-Cidadania-Global-ODS-Ângela-Paiva-e-Paula-Serafini-5-300x146.jpg" class="attachment-medium size-medium" alt="" srcset="https://institutosantosdumont.org.br/wp-content/uploads/2021/05/05.05.21-Aula-ISD-Educação-para-a-Cidadania-Global-ODS-Ângela-Paiva-e-Paula-Serafini-5-300x146.jpg 300w, https://institutosantosdumont.org.br/wp-content/uploads/2021/05/05.05.21-Aula-ISD-Educação-para-a-Cidadania-Global-ODS-Ângela-Paiva-e-Paula-Serafini-5-768x373.jpg 768w, https://institutosantosdumont.org.br/wp-content/uploads/2021/05/05.05.21-Aula-ISD-Educação-para-a-Cidadania-Global-ODS-Ângela-Paiva-e-Paula-Serafini-5-1024x498.jpg 1024w" sizes="(max-width: 300px) 100vw, 300px" /></a></p>

2021/05/05.05.21-Aula-ISD-Educação-para-a-Cidadania-Global-ODS-Ângela-Paiva-e-Paula-Serafini-5.jpg

05.05.21-Aula-ISD-Educação-para-a-Cidadania-Global-ODS-Ângela-Paiva-e-Paula-Serafini-5-150x150.jpg

https://institutosantosdumont.org.br/wp-content/uploads/2021/05/05.05.21-Aula-ISD-Educação-para-a-Cidadania-Global-ODS-Ângela-Paiva-e-Paula-Serafini-5-150x150.jpg

05.05.21-Aula-ISD-Educação-para-a-Cidadania-Global-ODS-Ângela-Paiva-e-Paula-Serafini-5-300x146.jpg

https://institutosantosdumont.org.br/wp-content/uploads/2021/05/05.05.21-Aula-ISD-Educação-para-a-Cidadania-Global-ODS-Ângela-Paiva-e-Paula-Serafini-5-300x146.jpg

05.05.21-Aula-ISD-Educação-para-a-Cidadania-Global-ODS-Ângela-Paiva-e-Paula-Serafini-5-768x373.jpg

https://institutosantosdumont.org.br/wp-content/uploads/2021/05/05.05.21-Aula-ISD-Educação-para-a-Cidadania-Global-ODS-Ângela-Paiva-e-Paula-Serafini-5-768x373.jpg

05.05.21-Aula-ISD-Educação-para-a-Cidadania-Global-ODS-Ângela-Paiva-e-Paula-Serafini-5-1024x498.jpg

https://institutosantosdumont.org.br/wp-content/uploads/2021/05/05.05.21-Aula-ISD-Educação-para-a-Cidadania-Global-ODS-Ângela-Paiva-e-Paula-Serafini-5-1024x498.jpg

05.05.21-Aula-ISD-Educação-para-a-Cidadania-Global-ODS-Ângela-Paiva-e-Paula-Serafini-5.jpg

https://institutosantosdumont.org.br/wp-content/uploads/2021/05/05.05.21-Aula-ISD-Educação-para-a-Cidadania-Global-ODS-Ângela-Paiva-e-Paula-Serafini-5.jpg
