{"id":21981,"date":"2021-07-09T10:25:51","date_gmt":"2021-07-09T13:25:51","guid":{"rendered":"http:\/\/www.institutosantosdumont.org.br\/wp-content\/uploads\/2021\/07\/Evento-no-IIN-ELS-re\u00fane-representantes-do-CER.jpeg"},"modified":"2021-07-09T10:27:25","modified_gmt":"2021-07-09T13:27:25","slug":"evento-no-iin-els-reune-representantes-do-cer","status":"inherit","type":"attachment","link":"https:\/\/institutosantosdumont.org.br\/en\/evento-no-iin-els-debate-ampliacao-da-assistencia-a-pessoa-com-deficiencia-motora\/evento-no-iin-els-reune-representantes-do-cer\/","title":{"rendered":"Event at IIN-ELS brings together CER representatives"},"author":10,"featured_media":0,"comment_status":"open","ping_status":"closed","template":"","meta":{"_acf_changed":false},"class_list":["post-21981","attachment","type-attachment","status-inherit","hentry"],"acf":[],"description":{"rendered":"<p class=\"attachment\"><a href='https:\/\/institutosantosdumont.org.br\/wp-content\/uploads\/2021\/07\/Evento-no-IIN-ELS-re\u00fane-representantes-do-CER.jpeg'><img fetchpriority=\"high\" decoding=\"async\" width=\"300\" height=\"200\" src=\"https:\/\/institutosantosdumont.org.br\/wp-content\/uploads\/2021\/07\/Evento-no-IIN-ELS-re\u00fane-representantes-do-CER-300x200.jpeg\" class=\"attachment-medium size-medium\" alt=\"\" srcset=\"https:\/\/institutosantosdumont.org.br\/wp-content\/uploads\/2021\/07\/Evento-no-IIN-ELS-re\u00fane-representantes-do-CER-300x200.jpeg 300w, https:\/\/institutosantosdumont.org.br\/wp-content\/uploads\/2021\/07\/Evento-no-IIN-ELS-re\u00fane-representantes-do-CER-768x512.jpeg 768w, https:\/\/institutosantosdumont.org.br\/wp-content\/uploads\/2021\/07\/Evento-no-IIN-ELS-re\u00fane-representantes-do-CER-1024x682.jpeg 1024w, https:\/\/institutosantosdumont.org.br\/wp-content\/uploads\/2021\/07\/Evento-no-IIN-ELS-re\u00fane-representantes-do-CER.jpeg 1280w\" sizes=\"(max-width: 300px) 100vw, 300px\" \/><\/a><\/p>\n"},"caption":{"rendered":"<p>Evento busca discutir demandas e ampliar o acesso da popula\u00e7\u00e3o aos servi\u00e7os dos Centros Especializados em Reabilita\u00e7\u00e3o. <\/p>\n"},"alt_text":"","media_type":"image","mime_type":"image\/jpeg","media_details":{"width":1280,"height":853,"file":"2021\/07\/Evento-no-IIN-ELS-re\u00fane-representantes-do-CER.jpeg","sizes":{"thumbnail":{"file":"Evento-no-IIN-ELS-re\u00fane-representantes-do-CER-150x150.jpeg","width":150,"height":150,"mime_type":"image\/jpeg","source_url":"https:\/\/institutosantosdumont.org.br\/wp-content\/uploads\/2021\/07\/Evento-no-IIN-ELS-re\u00fane-representantes-do-CER-150x150.jpeg"},"medium":{"file":"Evento-no-IIN-ELS-re\u00fane-representantes-do-CER-300x200.jpeg","width":300,"height":200,"mime_type":"image\/jpeg","source_url":"https:\/\/institutosantosdumont.org.br\/wp-content\/uploads\/2021\/07\/Evento-no-IIN-ELS-re\u00fane-representantes-do-CER-300x200.jpeg"},"medium_large":{"file":"Evento-no-IIN-ELS-re\u00fane-representantes-do-CER-768x512.jpeg","width":768,"height":512,"mime_type":"image\/jpeg","source_url":"https:\/\/institutosantosdumont.org.br\/wp-content\/uploads\/2021\/07\/Evento-no-IIN-ELS-re\u00fane-representantes-do-CER-768x512.jpeg"},"large":{"file":"Evento-no-IIN-ELS-re\u00fane-representantes-do-CER-1024x682.jpeg","width":1024,"height":682,"mime_type":"image\/jpeg","source_url":"https:\/\/institutosantosdumont.org.br\/wp-content\/uploads\/2021\/07\/Evento-no-IIN-ELS-re\u00fane-representantes-do-CER-1024x682.jpeg"},"full":{"file":"Evento-no-IIN-ELS-re\u00fane-representantes-do-CER.jpeg","width":1280,"height":853,"mime_type":"image\/jpeg","source_url":"https:\/\/institutosantosdumont.org.br\/wp-content\/uploads\/2021\/07\/Evento-no-IIN-ELS-re\u00fane-representantes-do-CER.jpeg"}},"image_meta":{"aperture":"0","credit":"","camera":"","caption":"","created_timestamp":"0","copyright":"","focal_length":"0","iso":"0","shutter_speed":"0","title":"","orientation":"0","keywords":[]}},"post":21977,"source_url":"https:\/\/institutosantosdumont.org.br\/wp-content\/uploads\/2021\/07\/Evento-no-IIN-ELS-re\u00fane-representantes-do-CER.jpeg","_links":{"self":[{"href":"https:\/\/institutosantosdumont.org.br\/en\/wp-json\/wp\/v2\/media\/21981","targetHints":{"allow":["GET"]}}],"collection":[{"href":"https:\/\/institutosantosdumont.org.br\/en\/wp-json\/wp\/v2\/media"}],"about":[{"href":"https:\/\/institutosantosdumont.org.br\/en\/wp-json\/wp\/v2\/types\/attachment"}],"author":[{"embeddable":true,"href":"https:\/\/institutosantosdumont.org.br\/en\/wp-json\/wp\/v2\/users\/10"}],"replies":[{"embeddable":true,"href":"https:\/\/institutosantosdumont.org.br\/en\/wp-json\/wp\/v2\/comments?post=21981"}],"wp:attached-to":[{"embeddable":true,"post_type":"post","id":21977,"href":"https:\/\/institutosantosdumont.org.br\/en\/wp-json\/wp\/v2\/posts\/21977"}],"curies":[{"name":"wp","href":"https:\/\/api.w.org\/{rel}","templated":true}]}}

http://www.institutosantosdumont.org.br/wp-content/uploads/2021/07/Evento-no-IIN-ELS-reúne-representantes-do-CER.jpeg

<p class="attachment"><a href='https://institutosantosdumont.org.br/wp-content/uploads/2021/07/Evento-no-IIN-ELS-reúne-representantes-do-CER.jpeg'><img fetchpriority="high" decoding="async" width="300" height="200" src="https://institutosantosdumont.org.br/wp-content/uploads/2021/07/Evento-no-IIN-ELS-reúne-representantes-do-CER-300x200.jpeg" class="attachment-medium size-medium" alt="" srcset="https://institutosantosdumont.org.br/wp-content/uploads/2021/07/Evento-no-IIN-ELS-reúne-representantes-do-CER-300x200.jpeg 300w, https://institutosantosdumont.org.br/wp-content/uploads/2021/07/Evento-no-IIN-ELS-reúne-representantes-do-CER-768x512.jpeg 768w, https://institutosantosdumont.org.br/wp-content/uploads/2021/07/Evento-no-IIN-ELS-reúne-representantes-do-CER-1024x682.jpeg 1024w, https://institutosantosdumont.org.br/wp-content/uploads/2021/07/Evento-no-IIN-ELS-reúne-representantes-do-CER.jpeg 1280w" sizes="(max-width: 300px) 100vw, 300px" /></a></p>

<p>Evento busca discutir demandas e ampliar o acesso da população aos serviços dos Centros Especializados em Reabilitação. </p>

2021/07/Evento-no-IIN-ELS-reúne-representantes-do-CER.jpeg

Evento-no-IIN-ELS-reúne-representantes-do-CER-150x150.jpeg

https://institutosantosdumont.org.br/wp-content/uploads/2021/07/Evento-no-IIN-ELS-reúne-representantes-do-CER-150x150.jpeg

Evento-no-IIN-ELS-reúne-representantes-do-CER-300x200.jpeg

https://institutosantosdumont.org.br/wp-content/uploads/2021/07/Evento-no-IIN-ELS-reúne-representantes-do-CER-300x200.jpeg

Evento-no-IIN-ELS-reúne-representantes-do-CER-768x512.jpeg

https://institutosantosdumont.org.br/wp-content/uploads/2021/07/Evento-no-IIN-ELS-reúne-representantes-do-CER-768x512.jpeg

Evento-no-IIN-ELS-reúne-representantes-do-CER-1024x682.jpeg

https://institutosantosdumont.org.br/wp-content/uploads/2021/07/Evento-no-IIN-ELS-reúne-representantes-do-CER-1024x682.jpeg

Evento-no-IIN-ELS-reúne-representantes-do-CER.jpeg

https://institutosantosdumont.org.br/wp-content/uploads/2021/07/Evento-no-IIN-ELS-reúne-representantes-do-CER.jpeg
