{"id":22220,"date":"2021-07-30T08:53:42","date_gmt":"2021-07-30T11:53:42","guid":{"rendered":"http:\/\/www.institutosantosdumont.org.br\/wp-content\/uploads\/2021\/07\/ISD-promove-capacita\u00e7\u00e3o-para-profissionais-da-rede-b\u00e1sica-de-sa\u00fade-de-Extremoz-_-Foto-ASCOM-ISD.jpeg"},"modified":"2021-07-30T08:53:42","modified_gmt":"2021-07-30T11:53:42","slug":"isd-promove-capacitacao-para-profissionais-da-rede-basica-de-saude-de-extremoz-_-foto-ascom-isd","status":"inherit","type":"attachment","link":"https:\/\/institutosantosdumont.org.br\/en\/isd-capacita-profissionais-da-saude-basica-de-extremoz-sobre-epilepsia\/isd-promove-capacitacao-para-profissionais-da-rede-basica-de-saude-de-extremoz-_-foto-ascom-isd\/","title":{"rendered":"ISD promove capacita\u00e7\u00e3o para profissionais da rede b\u00e1sica de sa\u00fade de Extremoz _ Foto ASCOM ISD"},"author":10,"featured_media":0,"comment_status":"open","ping_status":"closed","template":"","meta":{"_acf_changed":false},"class_list":["post-22220","attachment","type-attachment","status-inherit","hentry"],"acf":[],"description":{"rendered":"<p class=\"attachment\"><a href='https:\/\/institutosantosdumont.org.br\/wp-content\/uploads\/2021\/07\/ISD-promove-capacita\u00e7\u00e3o-para-profissionais-da-rede-b\u00e1sica-de-sa\u00fade-de-Extremoz-_-Foto-ASCOM-ISD.jpeg'><img fetchpriority=\"high\" decoding=\"async\" width=\"300\" height=\"199\" src=\"https:\/\/institutosantosdumont.org.br\/wp-content\/uploads\/2021\/07\/ISD-promove-capacita\u00e7\u00e3o-para-profissionais-da-rede-b\u00e1sica-de-sa\u00fade-de-Extremoz-_-Foto-ASCOM-ISD-300x199.jpeg\" class=\"attachment-medium size-medium\" alt=\"\" srcset=\"https:\/\/institutosantosdumont.org.br\/wp-content\/uploads\/2021\/07\/ISD-promove-capacita\u00e7\u00e3o-para-profissionais-da-rede-b\u00e1sica-de-sa\u00fade-de-Extremoz-_-Foto-ASCOM-ISD-300x199.jpeg 300w, https:\/\/institutosantosdumont.org.br\/wp-content\/uploads\/2021\/07\/ISD-promove-capacita\u00e7\u00e3o-para-profissionais-da-rede-b\u00e1sica-de-sa\u00fade-de-Extremoz-_-Foto-ASCOM-ISD-768x508.jpeg 768w, https:\/\/institutosantosdumont.org.br\/wp-content\/uploads\/2021\/07\/ISD-promove-capacita\u00e7\u00e3o-para-profissionais-da-rede-b\u00e1sica-de-sa\u00fade-de-Extremoz-_-Foto-ASCOM-ISD-1024x678.jpeg 1024w, https:\/\/institutosantosdumont.org.br\/wp-content\/uploads\/2021\/07\/ISD-promove-capacita\u00e7\u00e3o-para-profissionais-da-rede-b\u00e1sica-de-sa\u00fade-de-Extremoz-_-Foto-ASCOM-ISD.jpeg 1280w\" sizes=\"(max-width: 300px) 100vw, 300px\" \/><\/a><\/p>\n"},"caption":{"rendered":""},"alt_text":"","media_type":"image","mime_type":"image\/jpeg","media_details":{"width":1280,"height":847,"file":"2021\/07\/ISD-promove-capacita\u00e7\u00e3o-para-profissionais-da-rede-b\u00e1sica-de-sa\u00fade-de-Extremoz-_-Foto-ASCOM-ISD.jpeg","sizes":{"thumbnail":{"file":"ISD-promove-capacita\u00e7\u00e3o-para-profissionais-da-rede-b\u00e1sica-de-sa\u00fade-de-Extremoz-_-Foto-ASCOM-ISD-150x150.jpeg","width":150,"height":150,"mime_type":"image\/jpeg","source_url":"https:\/\/institutosantosdumont.org.br\/wp-content\/uploads\/2021\/07\/ISD-promove-capacita\u00e7\u00e3o-para-profissionais-da-rede-b\u00e1sica-de-sa\u00fade-de-Extremoz-_-Foto-ASCOM-ISD-150x150.jpeg"},"medium":{"file":"ISD-promove-capacita\u00e7\u00e3o-para-profissionais-da-rede-b\u00e1sica-de-sa\u00fade-de-Extremoz-_-Foto-ASCOM-ISD-300x199.jpeg","width":300,"height":199,"mime_type":"image\/jpeg","source_url":"https:\/\/institutosantosdumont.org.br\/wp-content\/uploads\/2021\/07\/ISD-promove-capacita\u00e7\u00e3o-para-profissionais-da-rede-b\u00e1sica-de-sa\u00fade-de-Extremoz-_-Foto-ASCOM-ISD-300x199.jpeg"},"medium_large":{"file":"ISD-promove-capacita\u00e7\u00e3o-para-profissionais-da-rede-b\u00e1sica-de-sa\u00fade-de-Extremoz-_-Foto-ASCOM-ISD-768x508.jpeg","width":768,"height":508,"mime_type":"image\/jpeg","source_url":"https:\/\/institutosantosdumont.org.br\/wp-content\/uploads\/2021\/07\/ISD-promove-capacita\u00e7\u00e3o-para-profissionais-da-rede-b\u00e1sica-de-sa\u00fade-de-Extremoz-_-Foto-ASCOM-ISD-768x508.jpeg"},"large":{"file":"ISD-promove-capacita\u00e7\u00e3o-para-profissionais-da-rede-b\u00e1sica-de-sa\u00fade-de-Extremoz-_-Foto-ASCOM-ISD-1024x678.jpeg","width":1024,"height":678,"mime_type":"image\/jpeg","source_url":"https:\/\/institutosantosdumont.org.br\/wp-content\/uploads\/2021\/07\/ISD-promove-capacita\u00e7\u00e3o-para-profissionais-da-rede-b\u00e1sica-de-sa\u00fade-de-Extremoz-_-Foto-ASCOM-ISD-1024x678.jpeg"},"full":{"file":"ISD-promove-capacita\u00e7\u00e3o-para-profissionais-da-rede-b\u00e1sica-de-sa\u00fade-de-Extremoz-_-Foto-ASCOM-ISD.jpeg","width":1280,"height":847,"mime_type":"image\/jpeg","source_url":"https:\/\/institutosantosdumont.org.br\/wp-content\/uploads\/2021\/07\/ISD-promove-capacita\u00e7\u00e3o-para-profissionais-da-rede-b\u00e1sica-de-sa\u00fade-de-Extremoz-_-Foto-ASCOM-ISD.jpeg"}},"image_meta":{"aperture":"0","credit":"","camera":"","caption":"","created_timestamp":"0","copyright":"","focal_length":"0","iso":"0","shutter_speed":"0","title":"","orientation":"0","keywords":[]}},"post":22216,"source_url":"https:\/\/institutosantosdumont.org.br\/wp-content\/uploads\/2021\/07\/ISD-promove-capacita\u00e7\u00e3o-para-profissionais-da-rede-b\u00e1sica-de-sa\u00fade-de-Extremoz-_-Foto-ASCOM-ISD.jpeg","_links":{"self":[{"href":"https:\/\/institutosantosdumont.org.br\/en\/wp-json\/wp\/v2\/media\/22220","targetHints":{"allow":["GET"]}}],"collection":[{"href":"https:\/\/institutosantosdumont.org.br\/en\/wp-json\/wp\/v2\/media"}],"about":[{"href":"https:\/\/institutosantosdumont.org.br\/en\/wp-json\/wp\/v2\/types\/attachment"}],"author":[{"embeddable":true,"href":"https:\/\/institutosantosdumont.org.br\/en\/wp-json\/wp\/v2\/users\/10"}],"replies":[{"embeddable":true,"href":"https:\/\/institutosantosdumont.org.br\/en\/wp-json\/wp\/v2\/comments?post=22220"}],"wp:attached-to":[{"embeddable":true,"post_type":"post","id":22216,"href":"https:\/\/institutosantosdumont.org.br\/en\/wp-json\/wp\/v2\/posts\/22216"}],"curies":[{"name":"wp","href":"https:\/\/api.w.org\/{rel}","templated":true}]}}

http://www.institutosantosdumont.org.br/wp-content/uploads/2021/07/ISD-promove-capacitação-para-profissionais-da-rede-básica-de-saúde-de-Extremoz-_-Foto-ASCOM-ISD.jpeg

ISD promove capacitação para profissionais da rede básica de saúde de Extremoz _ Foto ASCOM ISD

<p class="attachment"><a href='https://institutosantosdumont.org.br/wp-content/uploads/2021/07/ISD-promove-capacitação-para-profissionais-da-rede-básica-de-saúde-de-Extremoz-_-Foto-ASCOM-ISD.jpeg'><img fetchpriority="high" decoding="async" width="300" height="199" src="https://institutosantosdumont.org.br/wp-content/uploads/2021/07/ISD-promove-capacitação-para-profissionais-da-rede-básica-de-saúde-de-Extremoz-_-Foto-ASCOM-ISD-300x199.jpeg" class="attachment-medium size-medium" alt="" srcset="https://institutosantosdumont.org.br/wp-content/uploads/2021/07/ISD-promove-capacitação-para-profissionais-da-rede-básica-de-saúde-de-Extremoz-_-Foto-ASCOM-ISD-300x199.jpeg 300w, https://institutosantosdumont.org.br/wp-content/uploads/2021/07/ISD-promove-capacitação-para-profissionais-da-rede-básica-de-saúde-de-Extremoz-_-Foto-ASCOM-ISD-768x508.jpeg 768w, https://institutosantosdumont.org.br/wp-content/uploads/2021/07/ISD-promove-capacitação-para-profissionais-da-rede-básica-de-saúde-de-Extremoz-_-Foto-ASCOM-ISD-1024x678.jpeg 1024w, https://institutosantosdumont.org.br/wp-content/uploads/2021/07/ISD-promove-capacitação-para-profissionais-da-rede-básica-de-saúde-de-Extremoz-_-Foto-ASCOM-ISD.jpeg 1280w" sizes="(max-width: 300px) 100vw, 300px" /></a></p>

2021/07/ISD-promove-capacitação-para-profissionais-da-rede-básica-de-saúde-de-Extremoz-_-Foto-ASCOM-ISD.jpeg

ISD-promove-capacitação-para-profissionais-da-rede-básica-de-saúde-de-Extremoz-_-Foto-ASCOM-ISD-150x150.jpeg

https://institutosantosdumont.org.br/wp-content/uploads/2021/07/ISD-promove-capacitação-para-profissionais-da-rede-básica-de-saúde-de-Extremoz-_-Foto-ASCOM-ISD-150x150.jpeg

ISD-promove-capacitação-para-profissionais-da-rede-básica-de-saúde-de-Extremoz-_-Foto-ASCOM-ISD-300x199.jpeg

https://institutosantosdumont.org.br/wp-content/uploads/2021/07/ISD-promove-capacitação-para-profissionais-da-rede-básica-de-saúde-de-Extremoz-_-Foto-ASCOM-ISD-300x199.jpeg

ISD-promove-capacitação-para-profissionais-da-rede-básica-de-saúde-de-Extremoz-_-Foto-ASCOM-ISD-768x508.jpeg

https://institutosantosdumont.org.br/wp-content/uploads/2021/07/ISD-promove-capacitação-para-profissionais-da-rede-básica-de-saúde-de-Extremoz-_-Foto-ASCOM-ISD-768x508.jpeg

ISD-promove-capacitação-para-profissionais-da-rede-básica-de-saúde-de-Extremoz-_-Foto-ASCOM-ISD-1024x678.jpeg

https://institutosantosdumont.org.br/wp-content/uploads/2021/07/ISD-promove-capacitação-para-profissionais-da-rede-básica-de-saúde-de-Extremoz-_-Foto-ASCOM-ISD-1024x678.jpeg

ISD-promove-capacitação-para-profissionais-da-rede-básica-de-saúde-de-Extremoz-_-Foto-ASCOM-ISD.jpeg

https://institutosantosdumont.org.br/wp-content/uploads/2021/07/ISD-promove-capacitação-para-profissionais-da-rede-básica-de-saúde-de-Extremoz-_-Foto-ASCOM-ISD.jpeg
