{"id":23574,"date":"2022-03-06T09:06:10","date_gmt":"2022-03-06T12:06:10","guid":{"rendered":"http:\/\/www.institutosantosdumont.org.br\/wp-content\/uploads\/2022\/03\/Neuromodula\u00e7\u00e3o-como-ferramenta-para-modificar-mem\u00f3rias-traum\u00e1ticas.png"},"modified":"2022-03-06T09:06:10","modified_gmt":"2022-03-06T12:06:10","slug":"neuromodulacao-como-ferramenta-para-modificar-memorias-traumaticas","status":"inherit","type":"attachment","link":"https:\/\/institutosantosdumont.org.br\/en\/edicao-2021\/neuromodulacao-como-ferramenta-para-modificar-memorias-traumaticas\/","title":{"rendered":"Neuromodulation as a tool to modify traumatic memories"},"author":10,"featured_media":0,"comment_status":"open","ping_status":"closed","template":"","meta":{"_acf_changed":false},"class_list":["post-23574","attachment","type-attachment","status-inherit","hentry"],"acf":[],"description":{"rendered":"<p class=\"attachment\"><a href='https:\/\/institutosantosdumont.org.br\/wp-content\/uploads\/2022\/03\/Neuromodula\u00e7\u00e3o-como-ferramenta-para-modificar-mem\u00f3rias-traum\u00e1ticas.png'><img fetchpriority=\"high\" decoding=\"async\" width=\"300\" height=\"169\" src=\"https:\/\/institutosantosdumont.org.br\/wp-content\/uploads\/2022\/03\/Neuromodula\u00e7\u00e3o-como-ferramenta-para-modificar-mem\u00f3rias-traum\u00e1ticas-300x169.png\" class=\"attachment-medium size-medium\" alt=\"\" srcset=\"https:\/\/institutosantosdumont.org.br\/wp-content\/uploads\/2022\/03\/Neuromodula\u00e7\u00e3o-como-ferramenta-para-modificar-mem\u00f3rias-traum\u00e1ticas-300x169.png 300w, https:\/\/institutosantosdumont.org.br\/wp-content\/uploads\/2022\/03\/Neuromodula\u00e7\u00e3o-como-ferramenta-para-modificar-mem\u00f3rias-traum\u00e1ticas-768x432.png 768w, https:\/\/institutosantosdumont.org.br\/wp-content\/uploads\/2022\/03\/Neuromodula\u00e7\u00e3o-como-ferramenta-para-modificar-mem\u00f3rias-traum\u00e1ticas-1024x576.png 1024w, https:\/\/institutosantosdumont.org.br\/wp-content\/uploads\/2022\/03\/Neuromodula\u00e7\u00e3o-como-ferramenta-para-modificar-mem\u00f3rias-traum\u00e1ticas.png 1280w\" sizes=\"(max-width: 300px) 100vw, 300px\" \/><\/a><\/p>\n"},"caption":{"rendered":""},"alt_text":"","media_type":"image","mime_type":"image\/png","media_details":{"width":1280,"height":720,"file":"2022\/03\/Neuromodula\u00e7\u00e3o-como-ferramenta-para-modificar-mem\u00f3rias-traum\u00e1ticas.png","sizes":{"thumbnail":{"file":"Neuromodula\u00e7\u00e3o-como-ferramenta-para-modificar-mem\u00f3rias-traum\u00e1ticas-150x150.png","width":150,"height":150,"mime_type":"image\/png","source_url":"https:\/\/institutosantosdumont.org.br\/wp-content\/uploads\/2022\/03\/Neuromodula\u00e7\u00e3o-como-ferramenta-para-modificar-mem\u00f3rias-traum\u00e1ticas-150x150.png"},"medium":{"file":"Neuromodula\u00e7\u00e3o-como-ferramenta-para-modificar-mem\u00f3rias-traum\u00e1ticas-300x169.png","width":300,"height":169,"mime_type":"image\/png","source_url":"https:\/\/institutosantosdumont.org.br\/wp-content\/uploads\/2022\/03\/Neuromodula\u00e7\u00e3o-como-ferramenta-para-modificar-mem\u00f3rias-traum\u00e1ticas-300x169.png"},"medium_large":{"file":"Neuromodula\u00e7\u00e3o-como-ferramenta-para-modificar-mem\u00f3rias-traum\u00e1ticas-768x432.png","width":768,"height":432,"mime_type":"image\/png","source_url":"https:\/\/institutosantosdumont.org.br\/wp-content\/uploads\/2022\/03\/Neuromodula\u00e7\u00e3o-como-ferramenta-para-modificar-mem\u00f3rias-traum\u00e1ticas-768x432.png"},"large":{"file":"Neuromodula\u00e7\u00e3o-como-ferramenta-para-modificar-mem\u00f3rias-traum\u00e1ticas-1024x576.png","width":1024,"height":576,"mime_type":"image\/png","source_url":"https:\/\/institutosantosdumont.org.br\/wp-content\/uploads\/2022\/03\/Neuromodula\u00e7\u00e3o-como-ferramenta-para-modificar-mem\u00f3rias-traum\u00e1ticas-1024x576.png"},"full":{"file":"Neuromodula\u00e7\u00e3o-como-ferramenta-para-modificar-mem\u00f3rias-traum\u00e1ticas.png","width":1280,"height":720,"mime_type":"image\/png","source_url":"https:\/\/institutosantosdumont.org.br\/wp-content\/uploads\/2022\/03\/Neuromodula\u00e7\u00e3o-como-ferramenta-para-modificar-mem\u00f3rias-traum\u00e1ticas.png"}},"image_meta":{"aperture":"0","credit":"","camera":"","caption":"","created_timestamp":"0","copyright":"","focal_length":"0","iso":"0","shutter_speed":"0","title":"","orientation":"0","keywords":[]}},"post":21654,"source_url":"https:\/\/institutosantosdumont.org.br\/wp-content\/uploads\/2022\/03\/Neuromodula\u00e7\u00e3o-como-ferramenta-para-modificar-mem\u00f3rias-traum\u00e1ticas.png","_links":{"self":[{"href":"https:\/\/institutosantosdumont.org.br\/en\/wp-json\/wp\/v2\/media\/23574","targetHints":{"allow":["GET"]}}],"collection":[{"href":"https:\/\/institutosantosdumont.org.br\/en\/wp-json\/wp\/v2\/media"}],"about":[{"href":"https:\/\/institutosantosdumont.org.br\/en\/wp-json\/wp\/v2\/types\/attachment"}],"author":[{"embeddable":true,"href":"https:\/\/institutosantosdumont.org.br\/en\/wp-json\/wp\/v2\/users\/10"}],"replies":[{"embeddable":true,"href":"https:\/\/institutosantosdumont.org.br\/en\/wp-json\/wp\/v2\/comments?post=23574"}],"wp:attached-to":[{"embeddable":true,"post_type":"page","id":21654,"href":"https:\/\/institutosantosdumont.org.br\/en\/wp-json\/wp\/v2\/pages\/21654"}],"curies":[{"name":"wp","href":"https:\/\/api.w.org\/{rel}","templated":true}]}}

http://www.institutosantosdumont.org.br/wp-content/uploads/2022/03/Neuromodulação-como-ferramenta-para-modificar-memórias-traumáticas.png

<p class="attachment"><a href='https://institutosantosdumont.org.br/wp-content/uploads/2022/03/Neuromodulação-como-ferramenta-para-modificar-memórias-traumáticas.png'><img fetchpriority="high" decoding="async" width="300" height="169" src="https://institutosantosdumont.org.br/wp-content/uploads/2022/03/Neuromodulação-como-ferramenta-para-modificar-memórias-traumáticas-300x169.png" class="attachment-medium size-medium" alt="" srcset="https://institutosantosdumont.org.br/wp-content/uploads/2022/03/Neuromodulação-como-ferramenta-para-modificar-memórias-traumáticas-300x169.png 300w, https://institutosantosdumont.org.br/wp-content/uploads/2022/03/Neuromodulação-como-ferramenta-para-modificar-memórias-traumáticas-768x432.png 768w, https://institutosantosdumont.org.br/wp-content/uploads/2022/03/Neuromodulação-como-ferramenta-para-modificar-memórias-traumáticas-1024x576.png 1024w, https://institutosantosdumont.org.br/wp-content/uploads/2022/03/Neuromodulação-como-ferramenta-para-modificar-memórias-traumáticas.png 1280w" sizes="(max-width: 300px) 100vw, 300px" /></a></p>

2022/03/Neuromodulação-como-ferramenta-para-modificar-memórias-traumáticas.png

Neuromodulação-como-ferramenta-para-modificar-memórias-traumáticas-150x150.png

https://institutosantosdumont.org.br/wp-content/uploads/2022/03/Neuromodulação-como-ferramenta-para-modificar-memórias-traumáticas-150x150.png

Neuromodulação-como-ferramenta-para-modificar-memórias-traumáticas-300x169.png

https://institutosantosdumont.org.br/wp-content/uploads/2022/03/Neuromodulação-como-ferramenta-para-modificar-memórias-traumáticas-300x169.png

Neuromodulação-como-ferramenta-para-modificar-memórias-traumáticas-768x432.png

https://institutosantosdumont.org.br/wp-content/uploads/2022/03/Neuromodulação-como-ferramenta-para-modificar-memórias-traumáticas-768x432.png

Neuromodulação-como-ferramenta-para-modificar-memórias-traumáticas-1024x576.png

https://institutosantosdumont.org.br/wp-content/uploads/2022/03/Neuromodulação-como-ferramenta-para-modificar-memórias-traumáticas-1024x576.png

Neuromodulação-como-ferramenta-para-modificar-memórias-traumáticas.png

https://institutosantosdumont.org.br/wp-content/uploads/2022/03/Neuromodulação-como-ferramenta-para-modificar-memórias-traumáticas.png
