{"id":24237,"date":"2022-05-03T10:29:36","date_gmt":"2022-05-03T13:29:36","guid":{"rendered":"http:\/\/www.institutosantosdumont.org.br\/wp-content\/uploads\/2022\/05\/ISD-promove-a\u00e7\u00e3o-de-educa\u00e7\u00e3o-permanente-para-Centros-de-Reabilita\u00e7\u00e3o-potiguares-Foto-Ascom-ISD.jpg"},"modified":"2022-05-03T10:29:36","modified_gmt":"2022-05-03T13:29:36","slug":"isd-promove-acao-de-educacao-permanente-para-centros-de-reabilitacao-potiguares-foto-ascom-isd","status":"inherit","type":"attachment","link":"https:\/\/institutosantosdumont.org.br\/en\/isd-promove-acao-de-educacao-permanente-para-centros-de-reabilitacao-potiguares\/isd-promove-acao-de-educacao-permanente-para-centros-de-reabilitacao-potiguares-foto-ascom-isd\/","title":{"rendered":"ISD promotes continuing education program for rehabilitation centers in Rio Grande do Norte \u2013 Photo: Ascom ISD"},"author":10,"featured_media":0,"comment_status":"open","ping_status":"closed","template":"","meta":{"_acf_changed":false},"class_list":["post-24237","attachment","type-attachment","status-inherit","hentry"],"acf":[],"description":{"rendered":"<p class=\"attachment\"><a href='https:\/\/institutosantosdumont.org.br\/wp-content\/uploads\/2022\/05\/ISD-promove-a\u00e7\u00e3o-de-educa\u00e7\u00e3o-permanente-para-Centros-de-Reabilita\u00e7\u00e3o-potiguares-Foto-Ascom-ISD.jpg'><img fetchpriority=\"high\" decoding=\"async\" width=\"300\" height=\"225\" src=\"https:\/\/institutosantosdumont.org.br\/wp-content\/uploads\/2022\/05\/ISD-promove-a\u00e7\u00e3o-de-educa\u00e7\u00e3o-permanente-para-Centros-de-Reabilita\u00e7\u00e3o-potiguares-Foto-Ascom-ISD-300x225.jpg\" class=\"attachment-medium size-medium\" alt=\"\" srcset=\"https:\/\/institutosantosdumont.org.br\/wp-content\/uploads\/2022\/05\/ISD-promove-a\u00e7\u00e3o-de-educa\u00e7\u00e3o-permanente-para-Centros-de-Reabilita\u00e7\u00e3o-potiguares-Foto-Ascom-ISD-300x225.jpg 300w, https:\/\/institutosantosdumont.org.br\/wp-content\/uploads\/2022\/05\/ISD-promove-a\u00e7\u00e3o-de-educa\u00e7\u00e3o-permanente-para-Centros-de-Reabilita\u00e7\u00e3o-potiguares-Foto-Ascom-ISD-768x576.jpg 768w, https:\/\/institutosantosdumont.org.br\/wp-content\/uploads\/2022\/05\/ISD-promove-a\u00e7\u00e3o-de-educa\u00e7\u00e3o-permanente-para-Centros-de-Reabilita\u00e7\u00e3o-potiguares-Foto-Ascom-ISD-1024x768.jpg 1024w\" sizes=\"(max-width: 300px) 100vw, 300px\" \/><\/a><\/p>\n"},"caption":{"rendered":""},"alt_text":"","media_type":"image","mime_type":"image\/jpeg","media_details":{"width":4032,"height":3024,"file":"2022\/05\/ISD-promove-a\u00e7\u00e3o-de-educa\u00e7\u00e3o-permanente-para-Centros-de-Reabilita\u00e7\u00e3o-potiguares-Foto-Ascom-ISD.jpg","sizes":{"thumbnail":{"file":"ISD-promove-a\u00e7\u00e3o-de-educa\u00e7\u00e3o-permanente-para-Centros-de-Reabilita\u00e7\u00e3o-potiguares-Foto-Ascom-ISD-150x150.jpg","width":150,"height":150,"mime_type":"image\/jpeg","source_url":"https:\/\/institutosantosdumont.org.br\/wp-content\/uploads\/2022\/05\/ISD-promove-a\u00e7\u00e3o-de-educa\u00e7\u00e3o-permanente-para-Centros-de-Reabilita\u00e7\u00e3o-potiguares-Foto-Ascom-ISD-150x150.jpg"},"medium":{"file":"ISD-promove-a\u00e7\u00e3o-de-educa\u00e7\u00e3o-permanente-para-Centros-de-Reabilita\u00e7\u00e3o-potiguares-Foto-Ascom-ISD-300x225.jpg","width":300,"height":225,"mime_type":"image\/jpeg","source_url":"https:\/\/institutosantosdumont.org.br\/wp-content\/uploads\/2022\/05\/ISD-promove-a\u00e7\u00e3o-de-educa\u00e7\u00e3o-permanente-para-Centros-de-Reabilita\u00e7\u00e3o-potiguares-Foto-Ascom-ISD-300x225.jpg"},"medium_large":{"file":"ISD-promove-a\u00e7\u00e3o-de-educa\u00e7\u00e3o-permanente-para-Centros-de-Reabilita\u00e7\u00e3o-potiguares-Foto-Ascom-ISD-768x576.jpg","width":768,"height":576,"mime_type":"image\/jpeg","source_url":"https:\/\/institutosantosdumont.org.br\/wp-content\/uploads\/2022\/05\/ISD-promove-a\u00e7\u00e3o-de-educa\u00e7\u00e3o-permanente-para-Centros-de-Reabilita\u00e7\u00e3o-potiguares-Foto-Ascom-ISD-768x576.jpg"},"large":{"file":"ISD-promove-a\u00e7\u00e3o-de-educa\u00e7\u00e3o-permanente-para-Centros-de-Reabilita\u00e7\u00e3o-potiguares-Foto-Ascom-ISD-1024x768.jpg","width":1024,"height":768,"mime_type":"image\/jpeg","source_url":"https:\/\/institutosantosdumont.org.br\/wp-content\/uploads\/2022\/05\/ISD-promove-a\u00e7\u00e3o-de-educa\u00e7\u00e3o-permanente-para-Centros-de-Reabilita\u00e7\u00e3o-potiguares-Foto-Ascom-ISD-1024x768.jpg"},"full":{"file":"ISD-promove-a\u00e7\u00e3o-de-educa\u00e7\u00e3o-permanente-para-Centros-de-Reabilita\u00e7\u00e3o-potiguares-Foto-Ascom-ISD.jpg","width":4032,"height":3024,"mime_type":"image\/jpeg","source_url":"https:\/\/institutosantosdumont.org.br\/wp-content\/uploads\/2022\/05\/ISD-promove-a\u00e7\u00e3o-de-educa\u00e7\u00e3o-permanente-para-Centros-de-Reabilita\u00e7\u00e3o-potiguares-Foto-Ascom-ISD.jpg"}},"image_meta":{"aperture":"1.8","credit":"","camera":"iPhone 11","caption":"","created_timestamp":"1651571771","copyright":"","focal_length":"4.25","iso":"400","shutter_speed":"0.016666666666667","title":"","orientation":"1","keywords":[]}},"post":24234,"source_url":"https:\/\/institutosantosdumont.org.br\/wp-content\/uploads\/2022\/05\/ISD-promove-a\u00e7\u00e3o-de-educa\u00e7\u00e3o-permanente-para-Centros-de-Reabilita\u00e7\u00e3o-potiguares-Foto-Ascom-ISD.jpg","_links":{"self":[{"href":"https:\/\/institutosantosdumont.org.br\/en\/wp-json\/wp\/v2\/media\/24237","targetHints":{"allow":["GET"]}}],"collection":[{"href":"https:\/\/institutosantosdumont.org.br\/en\/wp-json\/wp\/v2\/media"}],"about":[{"href":"https:\/\/institutosantosdumont.org.br\/en\/wp-json\/wp\/v2\/types\/attachment"}],"author":[{"embeddable":true,"href":"https:\/\/institutosantosdumont.org.br\/en\/wp-json\/wp\/v2\/users\/10"}],"replies":[{"embeddable":true,"href":"https:\/\/institutosantosdumont.org.br\/en\/wp-json\/wp\/v2\/comments?post=24237"}],"wp:attached-to":[{"embeddable":true,"post_type":"post","id":24234,"href":"https:\/\/institutosantosdumont.org.br\/en\/wp-json\/wp\/v2\/posts\/24234"}],"curies":[{"name":"wp","href":"https:\/\/api.w.org\/{rel}","templated":true}]}}

http://www.institutosantosdumont.org.br/wp-content/uploads/2022/05/ISD-promove-ação-de-educação-permanente-para-Centros-de-Reabilitação-potiguares-Foto-Ascom-ISD.jpg

<p class="attachment"><a href='https://institutosantosdumont.org.br/wp-content/uploads/2022/05/ISD-promove-ação-de-educação-permanente-para-Centros-de-Reabilitação-potiguares-Foto-Ascom-ISD.jpg'><img fetchpriority="high" decoding="async" width="300" height="225" src="https://institutosantosdumont.org.br/wp-content/uploads/2022/05/ISD-promove-ação-de-educação-permanente-para-Centros-de-Reabilitação-potiguares-Foto-Ascom-ISD-300x225.jpg" class="attachment-medium size-medium" alt="" srcset="https://institutosantosdumont.org.br/wp-content/uploads/2022/05/ISD-promove-ação-de-educação-permanente-para-Centros-de-Reabilitação-potiguares-Foto-Ascom-ISD-300x225.jpg 300w, https://institutosantosdumont.org.br/wp-content/uploads/2022/05/ISD-promove-ação-de-educação-permanente-para-Centros-de-Reabilitação-potiguares-Foto-Ascom-ISD-768x576.jpg 768w, https://institutosantosdumont.org.br/wp-content/uploads/2022/05/ISD-promove-ação-de-educação-permanente-para-Centros-de-Reabilitação-potiguares-Foto-Ascom-ISD-1024x768.jpg 1024w" sizes="(max-width: 300px) 100vw, 300px" /></a></p>

2022/05/ISD-promove-ação-de-educação-permanente-para-Centros-de-Reabilitação-potiguares-Foto-Ascom-ISD.jpg

ISD-promove-ação-de-educação-permanente-para-Centros-de-Reabilitação-potiguares-Foto-Ascom-ISD-150x150.jpg

https://institutosantosdumont.org.br/wp-content/uploads/2022/05/ISD-promove-ação-de-educação-permanente-para-Centros-de-Reabilitação-potiguares-Foto-Ascom-ISD-150x150.jpg

ISD-promove-ação-de-educação-permanente-para-Centros-de-Reabilitação-potiguares-Foto-Ascom-ISD-300x225.jpg

https://institutosantosdumont.org.br/wp-content/uploads/2022/05/ISD-promove-ação-de-educação-permanente-para-Centros-de-Reabilitação-potiguares-Foto-Ascom-ISD-300x225.jpg

ISD-promove-ação-de-educação-permanente-para-Centros-de-Reabilitação-potiguares-Foto-Ascom-ISD-768x576.jpg

https://institutosantosdumont.org.br/wp-content/uploads/2022/05/ISD-promove-ação-de-educação-permanente-para-Centros-de-Reabilitação-potiguares-Foto-Ascom-ISD-768x576.jpg

ISD-promove-ação-de-educação-permanente-para-Centros-de-Reabilitação-potiguares-Foto-Ascom-ISD-1024x768.jpg

https://institutosantosdumont.org.br/wp-content/uploads/2022/05/ISD-promove-ação-de-educação-permanente-para-Centros-de-Reabilitação-potiguares-Foto-Ascom-ISD-1024x768.jpg

ISD-promove-ação-de-educação-permanente-para-Centros-de-Reabilitação-potiguares-Foto-Ascom-ISD.jpg

https://institutosantosdumont.org.br/wp-content/uploads/2022/05/ISD-promove-ação-de-educação-permanente-para-Centros-de-Reabilitação-potiguares-Foto-Ascom-ISD.jpg
