{"id":25113,"date":"2022-10-11T14:04:55","date_gmt":"2022-10-11T17:04:55","guid":{"rendered":"http:\/\/www.institutosantosdumont.org.br\/wp-content\/uploads\/2022\/10\/Evento-contou-com-representes-das-15-entidades-que-comp\u00f5em-o-Conselho-de-Administra\u00e7\u00e3o-do-PAX.-Foto-Ascom-ISD.jpg"},"modified":"2022-10-11T14:04:55","modified_gmt":"2022-10-11T17:04:55","slug":"evento-contou-com-representes-das-15-entidades-que-compoem-o-conselho-de-administracao-do-pax-foto-ascom-isd","status":"inherit","type":"attachment","link":"https:\/\/institutosantosdumont.org.br\/en\/parque-cientifico-e-tecnologico-augusto-severo-pax-tem-assembleia-constituinte-com-aprovacao-de-estatuto-diretor-presidente-e-conselhos\/evento-contou-com-representes-das-15-entidades-que-compoem-o-conselho-de-administracao-do-pax-foto-ascom-isd\/","title":{"rendered":"The event was attended by representatives of the 15 entities that make up the PAX Board of Directors. Photo \u2013 Ascom ISD"},"author":10,"featured_media":0,"comment_status":"open","ping_status":"closed","template":"","meta":{"_acf_changed":false},"class_list":["post-25113","attachment","type-attachment","status-inherit","hentry"],"acf":[],"description":{"rendered":"<p class=\"attachment\"><a href='https:\/\/institutosantosdumont.org.br\/wp-content\/uploads\/2022\/10\/Evento-contou-com-representes-das-15-entidades-que-comp\u00f5em-o-Conselho-de-Administra\u00e7\u00e3o-do-PAX.-Foto-Ascom-ISD.jpg'><img fetchpriority=\"high\" decoding=\"async\" width=\"300\" height=\"225\" src=\"https:\/\/institutosantosdumont.org.br\/wp-content\/uploads\/2022\/10\/Evento-contou-com-representes-das-15-entidades-que-comp\u00f5em-o-Conselho-de-Administra\u00e7\u00e3o-do-PAX.-Foto-Ascom-ISD-300x225.jpg\" class=\"attachment-medium size-medium\" alt=\"\" srcset=\"https:\/\/institutosantosdumont.org.br\/wp-content\/uploads\/2022\/10\/Evento-contou-com-representes-das-15-entidades-que-comp\u00f5em-o-Conselho-de-Administra\u00e7\u00e3o-do-PAX.-Foto-Ascom-ISD-300x225.jpg 300w, https:\/\/institutosantosdumont.org.br\/wp-content\/uploads\/2022\/10\/Evento-contou-com-representes-das-15-entidades-que-comp\u00f5em-o-Conselho-de-Administra\u00e7\u00e3o-do-PAX.-Foto-Ascom-ISD-768x576.jpg 768w, https:\/\/institutosantosdumont.org.br\/wp-content\/uploads\/2022\/10\/Evento-contou-com-representes-das-15-entidades-que-comp\u00f5em-o-Conselho-de-Administra\u00e7\u00e3o-do-PAX.-Foto-Ascom-ISD-1024x768.jpg 1024w\" sizes=\"(max-width: 300px) 100vw, 300px\" \/><\/a><\/p>\n"},"caption":{"rendered":""},"alt_text":"","media_type":"image","mime_type":"image\/jpeg","media_details":{"width":4032,"height":3024,"file":"2022\/10\/Evento-contou-com-representes-das-15-entidades-que-comp\u00f5em-o-Conselho-de-Administra\u00e7\u00e3o-do-PAX.-Foto-Ascom-ISD.jpg","sizes":{"thumbnail":{"file":"Evento-contou-com-representes-das-15-entidades-que-comp\u00f5em-o-Conselho-de-Administra\u00e7\u00e3o-do-PAX.-Foto-Ascom-ISD-150x150.jpg","width":150,"height":150,"mime_type":"image\/jpeg","source_url":"https:\/\/institutosantosdumont.org.br\/wp-content\/uploads\/2022\/10\/Evento-contou-com-representes-das-15-entidades-que-comp\u00f5em-o-Conselho-de-Administra\u00e7\u00e3o-do-PAX.-Foto-Ascom-ISD-150x150.jpg"},"medium":{"file":"Evento-contou-com-representes-das-15-entidades-que-comp\u00f5em-o-Conselho-de-Administra\u00e7\u00e3o-do-PAX.-Foto-Ascom-ISD-300x225.jpg","width":300,"height":225,"mime_type":"image\/jpeg","source_url":"https:\/\/institutosantosdumont.org.br\/wp-content\/uploads\/2022\/10\/Evento-contou-com-representes-das-15-entidades-que-comp\u00f5em-o-Conselho-de-Administra\u00e7\u00e3o-do-PAX.-Foto-Ascom-ISD-300x225.jpg"},"medium_large":{"file":"Evento-contou-com-representes-das-15-entidades-que-comp\u00f5em-o-Conselho-de-Administra\u00e7\u00e3o-do-PAX.-Foto-Ascom-ISD-768x576.jpg","width":768,"height":576,"mime_type":"image\/jpeg","source_url":"https:\/\/institutosantosdumont.org.br\/wp-content\/uploads\/2022\/10\/Evento-contou-com-representes-das-15-entidades-que-comp\u00f5em-o-Conselho-de-Administra\u00e7\u00e3o-do-PAX.-Foto-Ascom-ISD-768x576.jpg"},"large":{"file":"Evento-contou-com-representes-das-15-entidades-que-comp\u00f5em-o-Conselho-de-Administra\u00e7\u00e3o-do-PAX.-Foto-Ascom-ISD-1024x768.jpg","width":1024,"height":768,"mime_type":"image\/jpeg","source_url":"https:\/\/institutosantosdumont.org.br\/wp-content\/uploads\/2022\/10\/Evento-contou-com-representes-das-15-entidades-que-comp\u00f5em-o-Conselho-de-Administra\u00e7\u00e3o-do-PAX.-Foto-Ascom-ISD-1024x768.jpg"},"full":{"file":"Evento-contou-com-representes-das-15-entidades-que-comp\u00f5em-o-Conselho-de-Administra\u00e7\u00e3o-do-PAX.-Foto-Ascom-ISD.jpg","width":4032,"height":3024,"mime_type":"image\/jpeg","source_url":"https:\/\/institutosantosdumont.org.br\/wp-content\/uploads\/2022\/10\/Evento-contou-com-representes-das-15-entidades-que-comp\u00f5em-o-Conselho-de-Administra\u00e7\u00e3o-do-PAX.-Foto-Ascom-ISD.jpg"}},"image_meta":{"aperture":"1.8","credit":"","camera":"iPhone XR","caption":"","created_timestamp":"1665490143","copyright":"","focal_length":"4.25","iso":"320","shutter_speed":"0.016666666666667","title":"","orientation":"0","keywords":[]}},"post":25112,"source_url":"https:\/\/institutosantosdumont.org.br\/wp-content\/uploads\/2022\/10\/Evento-contou-com-representes-das-15-entidades-que-comp\u00f5em-o-Conselho-de-Administra\u00e7\u00e3o-do-PAX.-Foto-Ascom-ISD.jpg","_links":{"self":[{"href":"https:\/\/institutosantosdumont.org.br\/en\/wp-json\/wp\/v2\/media\/25113","targetHints":{"allow":["GET"]}}],"collection":[{"href":"https:\/\/institutosantosdumont.org.br\/en\/wp-json\/wp\/v2\/media"}],"about":[{"href":"https:\/\/institutosantosdumont.org.br\/en\/wp-json\/wp\/v2\/types\/attachment"}],"author":[{"embeddable":true,"href":"https:\/\/institutosantosdumont.org.br\/en\/wp-json\/wp\/v2\/users\/10"}],"replies":[{"embeddable":true,"href":"https:\/\/institutosantosdumont.org.br\/en\/wp-json\/wp\/v2\/comments?post=25113"}],"wp:attached-to":[{"embeddable":true,"post_type":"post","id":25112,"href":"https:\/\/institutosantosdumont.org.br\/en\/wp-json\/wp\/v2\/posts\/25112"}],"curies":[{"name":"wp","href":"https:\/\/api.w.org\/{rel}","templated":true}]}}

http://www.institutosantosdumont.org.br/wp-content/uploads/2022/10/Evento-contou-com-representes-das-15-entidades-que-compõem-o-Conselho-de-Administração-do-PAX.-Foto-Ascom-ISD.jpg

<p class="attachment"><a href='https://institutosantosdumont.org.br/wp-content/uploads/2022/10/Evento-contou-com-representes-das-15-entidades-que-compõem-o-Conselho-de-Administração-do-PAX.-Foto-Ascom-ISD.jpg'><img fetchpriority="high" decoding="async" width="300" height="225" src="https://institutosantosdumont.org.br/wp-content/uploads/2022/10/Evento-contou-com-representes-das-15-entidades-que-compõem-o-Conselho-de-Administração-do-PAX.-Foto-Ascom-ISD-300x225.jpg" class="attachment-medium size-medium" alt="" srcset="https://institutosantosdumont.org.br/wp-content/uploads/2022/10/Evento-contou-com-representes-das-15-entidades-que-compõem-o-Conselho-de-Administração-do-PAX.-Foto-Ascom-ISD-300x225.jpg 300w, https://institutosantosdumont.org.br/wp-content/uploads/2022/10/Evento-contou-com-representes-das-15-entidades-que-compõem-o-Conselho-de-Administração-do-PAX.-Foto-Ascom-ISD-768x576.jpg 768w, https://institutosantosdumont.org.br/wp-content/uploads/2022/10/Evento-contou-com-representes-das-15-entidades-que-compõem-o-Conselho-de-Administração-do-PAX.-Foto-Ascom-ISD-1024x768.jpg 1024w" sizes="(max-width: 300px) 100vw, 300px" /></a></p>

2022/10/Evento-contou-com-representes-das-15-entidades-que-compõem-o-Conselho-de-Administração-do-PAX.-Foto-Ascom-ISD.jpg

Evento-contou-com-representes-das-15-entidades-que-compõem-o-Conselho-de-Administração-do-PAX.-Foto-Ascom-ISD-150x150.jpg

https://institutosantosdumont.org.br/wp-content/uploads/2022/10/Evento-contou-com-representes-das-15-entidades-que-compõem-o-Conselho-de-Administração-do-PAX.-Foto-Ascom-ISD-150x150.jpg

Evento-contou-com-representes-das-15-entidades-que-compõem-o-Conselho-de-Administração-do-PAX.-Foto-Ascom-ISD-300x225.jpg

https://institutosantosdumont.org.br/wp-content/uploads/2022/10/Evento-contou-com-representes-das-15-entidades-que-compõem-o-Conselho-de-Administração-do-PAX.-Foto-Ascom-ISD-300x225.jpg

Evento-contou-com-representes-das-15-entidades-que-compõem-o-Conselho-de-Administração-do-PAX.-Foto-Ascom-ISD-768x576.jpg

https://institutosantosdumont.org.br/wp-content/uploads/2022/10/Evento-contou-com-representes-das-15-entidades-que-compõem-o-Conselho-de-Administração-do-PAX.-Foto-Ascom-ISD-768x576.jpg

Evento-contou-com-representes-das-15-entidades-que-compõem-o-Conselho-de-Administração-do-PAX.-Foto-Ascom-ISD-1024x768.jpg

https://institutosantosdumont.org.br/wp-content/uploads/2022/10/Evento-contou-com-representes-das-15-entidades-que-compõem-o-Conselho-de-Administração-do-PAX.-Foto-Ascom-ISD-1024x768.jpg

Evento-contou-com-representes-das-15-entidades-que-compõem-o-Conselho-de-Administração-do-PAX.-Foto-Ascom-ISD.jpg

https://institutosantosdumont.org.br/wp-content/uploads/2022/10/Evento-contou-com-representes-das-15-entidades-que-compõem-o-Conselho-de-Administração-do-PAX.-Foto-Ascom-ISD.jpg
