{"id":25264,"date":"2022-11-18T16:30:37","date_gmt":"2022-11-18T19:30:37","guid":{"rendered":"http:\/\/www.institutosantosdumont.org.br\/wp-content\/uploads\/2022\/11\/Educa\u00e7\u00e3o-Permanente_Pronas-e-ISD.jpeg"},"modified":"2022-11-18T16:30:37","modified_gmt":"2022-11-18T19:30:37","slug":"educacao-permanente_pronas-e-isd","status":"inherit","type":"attachment","link":"https:\/\/institutosantosdumont.org.br\/en\/isd-e-pronas-pcd-realizam-formacao-sobre-deficiencia-intelectual-e-autismo-para-profissionais-de-centros-de-reabilitacao-do-rn\/educacao-permanente_pronas-e-isd\/","title":{"rendered":"Educa\u00e7\u00e3o Permanente_Pronas e ISD"},"author":10,"featured_media":0,"comment_status":"open","ping_status":"closed","template":"","meta":{"_acf_changed":false},"class_list":["post-25264","attachment","type-attachment","status-inherit","hentry"],"acf":[],"description":{"rendered":"<p class=\"attachment\"><a href='https:\/\/institutosantosdumont.org.br\/wp-content\/uploads\/2022\/11\/Educa\u00e7\u00e3o-Permanente_Pronas-e-ISD.jpeg'><img fetchpriority=\"high\" decoding=\"async\" width=\"300\" height=\"225\" src=\"https:\/\/institutosantosdumont.org.br\/wp-content\/uploads\/2022\/11\/Educa\u00e7\u00e3o-Permanente_Pronas-e-ISD-300x225.jpeg\" class=\"attachment-medium size-medium\" alt=\"\" srcset=\"https:\/\/institutosantosdumont.org.br\/wp-content\/uploads\/2022\/11\/Educa\u00e7\u00e3o-Permanente_Pronas-e-ISD-300x225.jpeg 300w, https:\/\/institutosantosdumont.org.br\/wp-content\/uploads\/2022\/11\/Educa\u00e7\u00e3o-Permanente_Pronas-e-ISD-768x576.jpeg 768w, https:\/\/institutosantosdumont.org.br\/wp-content\/uploads\/2022\/11\/Educa\u00e7\u00e3o-Permanente_Pronas-e-ISD.jpeg 1024w\" sizes=\"(max-width: 300px) 100vw, 300px\" \/><\/a><\/p>\n"},"caption":{"rendered":""},"alt_text":"","media_type":"image","mime_type":"image\/jpeg","media_details":{"width":1024,"height":768,"file":"2022\/11\/Educa\u00e7\u00e3o-Permanente_Pronas-e-ISD.jpeg","sizes":{"thumbnail":{"file":"Educa\u00e7\u00e3o-Permanente_Pronas-e-ISD-150x150.jpeg","width":150,"height":150,"mime_type":"image\/jpeg","source_url":"https:\/\/institutosantosdumont.org.br\/wp-content\/uploads\/2022\/11\/Educa\u00e7\u00e3o-Permanente_Pronas-e-ISD-150x150.jpeg"},"medium":{"file":"Educa\u00e7\u00e3o-Permanente_Pronas-e-ISD-300x225.jpeg","width":300,"height":225,"mime_type":"image\/jpeg","source_url":"https:\/\/institutosantosdumont.org.br\/wp-content\/uploads\/2022\/11\/Educa\u00e7\u00e3o-Permanente_Pronas-e-ISD-300x225.jpeg"},"medium_large":{"file":"Educa\u00e7\u00e3o-Permanente_Pronas-e-ISD-768x576.jpeg","width":768,"height":576,"mime_type":"image\/jpeg","source_url":"https:\/\/institutosantosdumont.org.br\/wp-content\/uploads\/2022\/11\/Educa\u00e7\u00e3o-Permanente_Pronas-e-ISD-768x576.jpeg"},"large":{"file":"Educa\u00e7\u00e3o-Permanente_Pronas-e-ISD-1024x768.jpeg","width":1024,"height":768,"mime_type":"image\/jpeg","source_url":"https:\/\/institutosantosdumont.org.br\/wp-content\/uploads\/2022\/11\/Educa\u00e7\u00e3o-Permanente_Pronas-e-ISD-1024x768.jpeg"},"full":{"file":"Educa\u00e7\u00e3o-Permanente_Pronas-e-ISD.jpeg","width":1024,"height":768,"mime_type":"image\/jpeg","source_url":"https:\/\/institutosantosdumont.org.br\/wp-content\/uploads\/2022\/11\/Educa\u00e7\u00e3o-Permanente_Pronas-e-ISD.jpeg"}},"image_meta":{"aperture":"0","credit":"","camera":"","caption":"","created_timestamp":"0","copyright":"","focal_length":"0","iso":"0","shutter_speed":"0","title":"","orientation":"0","keywords":[]}},"post":25263,"source_url":"https:\/\/institutosantosdumont.org.br\/wp-content\/uploads\/2022\/11\/Educa\u00e7\u00e3o-Permanente_Pronas-e-ISD.jpeg","_links":{"self":[{"href":"https:\/\/institutosantosdumont.org.br\/en\/wp-json\/wp\/v2\/media\/25264","targetHints":{"allow":["GET"]}}],"collection":[{"href":"https:\/\/institutosantosdumont.org.br\/en\/wp-json\/wp\/v2\/media"}],"about":[{"href":"https:\/\/institutosantosdumont.org.br\/en\/wp-json\/wp\/v2\/types\/attachment"}],"author":[{"embeddable":true,"href":"https:\/\/institutosantosdumont.org.br\/en\/wp-json\/wp\/v2\/users\/10"}],"replies":[{"embeddable":true,"href":"https:\/\/institutosantosdumont.org.br\/en\/wp-json\/wp\/v2\/comments?post=25264"}],"wp:attached-to":[{"embeddable":true,"post_type":"post","id":25263,"href":"https:\/\/institutosantosdumont.org.br\/en\/wp-json\/wp\/v2\/posts\/25263"}],"curies":[{"name":"wp","href":"https:\/\/api.w.org\/{rel}","templated":true}]}}

http://www.institutosantosdumont.org.br/wp-content/uploads/2022/11/Educação-Permanente_Pronas-e-ISD.jpeg

Educação Permanente_Pronas e ISD

<p class="attachment"><a href='https://institutosantosdumont.org.br/wp-content/uploads/2022/11/Educação-Permanente_Pronas-e-ISD.jpeg'><img fetchpriority="high" decoding="async" width="300" height="225" src="https://institutosantosdumont.org.br/wp-content/uploads/2022/11/Educação-Permanente_Pronas-e-ISD-300x225.jpeg" class="attachment-medium size-medium" alt="" srcset="https://institutosantosdumont.org.br/wp-content/uploads/2022/11/Educação-Permanente_Pronas-e-ISD-300x225.jpeg 300w, https://institutosantosdumont.org.br/wp-content/uploads/2022/11/Educação-Permanente_Pronas-e-ISD-768x576.jpeg 768w, https://institutosantosdumont.org.br/wp-content/uploads/2022/11/Educação-Permanente_Pronas-e-ISD.jpeg 1024w" sizes="(max-width: 300px) 100vw, 300px" /></a></p>

2022/11/Educação-Permanente_Pronas-e-ISD.jpeg

Educação-Permanente_Pronas-e-ISD-150x150.jpeg

https://institutosantosdumont.org.br/wp-content/uploads/2022/11/Educação-Permanente_Pronas-e-ISD-150x150.jpeg

Educação-Permanente_Pronas-e-ISD-300x225.jpeg

https://institutosantosdumont.org.br/wp-content/uploads/2022/11/Educação-Permanente_Pronas-e-ISD-300x225.jpeg

Educação-Permanente_Pronas-e-ISD-768x576.jpeg

https://institutosantosdumont.org.br/wp-content/uploads/2022/11/Educação-Permanente_Pronas-e-ISD-768x576.jpeg

Educação-Permanente_Pronas-e-ISD-1024x768.jpeg

https://institutosantosdumont.org.br/wp-content/uploads/2022/11/Educação-Permanente_Pronas-e-ISD-1024x768.jpeg

Educação-Permanente_Pronas-e-ISD.jpeg

https://institutosantosdumont.org.br/wp-content/uploads/2022/11/Educação-Permanente_Pronas-e-ISD.jpeg
