{"id":25270,"date":"2022-11-25T16:48:14","date_gmt":"2022-11-25T19:48:14","guid":{"rendered":"http:\/\/www.institutosantosdumont.org.br\/wp-content\/uploads\/2022\/11\/A-5\u00aa-Jornada-traz-como-tema-inova\u00e7\u00e3o-e-tecnologia-em-sa\u00fade.-Foto-Ascom-ISD..jpeg"},"modified":"2022-11-25T16:48:14","modified_gmt":"2022-11-25T19:48:14","slug":"a-5a-jornada-traz-como-tema-inovacao-e-tecnologia-em-saude-foto-ascom-isd","status":"inherit","type":"attachment","link":"https:\/\/institutosantosdumont.org.br\/en\/5a-jornada-de-intervencao-multiprofissional-na-bexiga-neurogenica-tem-inicio-nesta-sexta-feira-25-e-debate-inovacao-e-tecnologia-em-saude\/a-5a-jornada-traz-como-tema-inovacao-e-tecnologia-em-saude-foto-ascom-isd\/","title":{"rendered":"A 5\u00aa Jornada traz como tema inova\u00e7\u00e3o e tecnologia em sa\u00fade. Foto &#8211; Ascom ISD."},"author":10,"featured_media":0,"comment_status":"open","ping_status":"closed","template":"","meta":{"_acf_changed":false},"class_list":["post-25270","attachment","type-attachment","status-inherit","hentry"],"acf":[],"description":{"rendered":"<p class=\"attachment\"><a href='https:\/\/institutosantosdumont.org.br\/wp-content\/uploads\/2022\/11\/A-5\u00aa-Jornada-traz-como-tema-inova\u00e7\u00e3o-e-tecnologia-em-sa\u00fade.-Foto-Ascom-ISD..jpeg'><img fetchpriority=\"high\" decoding=\"async\" width=\"300\" height=\"225\" src=\"https:\/\/institutosantosdumont.org.br\/wp-content\/uploads\/2022\/11\/A-5\u00aa-Jornada-traz-como-tema-inova\u00e7\u00e3o-e-tecnologia-em-sa\u00fade.-Foto-Ascom-ISD.-300x225.jpeg\" class=\"attachment-medium size-medium\" alt=\"\" srcset=\"https:\/\/institutosantosdumont.org.br\/wp-content\/uploads\/2022\/11\/A-5\u00aa-Jornada-traz-como-tema-inova\u00e7\u00e3o-e-tecnologia-em-sa\u00fade.-Foto-Ascom-ISD.-300x225.jpeg 300w, https:\/\/institutosantosdumont.org.br\/wp-content\/uploads\/2022\/11\/A-5\u00aa-Jornada-traz-como-tema-inova\u00e7\u00e3o-e-tecnologia-em-sa\u00fade.-Foto-Ascom-ISD.-768x576.jpeg 768w, https:\/\/institutosantosdumont.org.br\/wp-content\/uploads\/2022\/11\/A-5\u00aa-Jornada-traz-como-tema-inova\u00e7\u00e3o-e-tecnologia-em-sa\u00fade.-Foto-Ascom-ISD.-1024x768.jpeg 1024w, https:\/\/institutosantosdumont.org.br\/wp-content\/uploads\/2022\/11\/A-5\u00aa-Jornada-traz-como-tema-inova\u00e7\u00e3o-e-tecnologia-em-sa\u00fade.-Foto-Ascom-ISD..jpeg 1600w\" sizes=\"(max-width: 300px) 100vw, 300px\" \/><\/a><\/p>\n"},"caption":{"rendered":""},"alt_text":"","media_type":"image","mime_type":"image\/jpeg","media_details":{"width":1600,"height":1200,"file":"2022\/11\/A-5\u00aa-Jornada-traz-como-tema-inova\u00e7\u00e3o-e-tecnologia-em-sa\u00fade.-Foto-Ascom-ISD..jpeg","sizes":{"thumbnail":{"file":"A-5\u00aa-Jornada-traz-como-tema-inova\u00e7\u00e3o-e-tecnologia-em-sa\u00fade.-Foto-Ascom-ISD.-150x150.jpeg","width":150,"height":150,"mime_type":"image\/jpeg","source_url":"https:\/\/institutosantosdumont.org.br\/wp-content\/uploads\/2022\/11\/A-5\u00aa-Jornada-traz-como-tema-inova\u00e7\u00e3o-e-tecnologia-em-sa\u00fade.-Foto-Ascom-ISD.-150x150.jpeg"},"medium":{"file":"A-5\u00aa-Jornada-traz-como-tema-inova\u00e7\u00e3o-e-tecnologia-em-sa\u00fade.-Foto-Ascom-ISD.-300x225.jpeg","width":300,"height":225,"mime_type":"image\/jpeg","source_url":"https:\/\/institutosantosdumont.org.br\/wp-content\/uploads\/2022\/11\/A-5\u00aa-Jornada-traz-como-tema-inova\u00e7\u00e3o-e-tecnologia-em-sa\u00fade.-Foto-Ascom-ISD.-300x225.jpeg"},"medium_large":{"file":"A-5\u00aa-Jornada-traz-como-tema-inova\u00e7\u00e3o-e-tecnologia-em-sa\u00fade.-Foto-Ascom-ISD.-768x576.jpeg","width":768,"height":576,"mime_type":"image\/jpeg","source_url":"https:\/\/institutosantosdumont.org.br\/wp-content\/uploads\/2022\/11\/A-5\u00aa-Jornada-traz-como-tema-inova\u00e7\u00e3o-e-tecnologia-em-sa\u00fade.-Foto-Ascom-ISD.-768x576.jpeg"},"large":{"file":"A-5\u00aa-Jornada-traz-como-tema-inova\u00e7\u00e3o-e-tecnologia-em-sa\u00fade.-Foto-Ascom-ISD.-1024x768.jpeg","width":1024,"height":768,"mime_type":"image\/jpeg","source_url":"https:\/\/institutosantosdumont.org.br\/wp-content\/uploads\/2022\/11\/A-5\u00aa-Jornada-traz-como-tema-inova\u00e7\u00e3o-e-tecnologia-em-sa\u00fade.-Foto-Ascom-ISD.-1024x768.jpeg"},"full":{"file":"A-5\u00aa-Jornada-traz-como-tema-inova\u00e7\u00e3o-e-tecnologia-em-sa\u00fade.-Foto-Ascom-ISD..jpeg","width":1600,"height":1200,"mime_type":"image\/jpeg","source_url":"https:\/\/institutosantosdumont.org.br\/wp-content\/uploads\/2022\/11\/A-5\u00aa-Jornada-traz-como-tema-inova\u00e7\u00e3o-e-tecnologia-em-sa\u00fade.-Foto-Ascom-ISD..jpeg"}},"image_meta":{"aperture":"0","credit":"","camera":"","caption":"","created_timestamp":"0","copyright":"","focal_length":"0","iso":"0","shutter_speed":"0","title":"","orientation":"0","keywords":[]}},"post":25269,"source_url":"https:\/\/institutosantosdumont.org.br\/wp-content\/uploads\/2022\/11\/A-5\u00aa-Jornada-traz-como-tema-inova\u00e7\u00e3o-e-tecnologia-em-sa\u00fade.-Foto-Ascom-ISD..jpeg","_links":{"self":[{"href":"https:\/\/institutosantosdumont.org.br\/en\/wp-json\/wp\/v2\/media\/25270","targetHints":{"allow":["GET"]}}],"collection":[{"href":"https:\/\/institutosantosdumont.org.br\/en\/wp-json\/wp\/v2\/media"}],"about":[{"href":"https:\/\/institutosantosdumont.org.br\/en\/wp-json\/wp\/v2\/types\/attachment"}],"author":[{"embeddable":true,"href":"https:\/\/institutosantosdumont.org.br\/en\/wp-json\/wp\/v2\/users\/10"}],"replies":[{"embeddable":true,"href":"https:\/\/institutosantosdumont.org.br\/en\/wp-json\/wp\/v2\/comments?post=25270"}],"wp:attached-to":[{"embeddable":true,"post_type":"post","id":25269,"href":"https:\/\/institutosantosdumont.org.br\/en\/wp-json\/wp\/v2\/posts\/25269"}],"curies":[{"name":"wp","href":"https:\/\/api.w.org\/{rel}","templated":true}]}}

http://www.institutosantosdumont.org.br/wp-content/uploads/2022/11/A-5ª-Jornada-traz-como-tema-inovação-e-tecnologia-em-saúde.-Foto-Ascom-ISD..jpeg

A 5ª Jornada traz como tema inovação e tecnologia em saúde. Foto &#8211; Ascom ISD.

<p class="attachment"><a href='https://institutosantosdumont.org.br/wp-content/uploads/2022/11/A-5ª-Jornada-traz-como-tema-inovação-e-tecnologia-em-saúde.-Foto-Ascom-ISD..jpeg'><img fetchpriority="high" decoding="async" width="300" height="225" src="https://institutosantosdumont.org.br/wp-content/uploads/2022/11/A-5ª-Jornada-traz-como-tema-inovação-e-tecnologia-em-saúde.-Foto-Ascom-ISD.-300x225.jpeg" class="attachment-medium size-medium" alt="" srcset="https://institutosantosdumont.org.br/wp-content/uploads/2022/11/A-5ª-Jornada-traz-como-tema-inovação-e-tecnologia-em-saúde.-Foto-Ascom-ISD.-300x225.jpeg 300w, https://institutosantosdumont.org.br/wp-content/uploads/2022/11/A-5ª-Jornada-traz-como-tema-inovação-e-tecnologia-em-saúde.-Foto-Ascom-ISD.-768x576.jpeg 768w, https://institutosantosdumont.org.br/wp-content/uploads/2022/11/A-5ª-Jornada-traz-como-tema-inovação-e-tecnologia-em-saúde.-Foto-Ascom-ISD.-1024x768.jpeg 1024w, https://institutosantosdumont.org.br/wp-content/uploads/2022/11/A-5ª-Jornada-traz-como-tema-inovação-e-tecnologia-em-saúde.-Foto-Ascom-ISD..jpeg 1600w" sizes="(max-width: 300px) 100vw, 300px" /></a></p>

2022/11/A-5ª-Jornada-traz-como-tema-inovação-e-tecnologia-em-saúde.-Foto-Ascom-ISD..jpeg

A-5ª-Jornada-traz-como-tema-inovação-e-tecnologia-em-saúde.-Foto-Ascom-ISD.-150x150.jpeg

https://institutosantosdumont.org.br/wp-content/uploads/2022/11/A-5ª-Jornada-traz-como-tema-inovação-e-tecnologia-em-saúde.-Foto-Ascom-ISD.-150x150.jpeg

A-5ª-Jornada-traz-como-tema-inovação-e-tecnologia-em-saúde.-Foto-Ascom-ISD.-300x225.jpeg

https://institutosantosdumont.org.br/wp-content/uploads/2022/11/A-5ª-Jornada-traz-como-tema-inovação-e-tecnologia-em-saúde.-Foto-Ascom-ISD.-300x225.jpeg

A-5ª-Jornada-traz-como-tema-inovação-e-tecnologia-em-saúde.-Foto-Ascom-ISD.-768x576.jpeg

https://institutosantosdumont.org.br/wp-content/uploads/2022/11/A-5ª-Jornada-traz-como-tema-inovação-e-tecnologia-em-saúde.-Foto-Ascom-ISD.-768x576.jpeg

A-5ª-Jornada-traz-como-tema-inovação-e-tecnologia-em-saúde.-Foto-Ascom-ISD.-1024x768.jpeg

https://institutosantosdumont.org.br/wp-content/uploads/2022/11/A-5ª-Jornada-traz-como-tema-inovação-e-tecnologia-em-saúde.-Foto-Ascom-ISD.-1024x768.jpeg

A-5ª-Jornada-traz-como-tema-inovação-e-tecnologia-em-saúde.-Foto-Ascom-ISD..jpeg

https://institutosantosdumont.org.br/wp-content/uploads/2022/11/A-5ª-Jornada-traz-como-tema-inovação-e-tecnologia-em-saúde.-Foto-Ascom-ISD..jpeg
