{"id":28020,"date":"2024-01-09T15:15:03","date_gmt":"2024-01-09T18:15:03","guid":{"rendered":"https:\/\/www.institutosantosdumont.org.br\/wp-content\/uploads\/2024\/01\/Carolina-Damasio-e-infectologista-no-Instituto-Santos-Dumont.-Foto_Ascom.jpeg"},"modified":"2024-01-09T15:17:23","modified_gmt":"2024-01-09T18:17:23","slug":"carolina-damasio-e-infectologista-no-instituto-santos-dumont-foto_ascom","status":"inherit","type":"attachment","link":"https:\/\/institutosantosdumont.org.br\/en\/covid-infectologista-do-isd-alerta-para-reforco-nos-cuidados-com-recem-nascidos\/carolina-damasio-e-infectologista-no-instituto-santos-dumont-foto_ascom\/","title":{"rendered":"Carolina Damasio is an infectious disease specialist at the Santos Dumont Institute. Photo_Ascom"},"author":10,"featured_media":0,"comment_status":"open","ping_status":"closed","template":"","meta":{"_acf_changed":false},"class_list":["post-28020","attachment","type-attachment","status-inherit","hentry"],"acf":[],"description":{"rendered":"<p class=\"attachment\"><a href='https:\/\/institutosantosdumont.org.br\/wp-content\/uploads\/2024\/01\/Carolina-Damasio-e-infectologista-no-Instituto-Santos-Dumont.-Foto_Ascom.jpeg'><img fetchpriority=\"high\" decoding=\"async\" width=\"300\" height=\"200\" src=\"https:\/\/institutosantosdumont.org.br\/wp-content\/uploads\/2024\/01\/Carolina-Damasio-e-infectologista-no-Instituto-Santos-Dumont.-Foto_Ascom-300x200.jpeg\" class=\"attachment-medium size-medium\" alt=\"\" srcset=\"https:\/\/institutosantosdumont.org.br\/wp-content\/uploads\/2024\/01\/Carolina-Damasio-e-infectologista-no-Instituto-Santos-Dumont.-Foto_Ascom-300x200.jpeg 300w, https:\/\/institutosantosdumont.org.br\/wp-content\/uploads\/2024\/01\/Carolina-Damasio-e-infectologista-no-Instituto-Santos-Dumont.-Foto_Ascom-1024x682.jpeg 1024w, https:\/\/institutosantosdumont.org.br\/wp-content\/uploads\/2024\/01\/Carolina-Damasio-e-infectologista-no-Instituto-Santos-Dumont.-Foto_Ascom-768x512.jpeg 768w, https:\/\/institutosantosdumont.org.br\/wp-content\/uploads\/2024\/01\/Carolina-Damasio-e-infectologista-no-Instituto-Santos-Dumont.-Foto_Ascom-1536x1023.jpeg 1536w, https:\/\/institutosantosdumont.org.br\/wp-content\/uploads\/2024\/01\/Carolina-Damasio-e-infectologista-no-Instituto-Santos-Dumont.-Foto_Ascom-18x12.jpeg 18w, https:\/\/institutosantosdumont.org.br\/wp-content\/uploads\/2024\/01\/Carolina-Damasio-e-infectologista-no-Instituto-Santos-Dumont.-Foto_Ascom.jpeg 1600w\" sizes=\"(max-width: 300px) 100vw, 300px\" \/><\/a><\/p>\n<p>Carolina Damasio \u00e9 uma mulher e est\u00e1 sentada posando para foto. Ela usa um jaleco azul-petr\u00f3leo e batom vermelho.<\/p>\n"},"caption":{"rendered":"<p>Carolina Damasio \u00e9 uma mulher e est\u00e1 sentada posando para foto. Ela usa um jaleco azul-petr\u00f3leo e batom vermelho.<\/p>\n"},"alt_text":"","media_type":"image","mime_type":"image\/jpeg","media_details":{"width":1600,"height":1066,"file":"2024\/01\/Carolina-Damasio-e-infectologista-no-Instituto-Santos-Dumont.-Foto_Ascom.jpeg","filesize":208253,"sizes":{"medium":{"file":"Carolina-Damasio-e-infectologista-no-Instituto-Santos-Dumont.-Foto_Ascom-300x200.jpeg","width":300,"height":200,"filesize":9089,"mime_type":"image\/jpeg","source_url":"https:\/\/institutosantosdumont.org.br\/wp-content\/uploads\/2024\/01\/Carolina-Damasio-e-infectologista-no-Instituto-Santos-Dumont.-Foto_Ascom-300x200.jpeg"},"large":{"file":"Carolina-Damasio-e-infectologista-no-Instituto-Santos-Dumont.-Foto_Ascom-1024x682.jpeg","width":1024,"height":682,"filesize":55917,"mime_type":"image\/jpeg","source_url":"https:\/\/institutosantosdumont.org.br\/wp-content\/uploads\/2024\/01\/Carolina-Damasio-e-infectologista-no-Instituto-Santos-Dumont.-Foto_Ascom-1024x682.jpeg"},"thumbnail":{"file":"Carolina-Damasio-e-infectologista-no-Instituto-Santos-Dumont.-Foto_Ascom-150x150.jpeg","width":150,"height":150,"filesize":5165,"mime_type":"image\/jpeg","source_url":"https:\/\/institutosantosdumont.org.br\/wp-content\/uploads\/2024\/01\/Carolina-Damasio-e-infectologista-no-Instituto-Santos-Dumont.-Foto_Ascom-150x150.jpeg"},"medium_large":{"file":"Carolina-Damasio-e-infectologista-no-Instituto-Santos-Dumont.-Foto_Ascom-768x512.jpeg","width":768,"height":512,"filesize":35548,"mime_type":"image\/jpeg","source_url":"https:\/\/institutosantosdumont.org.br\/wp-content\/uploads\/2024\/01\/Carolina-Damasio-e-infectologista-no-Instituto-Santos-Dumont.-Foto_Ascom-768x512.jpeg"},"1536x1536":{"file":"Carolina-Damasio-e-infectologista-no-Instituto-Santos-Dumont.-Foto_Ascom-1536x1023.jpeg","width":1536,"height":1023,"filesize":108632,"mime_type":"image\/jpeg","source_url":"https:\/\/institutosantosdumont.org.br\/wp-content\/uploads\/2024\/01\/Carolina-Damasio-e-infectologista-no-Instituto-Santos-Dumont.-Foto_Ascom-1536x1023.jpeg"},"trp-custom-language-flag":{"file":"Carolina-Damasio-e-infectologista-no-Instituto-Santos-Dumont.-Foto_Ascom-18x12.jpeg","width":18,"height":12,"filesize":827,"mime_type":"image\/jpeg","source_url":"https:\/\/institutosantosdumont.org.br\/wp-content\/uploads\/2024\/01\/Carolina-Damasio-e-infectologista-no-Instituto-Santos-Dumont.-Foto_Ascom-18x12.jpeg"},"full":{"file":"Carolina-Damasio-e-infectologista-no-Instituto-Santos-Dumont.-Foto_Ascom.jpeg","width":1600,"height":1066,"mime_type":"image\/jpeg","source_url":"https:\/\/institutosantosdumont.org.br\/wp-content\/uploads\/2024\/01\/Carolina-Damasio-e-infectologista-no-Instituto-Santos-Dumont.-Foto_Ascom.jpeg"}},"image_meta":{"aperture":"0","credit":"","camera":"","caption":"","created_timestamp":"0","copyright":"","focal_length":"0","iso":"0","shutter_speed":"0","title":"","orientation":"0","keywords":[]}},"post":28019,"source_url":"https:\/\/institutosantosdumont.org.br\/wp-content\/uploads\/2024\/01\/Carolina-Damasio-e-infectologista-no-Instituto-Santos-Dumont.-Foto_Ascom.jpeg","_links":{"self":[{"href":"https:\/\/institutosantosdumont.org.br\/en\/wp-json\/wp\/v2\/media\/28020","targetHints":{"allow":["GET"]}}],"collection":[{"href":"https:\/\/institutosantosdumont.org.br\/en\/wp-json\/wp\/v2\/media"}],"about":[{"href":"https:\/\/institutosantosdumont.org.br\/en\/wp-json\/wp\/v2\/types\/attachment"}],"author":[{"embeddable":true,"href":"https:\/\/institutosantosdumont.org.br\/en\/wp-json\/wp\/v2\/users\/10"}],"replies":[{"embeddable":true,"href":"https:\/\/institutosantosdumont.org.br\/en\/wp-json\/wp\/v2\/comments?post=28020"}],"wp:attached-to":[{"embeddable":true,"post_type":"post","id":28019,"href":"https:\/\/institutosantosdumont.org.br\/en\/wp-json\/wp\/v2\/posts\/28019"}],"curies":[{"name":"wp","href":"https:\/\/api.w.org\/{rel}","templated":true}]}}

<p class="attachment"><a href='https://institutosantosdumont.org.br/wp-content/uploads/2024/01/Carolina-Damasio-e-infectologista-no-Instituto-Santos-Dumont.-Foto_Ascom.jpeg'><img fetchpriority="high" decoding="async" width="300" height="200" src="https://institutosantosdumont.org.br/wp-content/uploads/2024/01/Carolina-Damasio-e-infectologista-no-Instituto-Santos-Dumont.-Foto_Ascom-300x200.jpeg" class="attachment-medium size-medium" alt="" srcset="https://institutosantosdumont.org.br/wp-content/uploads/2024/01/Carolina-Damasio-e-infectologista-no-Instituto-Santos-Dumont.-Foto_Ascom-300x200.jpeg 300w, https://institutosantosdumont.org.br/wp-content/uploads/2024/01/Carolina-Damasio-e-infectologista-no-Instituto-Santos-Dumont.-Foto_Ascom-1024x682.jpeg 1024w, https://institutosantosdumont.org.br/wp-content/uploads/2024/01/Carolina-Damasio-e-infectologista-no-Instituto-Santos-Dumont.-Foto_Ascom-768x512.jpeg 768w, https://institutosantosdumont.org.br/wp-content/uploads/2024/01/Carolina-Damasio-e-infectologista-no-Instituto-Santos-Dumont.-Foto_Ascom-1536x1023.jpeg 1536w, https://institutosantosdumont.org.br/wp-content/uploads/2024/01/Carolina-Damasio-e-infectologista-no-Instituto-Santos-Dumont.-Foto_Ascom-18x12.jpeg 18w, https://institutosantosdumont.org.br/wp-content/uploads/2024/01/Carolina-Damasio-e-infectologista-no-Instituto-Santos-Dumont.-Foto_Ascom.jpeg 1600w" sizes="(max-width: 300px) 100vw, 300px" /></a></p>
<p>Carolina Damasio é uma mulher e está sentada posando para foto. Ela usa um jaleco azul-petróleo e batom vermelho.</p>

<p>Carolina Damasio é uma mulher e está sentada posando para foto. Ela usa um jaleco azul-petróleo e batom vermelho.</p>
