{"id":32295,"date":"2025-05-19T10:38:07","date_gmt":"2025-05-19T13:38:07","guid":{"rendered":"https:\/\/institutosantosdumont.org.br\/wp-content\/uploads\/2025\/05\/O-evento-reune-estudantes-pesquisadores-profissionais-e-demais-interessados-nas-areas-de-neuromodulacao-e-neuroengenharia.-Foto-Ascom-ISD.jpeg"},"modified":"2025-05-19T10:38:07","modified_gmt":"2025-05-19T13:38:07","slug":"o-evento-reune-estudantes-pesquisadores-profissionais-e-demais-interessados-nas-areas-de-neuromodulacao-e-neuroengenharia-foto-ascom-isd","status":"inherit","type":"attachment","link":"https:\/\/institutosantosdumont.org.br\/en\/submissoes-de-trabalho-para-o-xi-simposio-de-neuroengenharia-e-vii-congresso-brasileiro-de-neuromodulacao-estao-abertas\/o-evento-reune-estudantes-pesquisadores-profissionais-e-demais-interessados-nas-areas-de-neuromodulacao-e-neuroengenharia-foto-ascom-isd\/","title":{"rendered":"O evento re\u00fane estudantes, pesquisadores, profissionais e demais interessados nas \u00e1reas de neuromodula\u00e7\u00e3o e neuroengenharia. Foto &#8211; Ascom ISD"},"author":10,"featured_media":0,"comment_status":"","ping_status":"closed","template":"","meta":{"_acf_changed":false},"class_list":["post-32295","attachment","type-attachment","status-inherit","hentry"],"acf":[],"description":{"rendered":"<p class=\"attachment\"><a href='https:\/\/institutosantosdumont.org.br\/wp-content\/uploads\/2025\/05\/O-evento-reune-estudantes-pesquisadores-profissionais-e-demais-interessados-nas-areas-de-neuromodulacao-e-neuroengenharia.-Foto-Ascom-ISD.jpeg'><img fetchpriority=\"high\" decoding=\"async\" width=\"300\" height=\"225\" src=\"https:\/\/institutosantosdumont.org.br\/wp-content\/uploads\/2025\/05\/O-evento-reune-estudantes-pesquisadores-profissionais-e-demais-interessados-nas-areas-de-neuromodulacao-e-neuroengenharia.-Foto-Ascom-ISD-300x225.jpeg\" class=\"attachment-medium size-medium\" alt=\"\" srcset=\"https:\/\/institutosantosdumont.org.br\/wp-content\/uploads\/2025\/05\/O-evento-reune-estudantes-pesquisadores-profissionais-e-demais-interessados-nas-areas-de-neuromodulacao-e-neuroengenharia.-Foto-Ascom-ISD-300x225.jpeg 300w, https:\/\/institutosantosdumont.org.br\/wp-content\/uploads\/2025\/05\/O-evento-reune-estudantes-pesquisadores-profissionais-e-demais-interessados-nas-areas-de-neuromodulacao-e-neuroengenharia.-Foto-Ascom-ISD-1024x766.jpeg 1024w, https:\/\/institutosantosdumont.org.br\/wp-content\/uploads\/2025\/05\/O-evento-reune-estudantes-pesquisadores-profissionais-e-demais-interessados-nas-areas-de-neuromodulacao-e-neuroengenharia.-Foto-Ascom-ISD-768x575.jpeg 768w, https:\/\/institutosantosdumont.org.br\/wp-content\/uploads\/2025\/05\/O-evento-reune-estudantes-pesquisadores-profissionais-e-demais-interessados-nas-areas-de-neuromodulacao-e-neuroengenharia.-Foto-Ascom-ISD-16x12.jpeg 16w, https:\/\/institutosantosdumont.org.br\/wp-content\/uploads\/2025\/05\/O-evento-reune-estudantes-pesquisadores-profissionais-e-demais-interessados-nas-areas-de-neuromodulacao-e-neuroengenharia.-Foto-Ascom-ISD.jpeg 1280w\" sizes=\"(max-width: 300px) 100vw, 300px\" \/><\/a><\/p>\n"},"caption":{"rendered":""},"alt_text":"","media_type":"image","mime_type":"image\/jpeg","media_details":{"width":1280,"height":958,"file":"2025\/05\/O-evento-reune-estudantes-pesquisadores-profissionais-e-demais-interessados-nas-areas-de-neuromodulacao-e-neuroengenharia.-Foto-Ascom-ISD.jpeg","filesize":191447,"sizes":{"medium":{"file":"O-evento-reune-estudantes-pesquisadores-profissionais-e-demais-interessados-nas-areas-de-neuromodulacao-e-neuroengenharia.-Foto-Ascom-ISD-300x225.jpeg","width":300,"height":225,"filesize":16603,"mime_type":"image\/jpeg","source_url":"https:\/\/institutosantosdumont.org.br\/wp-content\/uploads\/2025\/05\/O-evento-reune-estudantes-pesquisadores-profissionais-e-demais-interessados-nas-areas-de-neuromodulacao-e-neuroengenharia.-Foto-Ascom-ISD-300x225.jpeg"},"large":{"file":"O-evento-reune-estudantes-pesquisadores-profissionais-e-demais-interessados-nas-areas-de-neuromodulacao-e-neuroengenharia.-Foto-Ascom-ISD-1024x766.jpeg","width":1024,"height":766,"filesize":149415,"mime_type":"image\/jpeg","source_url":"https:\/\/institutosantosdumont.org.br\/wp-content\/uploads\/2025\/05\/O-evento-reune-estudantes-pesquisadores-profissionais-e-demais-interessados-nas-areas-de-neuromodulacao-e-neuroengenharia.-Foto-Ascom-ISD-1024x766.jpeg"},"thumbnail":{"file":"O-evento-reune-estudantes-pesquisadores-profissionais-e-demais-interessados-nas-areas-de-neuromodulacao-e-neuroengenharia.-Foto-Ascom-ISD-150x150.jpeg","width":150,"height":150,"filesize":6472,"mime_type":"image\/jpeg","source_url":"https:\/\/institutosantosdumont.org.br\/wp-content\/uploads\/2025\/05\/O-evento-reune-estudantes-pesquisadores-profissionais-e-demais-interessados-nas-areas-de-neuromodulacao-e-neuroengenharia.-Foto-Ascom-ISD-150x150.jpeg"},"medium_large":{"file":"O-evento-reune-estudantes-pesquisadores-profissionais-e-demais-interessados-nas-areas-de-neuromodulacao-e-neuroengenharia.-Foto-Ascom-ISD-768x575.jpeg","width":768,"height":575,"filesize":91286,"mime_type":"image\/jpeg","source_url":"https:\/\/institutosantosdumont.org.br\/wp-content\/uploads\/2025\/05\/O-evento-reune-estudantes-pesquisadores-profissionais-e-demais-interessados-nas-areas-de-neuromodulacao-e-neuroengenharia.-Foto-Ascom-ISD-768x575.jpeg"},"trp-custom-language-flag":{"file":"O-evento-reune-estudantes-pesquisadores-profissionais-e-demais-interessados-nas-areas-de-neuromodulacao-e-neuroengenharia.-Foto-Ascom-ISD-16x12.jpeg","width":16,"height":12,"filesize":413,"mime_type":"image\/jpeg","source_url":"https:\/\/institutosantosdumont.org.br\/wp-content\/uploads\/2025\/05\/O-evento-reune-estudantes-pesquisadores-profissionais-e-demais-interessados-nas-areas-de-neuromodulacao-e-neuroengenharia.-Foto-Ascom-ISD-16x12.jpeg"},"full":{"file":"O-evento-reune-estudantes-pesquisadores-profissionais-e-demais-interessados-nas-areas-de-neuromodulacao-e-neuroengenharia.-Foto-Ascom-ISD.jpeg","width":1280,"height":958,"mime_type":"image\/jpeg","source_url":"https:\/\/institutosantosdumont.org.br\/wp-content\/uploads\/2025\/05\/O-evento-reune-estudantes-pesquisadores-profissionais-e-demais-interessados-nas-areas-de-neuromodulacao-e-neuroengenharia.-Foto-Ascom-ISD.jpeg"}},"image_meta":{"aperture":"0","credit":"","camera":"","caption":"","created_timestamp":"0","copyright":"","focal_length":"0","iso":"0","shutter_speed":"0","title":"","orientation":"0","keywords":[]}},"post":32294,"source_url":"https:\/\/institutosantosdumont.org.br\/wp-content\/uploads\/2025\/05\/O-evento-reune-estudantes-pesquisadores-profissionais-e-demais-interessados-nas-areas-de-neuromodulacao-e-neuroengenharia.-Foto-Ascom-ISD.jpeg","_links":{"self":[{"href":"https:\/\/institutosantosdumont.org.br\/en\/wp-json\/wp\/v2\/media\/32295","targetHints":{"allow":["GET"]}}],"collection":[{"href":"https:\/\/institutosantosdumont.org.br\/en\/wp-json\/wp\/v2\/media"}],"about":[{"href":"https:\/\/institutosantosdumont.org.br\/en\/wp-json\/wp\/v2\/types\/attachment"}],"author":[{"embeddable":true,"href":"https:\/\/institutosantosdumont.org.br\/en\/wp-json\/wp\/v2\/users\/10"}],"replies":[{"embeddable":true,"href":"https:\/\/institutosantosdumont.org.br\/en\/wp-json\/wp\/v2\/comments?post=32295"}],"wp:attached-to":[{"embeddable":true,"post_type":"post","id":32294,"href":"https:\/\/institutosantosdumont.org.br\/en\/wp-json\/wp\/v2\/posts\/32294"}],"curies":[{"name":"wp","href":"https:\/\/api.w.org\/{rel}","templated":true}]}}

O evento reúne estudantes, pesquisadores, profissionais e demais interessados nas áreas de neuromodulação e neuroengenharia. Foto &#8211; Ascom ISD
