{"id":34124,"date":"2025-12-11T11:14:29","date_gmt":"2025-12-11T14:14:29","guid":{"rendered":"https:\/\/institutosantosdumont.org.br\/wp-content\/uploads\/2025\/12\/ISD-participa-do-Encontro-Anual-dos-Supervisores-dos-Centros-de-Referencia-Paralimpico-2025-Foto_Divulagacao.jpeg"},"modified":"2025-12-11T11:14:29","modified_gmt":"2025-12-11T14:14:29","slug":"isd-participa-do-encontro-anual-dos-supervisores-dos-centros-de-referencia-paralimpico-2025-foto_divulagacao","status":"inherit","type":"attachment","link":"https:\/\/institutosantosdumont.org.br\/en\/isd-participa-do-encontro-anual-dos-supervisores-dos-centros-de-referencia-paralimpico-2025\/isd-participa-do-encontro-anual-dos-supervisores-dos-centros-de-referencia-paralimpico-2025-foto_divulagacao\/","title":{"rendered":"ISD participa do Encontro Anual dos Supervisores dos Centros de Refer\u00eancia Paral\u00edmpico 2025 &#8211; Foto_Divulaga\u00e7\u00e3o"},"author":10,"featured_media":0,"comment_status":"","ping_status":"closed","template":"","meta":{"_acf_changed":false},"class_list":["post-34124","attachment","type-attachment","status-inherit","hentry"],"acf":[],"description":{"rendered":"<p class=\"attachment\"><a href='https:\/\/institutosantosdumont.org.br\/wp-content\/uploads\/2025\/12\/ISD-participa-do-Encontro-Anual-dos-Supervisores-dos-Centros-de-Referencia-Paralimpico-2025-Foto_Divulagacao.jpeg'><img fetchpriority=\"high\" decoding=\"async\" width=\"300\" height=\"225\" src=\"https:\/\/institutosantosdumont.org.br\/wp-content\/uploads\/2025\/12\/ISD-participa-do-Encontro-Anual-dos-Supervisores-dos-Centros-de-Referencia-Paralimpico-2025-Foto_Divulagacao-300x225.jpeg\" class=\"attachment-medium size-medium\" alt=\"\" srcset=\"https:\/\/institutosantosdumont.org.br\/wp-content\/uploads\/2025\/12\/ISD-participa-do-Encontro-Anual-dos-Supervisores-dos-Centros-de-Referencia-Paralimpico-2025-Foto_Divulagacao-300x225.jpeg 300w, https:\/\/institutosantosdumont.org.br\/wp-content\/uploads\/2025\/12\/ISD-participa-do-Encontro-Anual-dos-Supervisores-dos-Centros-de-Referencia-Paralimpico-2025-Foto_Divulagacao-768x576.jpeg 768w, https:\/\/institutosantosdumont.org.br\/wp-content\/uploads\/2025\/12\/ISD-participa-do-Encontro-Anual-dos-Supervisores-dos-Centros-de-Referencia-Paralimpico-2025-Foto_Divulagacao-16x12.jpeg 16w, https:\/\/institutosantosdumont.org.br\/wp-content\/uploads\/2025\/12\/ISD-participa-do-Encontro-Anual-dos-Supervisores-dos-Centros-de-Referencia-Paralimpico-2025-Foto_Divulagacao.jpeg 1024w\" sizes=\"(max-width: 300px) 100vw, 300px\" \/><\/a><\/p>\n"},"caption":{"rendered":""},"alt_text":"","media_type":"image","mime_type":"image\/jpeg","media_details":{"width":1024,"height":768,"file":"2025\/12\/ISD-participa-do-Encontro-Anual-dos-Supervisores-dos-Centros-de-Referencia-Paralimpico-2025-Foto_Divulagacao.jpeg","filesize":200715,"sizes":{"medium":{"file":"ISD-participa-do-Encontro-Anual-dos-Supervisores-dos-Centros-de-Referencia-Paralimpico-2025-Foto_Divulagacao-300x225.jpeg","width":300,"height":225,"filesize":19984,"mime_type":"image\/jpeg","source_url":"https:\/\/institutosantosdumont.org.br\/wp-content\/uploads\/2025\/12\/ISD-participa-do-Encontro-Anual-dos-Supervisores-dos-Centros-de-Referencia-Paralimpico-2025-Foto_Divulagacao-300x225.jpeg"},"thumbnail":{"file":"ISD-participa-do-Encontro-Anual-dos-Supervisores-dos-Centros-de-Referencia-Paralimpico-2025-Foto_Divulagacao-150x150.jpeg","width":150,"height":150,"filesize":8158,"mime_type":"image\/jpeg","source_url":"https:\/\/institutosantosdumont.org.br\/wp-content\/uploads\/2025\/12\/ISD-participa-do-Encontro-Anual-dos-Supervisores-dos-Centros-de-Referencia-Paralimpico-2025-Foto_Divulagacao-150x150.jpeg"},"medium_large":{"file":"ISD-participa-do-Encontro-Anual-dos-Supervisores-dos-Centros-de-Referencia-Paralimpico-2025-Foto_Divulagacao-768x576.jpeg","width":768,"height":576,"filesize":84092,"mime_type":"image\/jpeg","source_url":"https:\/\/institutosantosdumont.org.br\/wp-content\/uploads\/2025\/12\/ISD-participa-do-Encontro-Anual-dos-Supervisores-dos-Centros-de-Referencia-Paralimpico-2025-Foto_Divulagacao-768x576.jpeg"},"trp-custom-language-flag":{"file":"ISD-participa-do-Encontro-Anual-dos-Supervisores-dos-Centros-de-Referencia-Paralimpico-2025-Foto_Divulagacao-16x12.jpeg","width":16,"height":12,"filesize":863,"mime_type":"image\/jpeg","source_url":"https:\/\/institutosantosdumont.org.br\/wp-content\/uploads\/2025\/12\/ISD-participa-do-Encontro-Anual-dos-Supervisores-dos-Centros-de-Referencia-Paralimpico-2025-Foto_Divulagacao-16x12.jpeg"},"full":{"file":"ISD-participa-do-Encontro-Anual-dos-Supervisores-dos-Centros-de-Referencia-Paralimpico-2025-Foto_Divulagacao.jpeg","width":1024,"height":768,"mime_type":"image\/jpeg","source_url":"https:\/\/institutosantosdumont.org.br\/wp-content\/uploads\/2025\/12\/ISD-participa-do-Encontro-Anual-dos-Supervisores-dos-Centros-de-Referencia-Paralimpico-2025-Foto_Divulagacao.jpeg"}},"image_meta":{"aperture":"0","credit":"","camera":"","caption":"","created_timestamp":"0","copyright":"","focal_length":"0","iso":"0","shutter_speed":"0","title":"","orientation":"0","keywords":[]}},"post":34123,"source_url":"https:\/\/institutosantosdumont.org.br\/wp-content\/uploads\/2025\/12\/ISD-participa-do-Encontro-Anual-dos-Supervisores-dos-Centros-de-Referencia-Paralimpico-2025-Foto_Divulagacao.jpeg","_links":{"self":[{"href":"https:\/\/institutosantosdumont.org.br\/en\/wp-json\/wp\/v2\/media\/34124","targetHints":{"allow":["GET"]}}],"collection":[{"href":"https:\/\/institutosantosdumont.org.br\/en\/wp-json\/wp\/v2\/media"}],"about":[{"href":"https:\/\/institutosantosdumont.org.br\/en\/wp-json\/wp\/v2\/types\/attachment"}],"author":[{"embeddable":true,"href":"https:\/\/institutosantosdumont.org.br\/en\/wp-json\/wp\/v2\/users\/10"}],"replies":[{"embeddable":true,"href":"https:\/\/institutosantosdumont.org.br\/en\/wp-json\/wp\/v2\/comments?post=34124"}],"wp:attached-to":[{"embeddable":true,"post_type":"post","id":34123,"href":"https:\/\/institutosantosdumont.org.br\/en\/wp-json\/wp\/v2\/posts\/34123"}],"curies":[{"name":"wp","href":"https:\/\/api.w.org\/{rel}","templated":true}]}}

ISD participa do Encontro Anual dos Supervisores dos Centros de Referência Paralímpico 2025 &#8211; Foto_Divulagação
