{"id":34234,"date":"2026-01-09T09:54:27","date_gmt":"2026-01-09T12:54:27","guid":{"rendered":"https:\/\/institutosantosdumont.org.br\/wp-content\/uploads\/2026\/01\/Instituto-Santos-Dumont-abre-selecao-para-secretario-de-Pesquisa-e-Pos-Graduacao-em-Neuroengenharia-Foto_Ascom_ISD.jpeg"},"modified":"2026-03-26T10:34:16","modified_gmt":"2026-03-26T13:34:16","slug":"instituto-santos-dumont-abre-selecao-para-secretario-de-pesquisa-e-pos-graduacao-em-neuroengenharia-foto_ascom_isd","status":"inherit","type":"attachment","link":"https:\/\/institutosantosdumont.org.br\/en\/instituto-santos-dumont-abre-selecao-para-secretarioa-de-pesquisa-e-pos-graduacao-em-neuroengenharia\/instituto-santos-dumont-abre-selecao-para-secretario-de-pesquisa-e-pos-graduacao-em-neuroengenharia-foto_ascom_isd\/","title":{"rendered":"The Santos Dumont Institute is opening a selection process for the Secretary of Research and Postgraduate Studies in Neuroengineering \u2013 Photo_Ascom_ISD"},"author":10,"featured_media":0,"comment_status":"closed","ping_status":"closed","template":"","meta":{"_acf_changed":false},"class_list":["post-34234","attachment","type-attachment","status-inherit","hentry"],"acf":[],"description":{"rendered":"<p class=\"attachment\"><a href='https:\/\/institutosantosdumont.org.br\/wp-content\/uploads\/2026\/01\/Instituto-Santos-Dumont-abre-selecao-para-secretario-de-Pesquisa-e-Pos-Graduacao-em-Neuroengenharia-Foto_Ascom_ISD-scaled.jpeg'><img fetchpriority=\"high\" decoding=\"async\" width=\"300\" height=\"225\" src=\"https:\/\/institutosantosdumont.org.br\/wp-content\/uploads\/2026\/01\/Instituto-Santos-Dumont-abre-selecao-para-secretario-de-Pesquisa-e-Pos-Graduacao-em-Neuroengenharia-Foto_Ascom_ISD-300x225.jpeg\" class=\"attachment-medium size-medium\" alt=\"Uma m\u00e3o utilizando um notebook. O notebook est\u00e1 aberto na p\u00e1gina de oportunidades do site oficial do ISD\" srcset=\"https:\/\/institutosantosdumont.org.br\/wp-content\/uploads\/2026\/01\/Instituto-Santos-Dumont-abre-selecao-para-secretario-de-Pesquisa-e-Pos-Graduacao-em-Neuroengenharia-Foto_Ascom_ISD-300x225.jpeg 300w, https:\/\/institutosantosdumont.org.br\/wp-content\/uploads\/2026\/01\/Instituto-Santos-Dumont-abre-selecao-para-secretario-de-Pesquisa-e-Pos-Graduacao-em-Neuroengenharia-Foto_Ascom_ISD-1024x768.jpeg 1024w, https:\/\/institutosantosdumont.org.br\/wp-content\/uploads\/2026\/01\/Instituto-Santos-Dumont-abre-selecao-para-secretario-de-Pesquisa-e-Pos-Graduacao-em-Neuroengenharia-Foto_Ascom_ISD-768x576.jpeg 768w, https:\/\/institutosantosdumont.org.br\/wp-content\/uploads\/2026\/01\/Instituto-Santos-Dumont-abre-selecao-para-secretario-de-Pesquisa-e-Pos-Graduacao-em-Neuroengenharia-Foto_Ascom_ISD-1536x1152.jpeg 1536w, https:\/\/institutosantosdumont.org.br\/wp-content\/uploads\/2026\/01\/Instituto-Santos-Dumont-abre-selecao-para-secretario-de-Pesquisa-e-Pos-Graduacao-em-Neuroengenharia-Foto_Ascom_ISD-2048x1536.jpeg 2048w, https:\/\/institutosantosdumont.org.br\/wp-content\/uploads\/2026\/01\/Instituto-Santos-Dumont-abre-selecao-para-secretario-de-Pesquisa-e-Pos-Graduacao-em-Neuroengenharia-Foto_Ascom_ISD-16x12.jpeg 16w\" sizes=\"(max-width: 300px) 100vw, 300px\" \/><\/a><\/p>\n"},"caption":{"rendered":""},"alt_text":"Uma m\u00e3o utilizando um notebook. O notebook est\u00e1 aberto na p\u00e1gina de oportunidades do site oficial do ISD","media_type":"image","mime_type":"image\/jpeg","media_details":{"width":2560,"height":1920,"file":"2026\/01\/Instituto-Santos-Dumont-abre-selecao-para-secretario-de-Pesquisa-e-Pos-Graduacao-em-Neuroengenharia-Foto_Ascom_ISD-scaled.jpeg","filesize":283746,"sizes":{"medium":{"file":"Instituto-Santos-Dumont-abre-selecao-para-secretario-de-Pesquisa-e-Pos-Graduacao-em-Neuroengenharia-Foto_Ascom_ISD-300x225.jpeg","width":300,"height":225,"filesize":11193,"mime_type":"image\/jpeg","source_url":"https:\/\/institutosantosdumont.org.br\/wp-content\/uploads\/2026\/01\/Instituto-Santos-Dumont-abre-selecao-para-secretario-de-Pesquisa-e-Pos-Graduacao-em-Neuroengenharia-Foto_Ascom_ISD-300x225.jpeg"},"large":{"file":"Instituto-Santos-Dumont-abre-selecao-para-secretario-de-Pesquisa-e-Pos-Graduacao-em-Neuroengenharia-Foto_Ascom_ISD-1024x768.jpeg","width":1024,"height":768,"filesize":66444,"mime_type":"image\/jpeg","source_url":"https:\/\/institutosantosdumont.org.br\/wp-content\/uploads\/2026\/01\/Instituto-Santos-Dumont-abre-selecao-para-secretario-de-Pesquisa-e-Pos-Graduacao-em-Neuroengenharia-Foto_Ascom_ISD-1024x768.jpeg"},"thumbnail":{"file":"Instituto-Santos-Dumont-abre-selecao-para-secretario-de-Pesquisa-e-Pos-Graduacao-em-Neuroengenharia-Foto_Ascom_ISD-150x150.jpeg","width":150,"height":150,"filesize":4981,"mime_type":"image\/jpeg","source_url":"https:\/\/institutosantosdumont.org.br\/wp-content\/uploads\/2026\/01\/Instituto-Santos-Dumont-abre-selecao-para-secretario-de-Pesquisa-e-Pos-Graduacao-em-Neuroengenharia-Foto_Ascom_ISD-150x150.jpeg"},"medium_large":{"file":"Instituto-Santos-Dumont-abre-selecao-para-secretario-de-Pesquisa-e-Pos-Graduacao-em-Neuroengenharia-Foto_Ascom_ISD-768x576.jpeg","width":768,"height":576,"filesize":43274,"mime_type":"image\/jpeg","source_url":"https:\/\/institutosantosdumont.org.br\/wp-content\/uploads\/2026\/01\/Instituto-Santos-Dumont-abre-selecao-para-secretario-de-Pesquisa-e-Pos-Graduacao-em-Neuroengenharia-Foto_Ascom_ISD-768x576.jpeg"},"1536x1536":{"file":"Instituto-Santos-Dumont-abre-selecao-para-secretario-de-Pesquisa-e-Pos-Graduacao-em-Neuroengenharia-Foto_Ascom_ISD-1536x1152.jpeg","width":1536,"height":1152,"filesize":123819,"mime_type":"image\/jpeg","source_url":"https:\/\/institutosantosdumont.org.br\/wp-content\/uploads\/2026\/01\/Instituto-Santos-Dumont-abre-selecao-para-secretario-de-Pesquisa-e-Pos-Graduacao-em-Neuroengenharia-Foto_Ascom_ISD-1536x1152.jpeg"},"2048x2048":{"file":"Instituto-Santos-Dumont-abre-selecao-para-secretario-de-Pesquisa-e-Pos-Graduacao-em-Neuroengenharia-Foto_Ascom_ISD-2048x1536.jpeg","width":2048,"height":1536,"filesize":197586,"mime_type":"image\/jpeg","source_url":"https:\/\/institutosantosdumont.org.br\/wp-content\/uploads\/2026\/01\/Instituto-Santos-Dumont-abre-selecao-para-secretario-de-Pesquisa-e-Pos-Graduacao-em-Neuroengenharia-Foto_Ascom_ISD-2048x1536.jpeg"},"trp-custom-language-flag":{"file":"Instituto-Santos-Dumont-abre-selecao-para-secretario-de-Pesquisa-e-Pos-Graduacao-em-Neuroengenharia-Foto_Ascom_ISD-16x12.jpeg","width":16,"height":12,"filesize":416,"mime_type":"image\/jpeg","source_url":"https:\/\/institutosantosdumont.org.br\/wp-content\/uploads\/2026\/01\/Instituto-Santos-Dumont-abre-selecao-para-secretario-de-Pesquisa-e-Pos-Graduacao-em-Neuroengenharia-Foto_Ascom_ISD-16x12.jpeg"},"full":{"file":"Instituto-Santos-Dumont-abre-selecao-para-secretario-de-Pesquisa-e-Pos-Graduacao-em-Neuroengenharia-Foto_Ascom_ISD-scaled.jpeg","width":2560,"height":1920,"mime_type":"image\/jpeg","source_url":"https:\/\/institutosantosdumont.org.br\/wp-content\/uploads\/2026\/01\/Instituto-Santos-Dumont-abre-selecao-para-secretario-de-Pesquisa-e-Pos-Graduacao-em-Neuroengenharia-Foto_Ascom_ISD-scaled.jpeg"}},"image_meta":{"aperture":"0","credit":"","camera":"","caption":"","created_timestamp":"0","copyright":"","focal_length":"0","iso":"0","shutter_speed":"0","title":"","orientation":"0","keywords":[]},"original_image":"Instituto-Santos-Dumont-abre-selecao-para-secretario-de-Pesquisa-e-Pos-Graduacao-em-Neuroengenharia-Foto_Ascom_ISD.jpeg"},"post":34233,"source_url":"https:\/\/institutosantosdumont.org.br\/wp-content\/uploads\/2026\/01\/Instituto-Santos-Dumont-abre-selecao-para-secretario-de-Pesquisa-e-Pos-Graduacao-em-Neuroengenharia-Foto_Ascom_ISD-scaled.jpeg","_links":{"self":[{"href":"https:\/\/institutosantosdumont.org.br\/en\/wp-json\/wp\/v2\/media\/34234","targetHints":{"allow":["GET"]}}],"collection":[{"href":"https:\/\/institutosantosdumont.org.br\/en\/wp-json\/wp\/v2\/media"}],"about":[{"href":"https:\/\/institutosantosdumont.org.br\/en\/wp-json\/wp\/v2\/types\/attachment"}],"author":[{"embeddable":true,"href":"https:\/\/institutosantosdumont.org.br\/en\/wp-json\/wp\/v2\/users\/10"}],"replies":[{"embeddable":true,"href":"https:\/\/institutosantosdumont.org.br\/en\/wp-json\/wp\/v2\/comments?post=34234"}],"wp:attached-to":[{"embeddable":true,"post_type":"post","id":34233,"href":"https:\/\/institutosantosdumont.org.br\/en\/wp-json\/wp\/v2\/posts\/34233"}],"curies":[{"name":"wp","href":"https:\/\/api.w.org\/{rel}","templated":true}]}}

<p class="attachment"><a href='https://institutosantosdumont.org.br/wp-content/uploads/2026/01/Instituto-Santos-Dumont-abre-selecao-para-secretario-de-Pesquisa-e-Pos-Graduacao-em-Neuroengenharia-Foto_Ascom_ISD-scaled.jpeg'><img fetchpriority="high" decoding="async" width="300" height="225" src="https://institutosantosdumont.org.br/wp-content/uploads/2026/01/Instituto-Santos-Dumont-abre-selecao-para-secretario-de-Pesquisa-e-Pos-Graduacao-em-Neuroengenharia-Foto_Ascom_ISD-300x225.jpeg" class="attachment-medium size-medium" alt="Uma mão utilizando um notebook. O notebook está aberto na página de oportunidades do site oficial do ISD" srcset="https://institutosantosdumont.org.br/wp-content/uploads/2026/01/Instituto-Santos-Dumont-abre-selecao-para-secretario-de-Pesquisa-e-Pos-Graduacao-em-Neuroengenharia-Foto_Ascom_ISD-300x225.jpeg 300w, https://institutosantosdumont.org.br/wp-content/uploads/2026/01/Instituto-Santos-Dumont-abre-selecao-para-secretario-de-Pesquisa-e-Pos-Graduacao-em-Neuroengenharia-Foto_Ascom_ISD-1024x768.jpeg 1024w, https://institutosantosdumont.org.br/wp-content/uploads/2026/01/Instituto-Santos-Dumont-abre-selecao-para-secretario-de-Pesquisa-e-Pos-Graduacao-em-Neuroengenharia-Foto_Ascom_ISD-768x576.jpeg 768w, https://institutosantosdumont.org.br/wp-content/uploads/2026/01/Instituto-Santos-Dumont-abre-selecao-para-secretario-de-Pesquisa-e-Pos-Graduacao-em-Neuroengenharia-Foto_Ascom_ISD-1536x1152.jpeg 1536w, https://institutosantosdumont.org.br/wp-content/uploads/2026/01/Instituto-Santos-Dumont-abre-selecao-para-secretario-de-Pesquisa-e-Pos-Graduacao-em-Neuroengenharia-Foto_Ascom_ISD-2048x1536.jpeg 2048w, https://institutosantosdumont.org.br/wp-content/uploads/2026/01/Instituto-Santos-Dumont-abre-selecao-para-secretario-de-Pesquisa-e-Pos-Graduacao-em-Neuroengenharia-Foto_Ascom_ISD-16x12.jpeg 16w" sizes="(max-width: 300px) 100vw, 300px" /></a></p>

Uma mão utilizando um notebook. O notebook está aberto na página de oportunidades do site oficial do ISD
