{"id":34672,"date":"2026-03-18T15:30:08","date_gmt":"2026-03-18T18:30:08","guid":{"rendered":"https:\/\/institutosantosdumont.org.br\/wp-content\/uploads\/2026\/03\/Atleta-usuaria-do-ISD-conquista-segundo-lugar-em-Campeonato-Pan-Americano-de-Paraciclismo-1.jpeg"},"modified":"2026-03-18T15:31:29","modified_gmt":"2026-03-18T18:31:29","slug":"atleta-usuaria-do-isd-conquista-segundo-lugar-em-campeonato-pan-americano-de-paraciclismo-1","status":"inherit","type":"attachment","link":"https:\/\/institutosantosdumont.org.br\/en\/atleta-usuaria-do-isd-conquista-segundo-lugar-em-campeonato-pan-americano-de-paraciclismo\/atleta-usuaria-do-isd-conquista-segundo-lugar-em-campeonato-pan-americano-de-paraciclismo-1\/","title":{"rendered":"ISD user-athlete wins second place in Pan-American Paracycling Championship (1)"},"author":10,"featured_media":0,"comment_status":"closed","ping_status":"closed","template":"","meta":{"_acf_changed":false},"class_list":["post-34672","attachment","type-attachment","status-inherit","hentry"],"acf":[],"description":{"rendered":"<p class=\"attachment\"><a href='https:\/\/institutosantosdumont.org.br\/wp-content\/uploads\/2026\/03\/Atleta-usuaria-do-ISD-conquista-segundo-lugar-em-Campeonato-Pan-Americano-de-Paraciclismo-1.jpeg'><img fetchpriority=\"high\" decoding=\"async\" width=\"300\" height=\"200\" src=\"https:\/\/institutosantosdumont.org.br\/wp-content\/uploads\/2026\/03\/Atleta-usuaria-do-ISD-conquista-segundo-lugar-em-Campeonato-Pan-Americano-de-Paraciclismo-1-300x200.jpeg\" class=\"attachment-medium size-medium\" alt=\"Ciclista usando capacete azul e \u00f3culos escuros, montado em uma bicicleta de estrada. A camisa \u00e9 verde e amarela e o short \u00e9 azul. H\u00e1 uma placa amarela com o n\u00famero \u201c302\u201d presa no lado do quadril. A bicicleta tem guid\u00e3o curvado e rodas finas; aparece uma roda de outra bicicleta no canto inferior. Ao fundo, h\u00e1 grades met\u00e1licas e algumas pessoas desfocadas atr\u00e1s delas.\" srcset=\"https:\/\/institutosantosdumont.org.br\/wp-content\/uploads\/2026\/03\/Atleta-usuaria-do-ISD-conquista-segundo-lugar-em-Campeonato-Pan-Americano-de-Paraciclismo-1-300x200.jpeg 300w, https:\/\/institutosantosdumont.org.br\/wp-content\/uploads\/2026\/03\/Atleta-usuaria-do-ISD-conquista-segundo-lugar-em-Campeonato-Pan-Americano-de-Paraciclismo-1-768x513.jpeg 768w, https:\/\/institutosantosdumont.org.br\/wp-content\/uploads\/2026\/03\/Atleta-usuaria-do-ISD-conquista-segundo-lugar-em-Campeonato-Pan-Americano-de-Paraciclismo-1-18x12.jpeg 18w, https:\/\/institutosantosdumont.org.br\/wp-content\/uploads\/2026\/03\/Atleta-usuaria-do-ISD-conquista-segundo-lugar-em-Campeonato-Pan-Americano-de-Paraciclismo-1.jpeg 828w\" sizes=\"(max-width: 300px) 100vw, 300px\" \/><\/a><\/p>\n"},"caption":{"rendered":""},"alt_text":"Ciclista usando capacete azul e \u00f3culos escuros, montado em uma bicicleta de estrada. A camisa \u00e9 verde e amarela e o short \u00e9 azul. H\u00e1 uma placa amarela com o n\u00famero \u201c302\u201d presa no lado do quadril. A bicicleta tem guid\u00e3o curvado e rodas finas; aparece uma roda de outra bicicleta no canto inferior. Ao fundo, h\u00e1 grades met\u00e1licas e algumas pessoas desfocadas atr\u00e1s delas.","media_type":"image","mime_type":"image\/jpeg","media_details":{"width":828,"height":553,"file":"2026\/03\/Atleta-usuaria-do-ISD-conquista-segundo-lugar-em-Campeonato-Pan-Americano-de-Paraciclismo-1.jpeg","filesize":89533,"sizes":{"medium":{"file":"Atleta-usuaria-do-ISD-conquista-segundo-lugar-em-Campeonato-Pan-Americano-de-Paraciclismo-1-300x200.jpeg","width":300,"height":200,"filesize":18042,"mime_type":"image\/jpeg","source_url":"https:\/\/institutosantosdumont.org.br\/wp-content\/uploads\/2026\/03\/Atleta-usuaria-do-ISD-conquista-segundo-lugar-em-Campeonato-Pan-Americano-de-Paraciclismo-1-300x200.jpeg"},"thumbnail":{"file":"Atleta-usuaria-do-ISD-conquista-segundo-lugar-em-Campeonato-Pan-Americano-de-Paraciclismo-1-150x150.jpeg","width":150,"height":150,"filesize":7925,"mime_type":"image\/jpeg","source_url":"https:\/\/institutosantosdumont.org.br\/wp-content\/uploads\/2026\/03\/Atleta-usuaria-do-ISD-conquista-segundo-lugar-em-Campeonato-Pan-Americano-de-Paraciclismo-1-150x150.jpeg"},"medium_large":{"file":"Atleta-usuaria-do-ISD-conquista-segundo-lugar-em-Campeonato-Pan-Americano-de-Paraciclismo-1-768x513.jpeg","width":768,"height":513,"filesize":79859,"mime_type":"image\/jpeg","source_url":"https:\/\/institutosantosdumont.org.br\/wp-content\/uploads\/2026\/03\/Atleta-usuaria-do-ISD-conquista-segundo-lugar-em-Campeonato-Pan-Americano-de-Paraciclismo-1-768x513.jpeg"},"trp-custom-language-flag":{"file":"Atleta-usuaria-do-ISD-conquista-segundo-lugar-em-Campeonato-Pan-Americano-de-Paraciclismo-1-18x12.jpeg","width":18,"height":12,"filesize":422,"mime_type":"image\/jpeg","source_url":"https:\/\/institutosantosdumont.org.br\/wp-content\/uploads\/2026\/03\/Atleta-usuaria-do-ISD-conquista-segundo-lugar-em-Campeonato-Pan-Americano-de-Paraciclismo-1-18x12.jpeg"},"full":{"file":"Atleta-usuaria-do-ISD-conquista-segundo-lugar-em-Campeonato-Pan-Americano-de-Paraciclismo-1.jpeg","width":828,"height":553,"mime_type":"image\/jpeg","source_url":"https:\/\/institutosantosdumont.org.br\/wp-content\/uploads\/2026\/03\/Atleta-usuaria-do-ISD-conquista-segundo-lugar-em-Campeonato-Pan-Americano-de-Paraciclismo-1.jpeg"}},"image_meta":{"aperture":"0","credit":"","camera":"","caption":"","created_timestamp":"0","copyright":"","focal_length":"0","iso":"0","shutter_speed":"0","title":"","orientation":"0","keywords":[]}},"post":34671,"source_url":"https:\/\/institutosantosdumont.org.br\/wp-content\/uploads\/2026\/03\/Atleta-usuaria-do-ISD-conquista-segundo-lugar-em-Campeonato-Pan-Americano-de-Paraciclismo-1.jpeg","_links":{"self":[{"href":"https:\/\/institutosantosdumont.org.br\/en\/wp-json\/wp\/v2\/media\/34672","targetHints":{"allow":["GET"]}}],"collection":[{"href":"https:\/\/institutosantosdumont.org.br\/en\/wp-json\/wp\/v2\/media"}],"about":[{"href":"https:\/\/institutosantosdumont.org.br\/en\/wp-json\/wp\/v2\/types\/attachment"}],"author":[{"embeddable":true,"href":"https:\/\/institutosantosdumont.org.br\/en\/wp-json\/wp\/v2\/users\/10"}],"replies":[{"embeddable":true,"href":"https:\/\/institutosantosdumont.org.br\/en\/wp-json\/wp\/v2\/comments?post=34672"}],"wp:attached-to":[{"embeddable":true,"post_type":"post","id":34671,"href":"https:\/\/institutosantosdumont.org.br\/en\/wp-json\/wp\/v2\/posts\/34671"}],"curies":[{"name":"wp","href":"https:\/\/api.w.org\/{rel}","templated":true}]}}

<p class="attachment"><a href='https://institutosantosdumont.org.br/wp-content/uploads/2026/03/Atleta-usuaria-do-ISD-conquista-segundo-lugar-em-Campeonato-Pan-Americano-de-Paraciclismo-1.jpeg'><img fetchpriority="high" decoding="async" width="300" height="200" src="https://institutosantosdumont.org.br/wp-content/uploads/2026/03/Atleta-usuaria-do-ISD-conquista-segundo-lugar-em-Campeonato-Pan-Americano-de-Paraciclismo-1-300x200.jpeg" class="attachment-medium size-medium" alt="Ciclista usando capacete azul e óculos escuros, montado em uma bicicleta de estrada. A camisa é verde e amarela e o short é azul. Há uma placa amarela com o número “302” presa no lado do quadril. A bicicleta tem guidão curvado e rodas finas; aparece uma roda de outra bicicleta no canto inferior. Ao fundo, há grades metálicas e algumas pessoas desfocadas atrás delas." srcset="https://institutosantosdumont.org.br/wp-content/uploads/2026/03/Atleta-usuaria-do-ISD-conquista-segundo-lugar-em-Campeonato-Pan-Americano-de-Paraciclismo-1-300x200.jpeg 300w, https://institutosantosdumont.org.br/wp-content/uploads/2026/03/Atleta-usuaria-do-ISD-conquista-segundo-lugar-em-Campeonato-Pan-Americano-de-Paraciclismo-1-768x513.jpeg 768w, https://institutosantosdumont.org.br/wp-content/uploads/2026/03/Atleta-usuaria-do-ISD-conquista-segundo-lugar-em-Campeonato-Pan-Americano-de-Paraciclismo-1-18x12.jpeg 18w, https://institutosantosdumont.org.br/wp-content/uploads/2026/03/Atleta-usuaria-do-ISD-conquista-segundo-lugar-em-Campeonato-Pan-Americano-de-Paraciclismo-1.jpeg 828w" sizes="(max-width: 300px) 100vw, 300px" /></a></p>

Ciclista usando capacete azul e óculos escuros, montado em uma bicicleta de estrada. A camisa é verde e amarela e o short é azul. Há uma placa amarela com o número “302” presa no lado do quadril. A bicicleta tem guidão curvado e rodas finas; aparece uma roda de outra bicicleta no canto inferior. Ao fundo, há grades metálicas e algumas pessoas desfocadas atrás delas.
