{"id":23742,"date":"2022-03-09T15:29:49","date_gmt":"2022-03-09T18:29:49","guid":{"rendered":"http:\/\/www.institutosantosdumont.org.br\/?page_id=23742"},"modified":"2022-03-09T15:46:53","modified_gmt":"2022-03-09T18:46:53","slug":"multiprofessional-residency-in-the-health-care-of-the-person-with-disabilities","status":"publish","type":"page","link":"https:\/\/institutosantosdumont.org.br\/en\/multiprofessional-residency-in-the-health-care-of-the-person-with-disabilities\/","title":{"rendered":"Multiprofessional Residency in the Health Care of the Person with Disabilities"},"content":{"rendered":"<div data-elementor-type=\"wp-post\" data-elementor-id=\"23742\" class=\"elementor elementor-23742\" data-elementor-post-type=\"page\">\n\t\t\t\t\t\t<section class=\"elementor-section elementor-top-section elementor-element elementor-element-uo30xfv elementor-section-boxed elementor-section-height-default elementor-section-height-default\" data-id=\"uo30xfv\" data-element_type=\"section\">\n\t\t\t\t\t\t<div class=\"elementor-container elementor-column-gap-default\">\n\t\t\t\t\t<div class=\"elementor-column elementor-col-100 elementor-top-column elementor-element elementor-element-v85qads\" data-id=\"v85qads\" data-element_type=\"column\">\n\t\t\t<div class=\"elementor-widget-wrap elementor-element-populated\">\n\t\t\t\t\t\t<div class=\"elementor-element elementor-element-v53hokg elementor-widget elementor-widget-spacer\" data-id=\"v53hokg\" data-element_type=\"widget\" data-widget_type=\"spacer.default\">\n\t\t\t\t<div class=\"elementor-widget-container\">\n\t\t\t\t\t\t\t<div class=\"elementor-spacer\">\n\t\t\t<div class=\"elementor-spacer-inner\"><\/div>\n\t\t<\/div>\n\t\t\t\t\t\t<\/div>\n\t\t\t\t<\/div>\n\t\t\t\t<div class=\"elementor-element elementor-element-qulyl2w elementor-widget elementor-widget-text-editor\" data-id=\"qulyl2w\" data-element_type=\"widget\" data-widget_type=\"text-editor.default\">\n\t\t\t\t<div class=\"elementor-widget-container\">\n\t\t\t\t\t\t\t\t\t<h2><strong>About the program<\/strong><\/h2><div><strong>\u00a0<\/strong><\/div><p><span style=\"font-size: 18.2px;\">Brazil has approximately 17.3 million people with some kind of disability according to data from the National Health Survey \u2013 Base Year 2019 \u2013 from the Brazilian Institute of Geography and Statistics (IBGE, as Portuguese abbreviation). With the aging of the Brazilian population, the expectation is that more and more people will need some type of qualification or rehabilitation through prostheses, orthoses and various health procedures. With the goal of preparing professionals focused on the care of this public, the Santos Dumont Institute (ISD) created the Multiprofessional Residency Program in Health Care for People with Disabilities, a pioneer in Brazil.\u00a0<\/span><\/p><p><span style=\"font-size: 18.2px;\">The Program was approved through a public call from the Ministry of Education and is offered by the Center for Education and Research in Health Anita Garibaldi (Anita), one of the units of the Santos Dumont Institute in Maca\u00edba (RN). Since October 2016, by the Ministry of Health enabled Anita as a Specialized Center in Rehabilitation \u2013 CER III, in the areas of hearing, physical and intellectual impairment. At the beginning of August 2021, the Ministry of Health modified the qualification to CER IV, including care for the visually impaired. The change took place after the publication of Ordinance No. 1,842\/2021.\u00a0<\/span><\/p><p><span style=\"font-size: 18.2px;\">CER IV ISD&#039;s actions are organized in the following clinics:<b> Epilepsy (child and adult); Parkinson&#039;s; Autism Spectrum Disorder (ASD); Spinal cord injury (child and adult); Microcephaly; Hearing Impairment (child and adult); Prematurity and Neurogenic Bladder.<\/b><\/span><\/p><p><span style=\"font-size: 18.2px;\">The ISD Residency Program is aimed at professionals of Physiotherapy, Speech Therapy, Psychology and Social Work, bringing together the areas of teaching, research and extension in order to strengthen both the Care Network for People with Disabilities in the context of the Unified Health System ( SUS), and the National Plan for the Rights of Persons with Disabilities \u2013 Living without Limits Plan.\u00a0<\/span><\/p><p><span style=\"font-size: 18.2px;\">In addition, the Program includes the interface of joint action with the Postgraduate Program in Neuroengineering of the International Institute of Neurosciences Edmond and Lily Safra (IIN-ELS).\u00a0<\/span><\/p>\t\t\t\t\t\t\t\t<\/div>\n\t\t\t\t<\/div>\n\t\t\t\t<div class=\"elementor-element elementor-element-4f1f6d1 elementor-widget-divider--view-line elementor-widget elementor-widget-divider\" data-id=\"4f1f6d1\" data-element_type=\"widget\" data-widget_type=\"divider.default\">\n\t\t\t\t<div class=\"elementor-widget-container\">\n\t\t\t\t\t\t\t<div class=\"elementor-divider\">\n\t\t\t<span class=\"elementor-divider-separator\">\n\t\t\t\t\t\t<\/span>\n\t\t<\/div>\n\t\t\t\t\t\t<\/div>\n\t\t\t\t<\/div>\n\t\t\t\t<section class=\"elementor-section elementor-inner-section elementor-element elementor-element-0869e55 elementor-section-boxed elementor-section-height-default elementor-section-height-default\" data-id=\"0869e55\" data-element_type=\"section\">\n\t\t\t\t\t\t<div class=\"elementor-container elementor-column-gap-default\">\n\t\t\t\t\t<div class=\"elementor-column elementor-col-50 elementor-inner-column elementor-element elementor-element-da68409\" data-id=\"da68409\" data-element_type=\"column\">\n\t\t\t<div class=\"elementor-widget-wrap elementor-element-populated\">\n\t\t\t\t\t\t<div class=\"elementor-element elementor-element-ccaeb8f elementor-widget elementor-widget-image\" data-id=\"ccaeb8f\" data-element_type=\"widget\" data-widget_type=\"image.default\">\n\t\t\t\t<div class=\"elementor-widget-container\">\n\t\t\t\t\t\t\t\t\t\t\t\t<figure class=\"wp-caption\">\n\t\t\t\t\t\t\t\t\t\t<img fetchpriority=\"high\" decoding=\"async\" width=\"800\" height=\"534\" src=\"https:\/\/institutosantosdumont.org.br\/wp-content\/uploads\/2022\/03\/Alunos-do-ISD-em-aula-com-Divaneide-Bas\u00edlio-1024x683-1024x683.jpeg\" class=\"attachment-large size-large wp-image-23746\" alt=\"\" srcset=\"https:\/\/institutosantosdumont.org.br\/wp-content\/uploads\/2022\/03\/Alunos-do-ISD-em-aula-com-Divaneide-Bas\u00edlio-1024x683.jpeg 1024w, https:\/\/institutosantosdumont.org.br\/wp-content\/uploads\/2022\/03\/Alunos-do-ISD-em-aula-com-Divaneide-Bas\u00edlio-1024x683-300x200.jpeg 300w, https:\/\/institutosantosdumont.org.br\/wp-content\/uploads\/2022\/03\/Alunos-do-ISD-em-aula-com-Divaneide-Bas\u00edlio-1024x683-768x512.jpeg 768w\" sizes=\"(max-width: 800px) 100vw, 800px\" \/>\t\t\t\t\t\t\t\t\t\t\t<figcaption class=\"widget-image-caption wp-caption-text\">Residents during a class of Citizenship for Global Education (2021)<\/figcaption>\n\t\t\t\t\t\t\t\t\t\t<\/figure>\n\t\t\t\t\t\t\t\t\t<\/div>\n\t\t\t\t<\/div>\n\t\t\t\t\t<\/div>\n\t\t<\/div>\n\t\t\t\t<div class=\"elementor-column elementor-col-50 elementor-inner-column elementor-element elementor-element-6ce08b7\" data-id=\"6ce08b7\" data-element_type=\"column\">\n\t\t\t<div class=\"elementor-widget-wrap elementor-element-populated\">\n\t\t\t\t\t\t<div class=\"elementor-element elementor-element-b1043c2 elementor-widget elementor-widget-image\" data-id=\"b1043c2\" data-element_type=\"widget\" data-widget_type=\"image.default\">\n\t\t\t\t<div class=\"elementor-widget-container\">\n\t\t\t\t\t\t\t\t\t\t\t\t<figure class=\"wp-caption\">\n\t\t\t\t\t\t\t\t\t\t<img decoding=\"async\" width=\"800\" height=\"600\" src=\"https:\/\/institutosantosdumont.org.br\/wp-content\/uploads\/2022\/03\/ISD-promove-integra\u00e7\u00e3o-com-pacientes-da-Cl\u00ednica-de-Les\u00e3o-Medular-Adulto-_-Foto-Ascom-ISD-1024x768-1024x768.jpg\" class=\"attachment-large size-large wp-image-23745\" alt=\"\" srcset=\"https:\/\/institutosantosdumont.org.br\/wp-content\/uploads\/2022\/03\/ISD-promove-integra\u00e7\u00e3o-com-pacientes-da-Cl\u00ednica-de-Les\u00e3o-Medular-Adulto-_-Foto-Ascom-ISD-1024x768.jpg 1024w, https:\/\/institutosantosdumont.org.br\/wp-content\/uploads\/2022\/03\/ISD-promove-integra\u00e7\u00e3o-com-pacientes-da-Cl\u00ednica-de-Les\u00e3o-Medular-Adulto-_-Foto-Ascom-ISD-1024x768-300x225.jpg 300w, https:\/\/institutosantosdumont.org.br\/wp-content\/uploads\/2022\/03\/ISD-promove-integra\u00e7\u00e3o-com-pacientes-da-Cl\u00ednica-de-Les\u00e3o-Medular-Adulto-_-Foto-Ascom-ISD-1024x768-768x576.jpg 768w\" sizes=\"(max-width: 800px) 100vw, 800px\" \/>\t\t\t\t\t\t\t\t\t\t\t<figcaption class=\"widget-image-caption wp-caption-text\">Carnival celebration promoted by the residents with patients from the clinic of Spinal Cord Injury (2022).<\/figcaption>\n\t\t\t\t\t\t\t\t\t\t<\/figure>\n\t\t\t\t\t\t\t\t\t<\/div>\n\t\t\t\t<\/div>\n\t\t\t\t\t<\/div>\n\t\t<\/div>\n\t\t\t\t\t<\/div>\n\t\t<\/section>\n\t\t\t\t<div class=\"elementor-element elementor-element-3ktio1p elementor-widget elementor-widget-spacer\" data-id=\"3ktio1p\" data-element_type=\"widget\" data-widget_type=\"spacer.default\">\n\t\t\t\t<div class=\"elementor-widget-container\">\n\t\t\t\t\t\t\t<div class=\"elementor-spacer\">\n\t\t\t<div class=\"elementor-spacer-inner\"><\/div>\n\t\t<\/div>\n\t\t\t\t\t\t<\/div>\n\t\t\t\t<\/div>\n\t\t\t\t\t<\/div>\n\t\t<\/div>\n\t\t\t\t\t<\/div>\n\t\t<\/section>\n\t\t\t\t<\/div>","protected":false},"excerpt":{"rendered":"<p>About the program \u00a0 Brazil has approximately 17.3 million people with some kind of disability according to data from the National Health Survey &#8211; Base Year 2019 &#8211; from the Brazilian Institute of Geography and Statistics (IBGE, as portuguese abbreviation). With the aging of the Brazilian population, the expectation is that more and more people [&hellip;]<\/p>","protected":false},"author":10,"featured_media":0,"parent":0,"menu_order":1,"comment_status":"closed","ping_status":"closed","template":"template-page.php","meta":{"_acf_changed":false,"footnotes":""},"class_list":["post-23742","page","type-page","status-publish","hentry"],"acf":[],"_links":{"self":[{"href":"https:\/\/institutosantosdumont.org.br\/en\/wp-json\/wp\/v2\/pages\/23742","targetHints":{"allow":["GET"]}}],"collection":[{"href":"https:\/\/institutosantosdumont.org.br\/en\/wp-json\/wp\/v2\/pages"}],"about":[{"href":"https:\/\/institutosantosdumont.org.br\/en\/wp-json\/wp\/v2\/types\/page"}],"author":[{"embeddable":true,"href":"https:\/\/institutosantosdumont.org.br\/en\/wp-json\/wp\/v2\/users\/10"}],"replies":[{"embeddable":true,"href":"https:\/\/institutosantosdumont.org.br\/en\/wp-json\/wp\/v2\/comments?post=23742"}],"version-history":[{"count":0,"href":"https:\/\/institutosantosdumont.org.br\/en\/wp-json\/wp\/v2\/pages\/23742\/revisions"}],"wp:attachment":[{"href":"https:\/\/institutosantosdumont.org.br\/en\/wp-json\/wp\/v2\/media?parent=23742"}],"curies":[{"name":"wp","href":"https:\/\/api.w.org\/{rel}","templated":true}]}}

<div data-elementor-type="wp-post" data-elementor-id="23742" class="elementor elementor-23742" data-elementor-post-type="page">
						<section class="elementor-section elementor-top-section elementor-element elementor-element-uo30xfv elementor-section-boxed elementor-section-height-default elementor-section-height-default" data-id="uo30xfv" data-element_type="section">
						<div class="elementor-container elementor-column-gap-default">
					<div class="elementor-column elementor-col-100 elementor-top-column elementor-element elementor-element-v85qads" data-id="v85qads" data-element_type="column">
			<div class="elementor-widget-wrap elementor-element-populated">
						<div class="elementor-element elementor-element-v53hokg elementor-widget elementor-widget-spacer" data-id="v53hokg" data-element_type="widget" data-widget_type="spacer.default">
				<div class="elementor-widget-container">
							<div class="elementor-spacer">
			<div class="elementor-spacer-inner"></div>
		</div>
						</div>
				</div>
				<div class="elementor-element elementor-element-qulyl2w elementor-widget elementor-widget-text-editor" data-id="qulyl2w" data-element_type="widget" data-widget_type="text-editor.default">
				<div class="elementor-widget-container">
									<h2><strong>About the program</strong></h2><div><strong> </strong></div><p><span style="font-size: 18.2px;">Brazil has approximately 17.3 million people with some kind of disability according to data from the National Health Survey – Base Year 2019 – from the Brazilian Institute of Geography and Statistics (IBGE, as Portuguese abbreviation). With the aging of the Brazilian population, the expectation is that more and more people will need some type of qualification or rehabilitation through prostheses, orthoses and various health procedures. With the goal of preparing professionals focused on the care of this public, the Santos Dumont Institute (ISD) created the Multiprofessional Residency Program in Health Care for People with Disabilities, a pioneer in Brazil. </span></p><p><span style="font-size: 18.2px;">The Program was approved through a public call from the Ministry of Education and is offered by the Center for Education and Research in Health Anita Garibaldi (Anita), one of the units of the Santos Dumont Institute in Macaíba (RN). Since October 2016, by the Ministry of Health enabled Anita as a Specialized Center in Rehabilitation – CER III, in the areas of hearing, physical and intellectual impairment. At the beginning of August 2021, the Ministry of Health modified the qualification to CER IV, including care for the visually impaired. The change took place after the publication of Ordinance No. 1,842/2021. </span></p><p><span style="font-size: 18.2px;">CER IV ISD&#039;s actions are organized in the following clinics:<b> Epilepsy (child and adult); Parkinson&#039;s; Autism Spectrum Disorder (ASD); Spinal cord injury (child and adult); Microcephaly; Hearing Impairment (child and adult); Prematurity and Neurogenic Bladder.</b></span></p><p><span style="font-size: 18.2px;">The ISD Residency Program is aimed at professionals of Physiotherapy, Speech Therapy, Psychology and Social Work, bringing together the areas of teaching, research and extension in order to strengthen both the Care Network for People with Disabilities in the context of the Unified Health System ( SUS), and the National Plan for the Rights of Persons with Disabilities – Living without Limits Plan. </span></p><p><span style="font-size: 18.2px;">In addition, the Program includes the interface of joint action with the Postgraduate Program in Neuroengineering of the International Institute of Neurosciences Edmond and Lily Safra (IIN-ELS). </span></p>								</div>
				</div>
				<div class="elementor-element elementor-element-4f1f6d1 elementor-widget-divider--view-line elementor-widget elementor-widget-divider" data-id="4f1f6d1" data-element_type="widget" data-widget_type="divider.default">
				<div class="elementor-widget-container">
							<div class="elementor-divider">
			<span class="elementor-divider-separator">
						</span>
		</div>
						</div>
				</div>
				<section class="elementor-section elementor-inner-section elementor-element elementor-element-0869e55 elementor-section-boxed elementor-section-height-default elementor-section-height-default" data-id="0869e55" data-element_type="section">
						<div class="elementor-container elementor-column-gap-default">
					<div class="elementor-column elementor-col-50 elementor-inner-column elementor-element elementor-element-da68409" data-id="da68409" data-element_type="column">
			<div class="elementor-widget-wrap elementor-element-populated">
						<div class="elementor-element elementor-element-ccaeb8f elementor-widget elementor-widget-image" data-id="ccaeb8f" data-element_type="widget" data-widget_type="image.default">
				<div class="elementor-widget-container">
												<figure class="wp-caption">
										<img fetchpriority="high" decoding="async" width="800" height="534" src="https://institutosantosdumont.org.br/wp-content/uploads/2022/03/Alunos-do-ISD-em-aula-com-Divaneide-Basílio-1024x683-1024x683.jpeg" class="attachment-large size-large wp-image-23746" alt="" srcset="https://institutosantosdumont.org.br/wp-content/uploads/2022/03/Alunos-do-ISD-em-aula-com-Divaneide-Basílio-1024x683.jpeg 1024w, https://institutosantosdumont.org.br/wp-content/uploads/2022/03/Alunos-do-ISD-em-aula-com-Divaneide-Basílio-1024x683-300x200.jpeg 300w, https://institutosantosdumont.org.br/wp-content/uploads/2022/03/Alunos-do-ISD-em-aula-com-Divaneide-Basílio-1024x683-768x512.jpeg 768w" sizes="(max-width: 800px) 100vw, 800px" />											<figcaption class="widget-image-caption wp-caption-text">Residents during a class of Citizenship for Global Education (2021)</figcaption>
										</figure>
									</div>
				</div>
					</div>
		</div>
				<div class="elementor-column elementor-col-50 elementor-inner-column elementor-element elementor-element-6ce08b7" data-id="6ce08b7" data-element_type="column">
			<div class="elementor-widget-wrap elementor-element-populated">
						<div class="elementor-element elementor-element-b1043c2 elementor-widget elementor-widget-image" data-id="b1043c2" data-element_type="widget" data-widget_type="image.default">
				<div class="elementor-widget-container">
												<figure class="wp-caption">
										<img decoding="async" width="800" height="600" src="https://institutosantosdumont.org.br/wp-content/uploads/2022/03/ISD-promove-integração-com-pacientes-da-Clínica-de-Lesão-Medular-Adulto-_-Foto-Ascom-ISD-1024x768-1024x768.jpg" class="attachment-large size-large wp-image-23745" alt="" srcset="https://institutosantosdumont.org.br/wp-content/uploads/2022/03/ISD-promove-integração-com-pacientes-da-Clínica-de-Lesão-Medular-Adulto-_-Foto-Ascom-ISD-1024x768.jpg 1024w, https://institutosantosdumont.org.br/wp-content/uploads/2022/03/ISD-promove-integração-com-pacientes-da-Clínica-de-Lesão-Medular-Adulto-_-Foto-Ascom-ISD-1024x768-300x225.jpg 300w, https://institutosantosdumont.org.br/wp-content/uploads/2022/03/ISD-promove-integração-com-pacientes-da-Clínica-de-Lesão-Medular-Adulto-_-Foto-Ascom-ISD-1024x768-768x576.jpg 768w" sizes="(max-width: 800px) 100vw, 800px" />											<figcaption class="widget-image-caption wp-caption-text">Carnival celebration promoted by the residents with patients from the clinic of Spinal Cord Injury (2022).</figcaption>
										</figure>
									</div>
				</div>
					</div>
		</div>
					</div>
		</section>
				<div class="elementor-element elementor-element-3ktio1p elementor-widget elementor-widget-spacer" data-id="3ktio1p" data-element_type="widget" data-widget_type="spacer.default">
				<div class="elementor-widget-container">
							<div class="elementor-spacer">
			<div class="elementor-spacer-inner"></div>
		</div>
						</div>
				</div>
					</div>
		</div>
					</div>
		</section>
				</div>
