{"id":18540,"date":"2020-04-23T10:55:51","date_gmt":"2020-04-23T13:55:51","guid":{"rendered":"http:\/\/www.institutosantosdumont.org.br\/wp-content\/uploads\/2020\/04\/ISD-prorroga-medidas-de-preven\u00e7\u00e3o-ao-novo-coronav\u00edrus.jpg"},"modified":"2020-04-23T10:55:51","modified_gmt":"2020-04-23T13:55:51","slug":"isd-prorroga-medidas-de-prevencao-ao-novo-coronavirus","status":"inherit","type":"attachment","link":"https:\/\/institutosantosdumont.org.br\/es\/isd-prorroga-medidas-de-prevencao-ao-coronavirus\/isd-prorroga-medidas-de-prevencao-ao-novo-coronavirus\/","title":{"rendered":"El Distrito Escolar de Instrucci\u00f3n P\u00fablica (ISD, por sus siglas en ingl\u00e9s) ampl\u00eda las medidas para prevenir la propagaci\u00f3n del nuevo coronavirus."},"author":10,"featured_media":0,"comment_status":"open","ping_status":"closed","template":"","meta":{"_acf_changed":false},"class_list":["post-18540","attachment","type-attachment","status-inherit","hentry"],"acf":[],"description":{"rendered":"<p class=\"attachment\"><a href='https:\/\/institutosantosdumont.org.br\/wp-content\/uploads\/2020\/04\/ISD-prorroga-medidas-de-preven\u00e7\u00e3o-ao-novo-coronav\u00edrus.jpg'><img fetchpriority=\"high\" decoding=\"async\" width=\"300\" height=\"169\" src=\"https:\/\/institutosantosdumont.org.br\/wp-content\/uploads\/2020\/04\/ISD-prorroga-medidas-de-preven\u00e7\u00e3o-ao-novo-coronav\u00edrus-300x169.jpg\" class=\"attachment-medium size-medium\" alt=\"\" srcset=\"https:\/\/institutosantosdumont.org.br\/wp-content\/uploads\/2020\/04\/ISD-prorroga-medidas-de-preven\u00e7\u00e3o-ao-novo-coronav\u00edrus-300x169.jpg 300w, https:\/\/institutosantosdumont.org.br\/wp-content\/uploads\/2020\/04\/ISD-prorroga-medidas-de-preven\u00e7\u00e3o-ao-novo-coronav\u00edrus-768x432.jpg 768w, https:\/\/institutosantosdumont.org.br\/wp-content\/uploads\/2020\/04\/ISD-prorroga-medidas-de-preven\u00e7\u00e3o-ao-novo-coronav\u00edrus-1024x576.jpg 1024w, https:\/\/institutosantosdumont.org.br\/wp-content\/uploads\/2020\/04\/ISD-prorroga-medidas-de-preven\u00e7\u00e3o-ao-novo-coronav\u00edrus.jpg 1200w\" sizes=\"(max-width: 300px) 100vw, 300px\" \/><\/a><\/p>\n"},"caption":{"rendered":""},"alt_text":"","media_type":"image","mime_type":"image\/jpeg","media_details":{"width":1200,"height":675,"file":"2020\/04\/ISD-prorroga-medidas-de-preven\u00e7\u00e3o-ao-novo-coronav\u00edrus.jpg","sizes":{"thumbnail":{"file":"ISD-prorroga-medidas-de-preven\u00e7\u00e3o-ao-novo-coronav\u00edrus-150x150.jpg","width":150,"height":150,"mime_type":"image\/jpeg","source_url":"https:\/\/institutosantosdumont.org.br\/wp-content\/uploads\/2020\/04\/ISD-prorroga-medidas-de-preven\u00e7\u00e3o-ao-novo-coronav\u00edrus-150x150.jpg"},"medium":{"file":"ISD-prorroga-medidas-de-preven\u00e7\u00e3o-ao-novo-coronav\u00edrus-300x169.jpg","width":300,"height":169,"mime_type":"image\/jpeg","source_url":"https:\/\/institutosantosdumont.org.br\/wp-content\/uploads\/2020\/04\/ISD-prorroga-medidas-de-preven\u00e7\u00e3o-ao-novo-coronav\u00edrus-300x169.jpg"},"medium_large":{"file":"ISD-prorroga-medidas-de-preven\u00e7\u00e3o-ao-novo-coronav\u00edrus-768x432.jpg","width":768,"height":432,"mime_type":"image\/jpeg","source_url":"https:\/\/institutosantosdumont.org.br\/wp-content\/uploads\/2020\/04\/ISD-prorroga-medidas-de-preven\u00e7\u00e3o-ao-novo-coronav\u00edrus-768x432.jpg"},"large":{"file":"ISD-prorroga-medidas-de-preven\u00e7\u00e3o-ao-novo-coronav\u00edrus-1024x576.jpg","width":1024,"height":576,"mime_type":"image\/jpeg","source_url":"https:\/\/institutosantosdumont.org.br\/wp-content\/uploads\/2020\/04\/ISD-prorroga-medidas-de-preven\u00e7\u00e3o-ao-novo-coronav\u00edrus-1024x576.jpg"},"full":{"file":"ISD-prorroga-medidas-de-preven\u00e7\u00e3o-ao-novo-coronav\u00edrus.jpg","width":1200,"height":675,"mime_type":"image\/jpeg","source_url":"https:\/\/institutosantosdumont.org.br\/wp-content\/uploads\/2020\/04\/ISD-prorroga-medidas-de-preven\u00e7\u00e3o-ao-novo-coronav\u00edrus.jpg"}},"image_meta":{"aperture":"0","credit":"","camera":"","caption":"","created_timestamp":"0","copyright":"","focal_length":"0","iso":"0","shutter_speed":"0","title":"","orientation":"1","keywords":[]}},"post":18534,"source_url":"https:\/\/institutosantosdumont.org.br\/wp-content\/uploads\/2020\/04\/ISD-prorroga-medidas-de-preven\u00e7\u00e3o-ao-novo-coronav\u00edrus.jpg","_links":{"self":[{"href":"https:\/\/institutosantosdumont.org.br\/es\/wp-json\/wp\/v2\/media\/18540","targetHints":{"allow":["GET"]}}],"collection":[{"href":"https:\/\/institutosantosdumont.org.br\/es\/wp-json\/wp\/v2\/media"}],"about":[{"href":"https:\/\/institutosantosdumont.org.br\/es\/wp-json\/wp\/v2\/types\/attachment"}],"author":[{"embeddable":true,"href":"https:\/\/institutosantosdumont.org.br\/es\/wp-json\/wp\/v2\/users\/10"}],"replies":[{"embeddable":true,"href":"https:\/\/institutosantosdumont.org.br\/es\/wp-json\/wp\/v2\/comments?post=18540"}],"wp:attached-to":[{"embeddable":true,"post_type":"post","id":18534,"href":"https:\/\/institutosantosdumont.org.br\/es\/wp-json\/wp\/v2\/posts\/18534"}],"curies":[{"name":"wp","href":"https:\/\/api.w.org\/{rel}","templated":true}]}}

http://www.institutosantosdumont.org.br/wp-content/uploads/2020/04/ISD-prorroga-medidas-de-prevenção-ao-novo-coronavírus.jpg

El Distrito Escolar de Instrucción Pública (ISD, por sus siglas en inglés) amplía las medidas para prevenir la propagación del nuevo coronavirus.

<p class="attachment"><a href='https://institutosantosdumont.org.br/wp-content/uploads/2020/04/ISD-prorroga-medidas-de-prevenção-ao-novo-coronavírus.jpg'><img fetchpriority="high" decoding="async" width="300" height="169" src="https://institutosantosdumont.org.br/wp-content/uploads/2020/04/ISD-prorroga-medidas-de-prevenção-ao-novo-coronavírus-300x169.jpg" class="attachment-medium size-medium" alt="" srcset="https://institutosantosdumont.org.br/wp-content/uploads/2020/04/ISD-prorroga-medidas-de-prevenção-ao-novo-coronavírus-300x169.jpg 300w, https://institutosantosdumont.org.br/wp-content/uploads/2020/04/ISD-prorroga-medidas-de-prevenção-ao-novo-coronavírus-768x432.jpg 768w, https://institutosantosdumont.org.br/wp-content/uploads/2020/04/ISD-prorroga-medidas-de-prevenção-ao-novo-coronavírus-1024x576.jpg 1024w, https://institutosantosdumont.org.br/wp-content/uploads/2020/04/ISD-prorroga-medidas-de-prevenção-ao-novo-coronavírus.jpg 1200w" sizes="(max-width: 300px) 100vw, 300px" /></a></p>

2020/04/ISD-prorroga-medidas-de-prevenção-ao-novo-coronavírus.jpg

ISD-prorroga-medidas-de-prevenção-ao-novo-coronavírus-150x150.jpg

https://institutosantosdumont.org.br/wp-content/uploads/2020/04/ISD-prorroga-medidas-de-prevenção-ao-novo-coronavírus-150x150.jpg

ISD-prorroga-medidas-de-prevenção-ao-novo-coronavírus-300x169.jpg

https://institutosantosdumont.org.br/wp-content/uploads/2020/04/ISD-prorroga-medidas-de-prevenção-ao-novo-coronavírus-300x169.jpg

ISD-prorroga-medidas-de-prevenção-ao-novo-coronavírus-768x432.jpg

https://institutosantosdumont.org.br/wp-content/uploads/2020/04/ISD-prorroga-medidas-de-prevenção-ao-novo-coronavírus-768x432.jpg

ISD-prorroga-medidas-de-prevenção-ao-novo-coronavírus-1024x576.jpg

https://institutosantosdumont.org.br/wp-content/uploads/2020/04/ISD-prorroga-medidas-de-prevenção-ao-novo-coronavírus-1024x576.jpg

ISD-prorroga-medidas-de-prevenção-ao-novo-coronavírus.jpg

https://institutosantosdumont.org.br/wp-content/uploads/2020/04/ISD-prorroga-medidas-de-prevenção-ao-novo-coronavírus.jpg
