{"id":19377,"date":"2020-06-05T15:24:07","date_gmt":"2020-06-05T18:24:07","guid":{"rendered":"http:\/\/www.institutosantosdumont.org.br\/wp-content\/uploads\/2020\/06\/Psic\u00f3loga-do-ISD-refor\u00e7a-necessidade-de-auto-cuidado-na-pandemia.png"},"modified":"2020-06-05T15:24:07","modified_gmt":"2020-06-05T18:24:07","slug":"psicologa-do-isd-reforca-necessidade-de-auto-cuidado-na-pandemia","status":"inherit","type":"attachment","link":"https:\/\/institutosantosdumont.org.br\/es\/videos-isd-covid-19\/psicologa-do-isd-reforca-necessidade-de-auto-cuidado-na-pandemia\/","title":{"rendered":"Psic\u00f3loga del ISD refuerza la necesidad del autocuidado durante la pandemia."},"author":10,"featured_media":0,"comment_status":"open","ping_status":"closed","template":"","meta":{"_acf_changed":false},"class_list":["post-19377","attachment","type-attachment","status-inherit","hentry"],"acf":[],"description":{"rendered":"<p class=\"attachment\"><a href='https:\/\/institutosantosdumont.org.br\/wp-content\/uploads\/2020\/06\/Psic\u00f3loga-do-ISD-refor\u00e7a-necessidade-de-auto-cuidado-na-pandemia.png'><img fetchpriority=\"high\" decoding=\"async\" width=\"300\" height=\"169\" src=\"https:\/\/institutosantosdumont.org.br\/wp-content\/uploads\/2020\/06\/Psic\u00f3loga-do-ISD-refor\u00e7a-necessidade-de-auto-cuidado-na-pandemia-300x169.png\" class=\"attachment-medium size-medium\" alt=\"\" srcset=\"https:\/\/institutosantosdumont.org.br\/wp-content\/uploads\/2020\/06\/Psic\u00f3loga-do-ISD-refor\u00e7a-necessidade-de-auto-cuidado-na-pandemia-300x169.png 300w, https:\/\/institutosantosdumont.org.br\/wp-content\/uploads\/2020\/06\/Psic\u00f3loga-do-ISD-refor\u00e7a-necessidade-de-auto-cuidado-na-pandemia-768x432.png 768w, https:\/\/institutosantosdumont.org.br\/wp-content\/uploads\/2020\/06\/Psic\u00f3loga-do-ISD-refor\u00e7a-necessidade-de-auto-cuidado-na-pandemia-1024x576.png 1024w\" sizes=\"(max-width: 300px) 100vw, 300px\" \/><\/a><\/p>\n"},"caption":{"rendered":""},"alt_text":"","media_type":"image","mime_type":"image\/png","media_details":{"width":2560,"height":1440,"file":"2020\/06\/Psic\u00f3loga-do-ISD-refor\u00e7a-necessidade-de-auto-cuidado-na-pandemia.png","sizes":{"thumbnail":{"file":"Psic\u00f3loga-do-ISD-refor\u00e7a-necessidade-de-auto-cuidado-na-pandemia-150x150.png","width":150,"height":150,"mime_type":"image\/png","source_url":"https:\/\/institutosantosdumont.org.br\/wp-content\/uploads\/2020\/06\/Psic\u00f3loga-do-ISD-refor\u00e7a-necessidade-de-auto-cuidado-na-pandemia-150x150.png"},"medium":{"file":"Psic\u00f3loga-do-ISD-refor\u00e7a-necessidade-de-auto-cuidado-na-pandemia-300x169.png","width":300,"height":169,"mime_type":"image\/png","source_url":"https:\/\/institutosantosdumont.org.br\/wp-content\/uploads\/2020\/06\/Psic\u00f3loga-do-ISD-refor\u00e7a-necessidade-de-auto-cuidado-na-pandemia-300x169.png"},"medium_large":{"file":"Psic\u00f3loga-do-ISD-refor\u00e7a-necessidade-de-auto-cuidado-na-pandemia-768x432.png","width":768,"height":432,"mime_type":"image\/png","source_url":"https:\/\/institutosantosdumont.org.br\/wp-content\/uploads\/2020\/06\/Psic\u00f3loga-do-ISD-refor\u00e7a-necessidade-de-auto-cuidado-na-pandemia-768x432.png"},"large":{"file":"Psic\u00f3loga-do-ISD-refor\u00e7a-necessidade-de-auto-cuidado-na-pandemia-1024x576.png","width":1024,"height":576,"mime_type":"image\/png","source_url":"https:\/\/institutosantosdumont.org.br\/wp-content\/uploads\/2020\/06\/Psic\u00f3loga-do-ISD-refor\u00e7a-necessidade-de-auto-cuidado-na-pandemia-1024x576.png"},"full":{"file":"Psic\u00f3loga-do-ISD-refor\u00e7a-necessidade-de-auto-cuidado-na-pandemia.png","width":2560,"height":1440,"mime_type":"image\/png","source_url":"https:\/\/institutosantosdumont.org.br\/wp-content\/uploads\/2020\/06\/Psic\u00f3loga-do-ISD-refor\u00e7a-necessidade-de-auto-cuidado-na-pandemia.png"}},"image_meta":{"aperture":"0","credit":"","camera":"","caption":"","created_timestamp":"0","copyright":"","focal_length":"0","iso":"0","shutter_speed":"0","title":"","orientation":"0","keywords":[]}},"post":18609,"source_url":"https:\/\/institutosantosdumont.org.br\/wp-content\/uploads\/2020\/06\/Psic\u00f3loga-do-ISD-refor\u00e7a-necessidade-de-auto-cuidado-na-pandemia.png","_links":{"self":[{"href":"https:\/\/institutosantosdumont.org.br\/es\/wp-json\/wp\/v2\/media\/19377","targetHints":{"allow":["GET"]}}],"collection":[{"href":"https:\/\/institutosantosdumont.org.br\/es\/wp-json\/wp\/v2\/media"}],"about":[{"href":"https:\/\/institutosantosdumont.org.br\/es\/wp-json\/wp\/v2\/types\/attachment"}],"author":[{"embeddable":true,"href":"https:\/\/institutosantosdumont.org.br\/es\/wp-json\/wp\/v2\/users\/10"}],"replies":[{"embeddable":true,"href":"https:\/\/institutosantosdumont.org.br\/es\/wp-json\/wp\/v2\/comments?post=19377"}],"wp:attached-to":[{"embeddable":true,"post_type":"page","id":18609,"href":"https:\/\/institutosantosdumont.org.br\/es\/wp-json\/wp\/v2\/pages\/18609"}],"curies":[{"name":"wp","href":"https:\/\/api.w.org\/{rel}","templated":true}]}}

http://www.institutosantosdumont.org.br/wp-content/uploads/2020/06/Psicóloga-do-ISD-reforça-necessidade-de-auto-cuidado-na-pandemia.png

Psicóloga del ISD refuerza la necesidad del autocuidado durante la pandemia.

<p class="attachment"><a href='https://institutosantosdumont.org.br/wp-content/uploads/2020/06/Psicóloga-do-ISD-reforça-necessidade-de-auto-cuidado-na-pandemia.png'><img fetchpriority="high" decoding="async" width="300" height="169" src="https://institutosantosdumont.org.br/wp-content/uploads/2020/06/Psicóloga-do-ISD-reforça-necessidade-de-auto-cuidado-na-pandemia-300x169.png" class="attachment-medium size-medium" alt="" srcset="https://institutosantosdumont.org.br/wp-content/uploads/2020/06/Psicóloga-do-ISD-reforça-necessidade-de-auto-cuidado-na-pandemia-300x169.png 300w, https://institutosantosdumont.org.br/wp-content/uploads/2020/06/Psicóloga-do-ISD-reforça-necessidade-de-auto-cuidado-na-pandemia-768x432.png 768w, https://institutosantosdumont.org.br/wp-content/uploads/2020/06/Psicóloga-do-ISD-reforça-necessidade-de-auto-cuidado-na-pandemia-1024x576.png 1024w" sizes="(max-width: 300px) 100vw, 300px" /></a></p>

2020/06/Psicóloga-do-ISD-reforça-necessidade-de-auto-cuidado-na-pandemia.png

Psicóloga-do-ISD-reforça-necessidade-de-auto-cuidado-na-pandemia-150x150.png

https://institutosantosdumont.org.br/wp-content/uploads/2020/06/Psicóloga-do-ISD-reforça-necessidade-de-auto-cuidado-na-pandemia-150x150.png

Psicóloga-do-ISD-reforça-necessidade-de-auto-cuidado-na-pandemia-300x169.png

https://institutosantosdumont.org.br/wp-content/uploads/2020/06/Psicóloga-do-ISD-reforça-necessidade-de-auto-cuidado-na-pandemia-300x169.png

Psicóloga-do-ISD-reforça-necessidade-de-auto-cuidado-na-pandemia-768x432.png

https://institutosantosdumont.org.br/wp-content/uploads/2020/06/Psicóloga-do-ISD-reforça-necessidade-de-auto-cuidado-na-pandemia-768x432.png

Psicóloga-do-ISD-reforça-necessidade-de-auto-cuidado-na-pandemia-1024x576.png

https://institutosantosdumont.org.br/wp-content/uploads/2020/06/Psicóloga-do-ISD-reforça-necessidade-de-auto-cuidado-na-pandemia-1024x576.png

Psicóloga-do-ISD-reforça-necessidade-de-auto-cuidado-na-pandemia.png

https://institutosantosdumont.org.br/wp-content/uploads/2020/06/Psicóloga-do-ISD-reforça-necessidade-de-auto-cuidado-na-pandemia.png
