{"id":19635,"date":"2020-07-03T16:28:43","date_gmt":"2020-07-03T19:28:43","guid":{"rendered":"http:\/\/www.institutosantosdumont.org.br\/wp-content\/uploads\/2020\/07\/D\u00favida-sobre-a-sele\u00e7\u00e3o-do-mestrado-em-neuroengenharia-durante-a-pandemia-de-Covid19.png"},"modified":"2020-07-03T16:28:43","modified_gmt":"2020-07-03T19:28:43","slug":"duvida-sobre-a-selecao-do-mestrado-em-neuroengenharia-durante-a-pandemia-de-covid19-3","status":"inherit","type":"attachment","link":"https:\/\/institutosantosdumont.org.br\/es\/pos-graduacao-neuroengenharia\/perguntas-mestrado\/duvida-sobre-a-selecao-do-mestrado-em-neuroengenharia-durante-a-pandemia-de-covid19-3\/","title":{"rendered":"Preguntas sobre el proceso de selecci\u00f3n para el programa de M\u00e1ster en Neuroingenier\u00eda durante la pandemia de Covid-19."},"author":10,"featured_media":0,"comment_status":"open","ping_status":"closed","template":"","meta":{"_acf_changed":false},"class_list":["post-19635","attachment","type-attachment","status-inherit","hentry"],"acf":[],"description":{"rendered":"<p class=\"attachment\"><a href='https:\/\/institutosantosdumont.org.br\/wp-content\/uploads\/2020\/07\/D\u00favida-sobre-a-sele\u00e7\u00e3o-do-mestrado-em-neuroengenharia-durante-a-pandemia-de-Covid19.png'><img fetchpriority=\"high\" decoding=\"async\" width=\"300\" height=\"300\" src=\"https:\/\/institutosantosdumont.org.br\/wp-content\/uploads\/2020\/07\/D\u00favida-sobre-a-sele\u00e7\u00e3o-do-mestrado-em-neuroengenharia-durante-a-pandemia-de-Covid19-300x300.png\" class=\"attachment-medium size-medium\" alt=\"\" srcset=\"https:\/\/institutosantosdumont.org.br\/wp-content\/uploads\/2020\/07\/D\u00favida-sobre-a-sele\u00e7\u00e3o-do-mestrado-em-neuroengenharia-durante-a-pandemia-de-Covid19-300x300.png 300w, https:\/\/institutosantosdumont.org.br\/wp-content\/uploads\/2020\/07\/D\u00favida-sobre-a-sele\u00e7\u00e3o-do-mestrado-em-neuroengenharia-durante-a-pandemia-de-Covid19-150x150.png 150w, https:\/\/institutosantosdumont.org.br\/wp-content\/uploads\/2020\/07\/D\u00favida-sobre-a-sele\u00e7\u00e3o-do-mestrado-em-neuroengenharia-durante-a-pandemia-de-Covid19-768x768.png 768w, https:\/\/institutosantosdumont.org.br\/wp-content\/uploads\/2020\/07\/D\u00favida-sobre-a-sele\u00e7\u00e3o-do-mestrado-em-neuroengenharia-durante-a-pandemia-de-Covid19.png 800w\" sizes=\"(max-width: 300px) 100vw, 300px\" \/><\/a><\/p>\n"},"caption":{"rendered":""},"alt_text":"","media_type":"image","mime_type":"image\/png","media_details":{"width":800,"height":800,"file":"2020\/07\/D\u00favida-sobre-a-sele\u00e7\u00e3o-do-mestrado-em-neuroengenharia-durante-a-pandemia-de-Covid19.png","sizes":{"thumbnail":{"file":"D\u00favida-sobre-a-sele\u00e7\u00e3o-do-mestrado-em-neuroengenharia-durante-a-pandemia-de-Covid19-150x150.png","width":150,"height":150,"mime_type":"image\/png","source_url":"https:\/\/institutosantosdumont.org.br\/wp-content\/uploads\/2020\/07\/D\u00favida-sobre-a-sele\u00e7\u00e3o-do-mestrado-em-neuroengenharia-durante-a-pandemia-de-Covid19-150x150.png"},"medium":{"file":"D\u00favida-sobre-a-sele\u00e7\u00e3o-do-mestrado-em-neuroengenharia-durante-a-pandemia-de-Covid19-300x300.png","width":300,"height":300,"mime_type":"image\/png","source_url":"https:\/\/institutosantosdumont.org.br\/wp-content\/uploads\/2020\/07\/D\u00favida-sobre-a-sele\u00e7\u00e3o-do-mestrado-em-neuroengenharia-durante-a-pandemia-de-Covid19-300x300.png"},"medium_large":{"file":"D\u00favida-sobre-a-sele\u00e7\u00e3o-do-mestrado-em-neuroengenharia-durante-a-pandemia-de-Covid19-768x768.png","width":768,"height":768,"mime_type":"image\/png","source_url":"https:\/\/institutosantosdumont.org.br\/wp-content\/uploads\/2020\/07\/D\u00favida-sobre-a-sele\u00e7\u00e3o-do-mestrado-em-neuroengenharia-durante-a-pandemia-de-Covid19-768x768.png"},"full":{"file":"D\u00favida-sobre-a-sele\u00e7\u00e3o-do-mestrado-em-neuroengenharia-durante-a-pandemia-de-Covid19.png","width":800,"height":800,"mime_type":"image\/png","source_url":"https:\/\/institutosantosdumont.org.br\/wp-content\/uploads\/2020\/07\/D\u00favida-sobre-a-sele\u00e7\u00e3o-do-mestrado-em-neuroengenharia-durante-a-pandemia-de-Covid19.png"}},"image_meta":{"aperture":"0","credit":"","camera":"","caption":"","created_timestamp":"0","copyright":"","focal_length":"0","iso":"0","shutter_speed":"0","title":"","orientation":"0","keywords":[]}},"post":11076,"source_url":"https:\/\/institutosantosdumont.org.br\/wp-content\/uploads\/2020\/07\/D\u00favida-sobre-a-sele\u00e7\u00e3o-do-mestrado-em-neuroengenharia-durante-a-pandemia-de-Covid19.png","_links":{"self":[{"href":"https:\/\/institutosantosdumont.org.br\/es\/wp-json\/wp\/v2\/media\/19635","targetHints":{"allow":["GET"]}}],"collection":[{"href":"https:\/\/institutosantosdumont.org.br\/es\/wp-json\/wp\/v2\/media"}],"about":[{"href":"https:\/\/institutosantosdumont.org.br\/es\/wp-json\/wp\/v2\/types\/attachment"}],"author":[{"embeddable":true,"href":"https:\/\/institutosantosdumont.org.br\/es\/wp-json\/wp\/v2\/users\/10"}],"replies":[{"embeddable":true,"href":"https:\/\/institutosantosdumont.org.br\/es\/wp-json\/wp\/v2\/comments?post=19635"}],"wp:attached-to":[{"embeddable":true,"post_type":"page","id":11076,"href":"https:\/\/institutosantosdumont.org.br\/es\/wp-json\/wp\/v2\/pages\/11076"}],"curies":[{"name":"wp","href":"https:\/\/api.w.org\/{rel}","templated":true}]}}

http://www.institutosantosdumont.org.br/wp-content/uploads/2020/07/Dúvida-sobre-a-seleção-do-mestrado-em-neuroengenharia-durante-a-pandemia-de-Covid19.png

Preguntas sobre el proceso de selección para el programa de Máster en Neuroingeniería durante la pandemia de Covid-19.

<p class="attachment"><a href='https://institutosantosdumont.org.br/wp-content/uploads/2020/07/Dúvida-sobre-a-seleção-do-mestrado-em-neuroengenharia-durante-a-pandemia-de-Covid19.png'><img fetchpriority="high" decoding="async" width="300" height="300" src="https://institutosantosdumont.org.br/wp-content/uploads/2020/07/Dúvida-sobre-a-seleção-do-mestrado-em-neuroengenharia-durante-a-pandemia-de-Covid19-300x300.png" class="attachment-medium size-medium" alt="" srcset="https://institutosantosdumont.org.br/wp-content/uploads/2020/07/Dúvida-sobre-a-seleção-do-mestrado-em-neuroengenharia-durante-a-pandemia-de-Covid19-300x300.png 300w, https://institutosantosdumont.org.br/wp-content/uploads/2020/07/Dúvida-sobre-a-seleção-do-mestrado-em-neuroengenharia-durante-a-pandemia-de-Covid19-150x150.png 150w, https://institutosantosdumont.org.br/wp-content/uploads/2020/07/Dúvida-sobre-a-seleção-do-mestrado-em-neuroengenharia-durante-a-pandemia-de-Covid19-768x768.png 768w, https://institutosantosdumont.org.br/wp-content/uploads/2020/07/Dúvida-sobre-a-seleção-do-mestrado-em-neuroengenharia-durante-a-pandemia-de-Covid19.png 800w" sizes="(max-width: 300px) 100vw, 300px" /></a></p>

2020/07/Dúvida-sobre-a-seleção-do-mestrado-em-neuroengenharia-durante-a-pandemia-de-Covid19.png

Dúvida-sobre-a-seleção-do-mestrado-em-neuroengenharia-durante-a-pandemia-de-Covid19-150x150.png

https://institutosantosdumont.org.br/wp-content/uploads/2020/07/Dúvida-sobre-a-seleção-do-mestrado-em-neuroengenharia-durante-a-pandemia-de-Covid19-150x150.png

Dúvida-sobre-a-seleção-do-mestrado-em-neuroengenharia-durante-a-pandemia-de-Covid19-300x300.png

https://institutosantosdumont.org.br/wp-content/uploads/2020/07/Dúvida-sobre-a-seleção-do-mestrado-em-neuroengenharia-durante-a-pandemia-de-Covid19-300x300.png

Dúvida-sobre-a-seleção-do-mestrado-em-neuroengenharia-durante-a-pandemia-de-Covid19-768x768.png

https://institutosantosdumont.org.br/wp-content/uploads/2020/07/Dúvida-sobre-a-seleção-do-mestrado-em-neuroengenharia-durante-a-pandemia-de-Covid19-768x768.png

Dúvida-sobre-a-seleção-do-mestrado-em-neuroengenharia-durante-a-pandemia-de-Covid19.png

https://institutosantosdumont.org.br/wp-content/uploads/2020/07/Dúvida-sobre-a-seleção-do-mestrado-em-neuroengenharia-durante-a-pandemia-de-Covid19.png
