{"id":21191,"date":"2021-03-01T12:56:09","date_gmt":"2021-03-01T15:56:09","guid":{"rendered":"http:\/\/www.institutosantosdumont.org.br\/wp-content\/uploads\/2021\/03\/Imagem-mostra-seis-das-oito-aprovadas-para-a-nova-turma-da-Resid\u00eancia-Multiprofissional-no-Cuidado-\u00e0-Sa\u00fade-da-Pessoa-com-Defici\u00eancia-do-ISD-2.jpeg"},"modified":"2021-03-01T12:56:09","modified_gmt":"2021-03-01T15:56:09","slug":"imagem-mostra-seis-das-oito-aprovadas-para-a-nova-turma-da-residencia-multiprofissional-no-cuidado-a-saude-da-pessoa-com-deficiencia-do-isd-2","status":"inherit","type":"attachment","link":"https:\/\/institutosantosdumont.org.br\/es\/isd-recebe-4-turma-da-residencia-multiprofissional-no-cuidado-a-saude-da-pessoa-com-deficiencia\/imagem-mostra-seis-das-oito-aprovadas-para-a-nova-turma-da-residencia-multiprofissional-no-cuidado-a-saude-da-pessoa-com-deficiencia-do-isd-2\/","title":{"rendered":"Imagem mostra seis das oito aprovadas para a nova turma da Resid\u00eancia Multiprofissional no Cuidado \u00e0 Sa\u00fade da Pessoa com Defici\u00eancia, do ISD (2)"},"author":10,"featured_media":0,"comment_status":"open","ping_status":"closed","template":"","meta":{"_acf_changed":false},"class_list":["post-21191","attachment","type-attachment","status-inherit","hentry"],"acf":[],"description":{"rendered":"<p class=\"attachment\"><a href='https:\/\/institutosantosdumont.org.br\/wp-content\/uploads\/2021\/03\/Imagem-mostra-seis-das-oito-aprovadas-para-a-nova-turma-da-Resid\u00eancia-Multiprofissional-no-Cuidado-\u00e0-Sa\u00fade-da-Pessoa-com-Defici\u00eancia-do-ISD-2.jpeg'><img fetchpriority=\"high\" decoding=\"async\" width=\"300\" height=\"200\" src=\"https:\/\/institutosantosdumont.org.br\/wp-content\/uploads\/2021\/03\/Imagem-mostra-seis-das-oito-aprovadas-para-a-nova-turma-da-Resid\u00eancia-Multiprofissional-no-Cuidado-\u00e0-Sa\u00fade-da-Pessoa-com-Defici\u00eancia-do-ISD-2-300x200.jpeg\" class=\"attachment-medium size-medium\" alt=\"\" srcset=\"https:\/\/institutosantosdumont.org.br\/wp-content\/uploads\/2021\/03\/Imagem-mostra-seis-das-oito-aprovadas-para-a-nova-turma-da-Resid\u00eancia-Multiprofissional-no-Cuidado-\u00e0-Sa\u00fade-da-Pessoa-com-Defici\u00eancia-do-ISD-2-300x200.jpeg 300w, https:\/\/institutosantosdumont.org.br\/wp-content\/uploads\/2021\/03\/Imagem-mostra-seis-das-oito-aprovadas-para-a-nova-turma-da-Resid\u00eancia-Multiprofissional-no-Cuidado-\u00e0-Sa\u00fade-da-Pessoa-com-Defici\u00eancia-do-ISD-2-768x512.jpeg 768w, https:\/\/institutosantosdumont.org.br\/wp-content\/uploads\/2021\/03\/Imagem-mostra-seis-das-oito-aprovadas-para-a-nova-turma-da-Resid\u00eancia-Multiprofissional-no-Cuidado-\u00e0-Sa\u00fade-da-Pessoa-com-Defici\u00eancia-do-ISD-2-1024x682.jpeg 1024w, https:\/\/institutosantosdumont.org.br\/wp-content\/uploads\/2021\/03\/Imagem-mostra-seis-das-oito-aprovadas-para-a-nova-turma-da-Resid\u00eancia-Multiprofissional-no-Cuidado-\u00e0-Sa\u00fade-da-Pessoa-com-Defici\u00eancia-do-ISD-2.jpeg 1280w\" sizes=\"(max-width: 300px) 100vw, 300px\" \/><\/a><\/p>\n"},"caption":{"rendered":""},"alt_text":"","media_type":"image","mime_type":"image\/jpeg","media_details":{"width":1280,"height":853,"file":"2021\/03\/Imagem-mostra-seis-das-oito-aprovadas-para-a-nova-turma-da-Resid\u00eancia-Multiprofissional-no-Cuidado-\u00e0-Sa\u00fade-da-Pessoa-com-Defici\u00eancia-do-ISD-2.jpeg","sizes":{"thumbnail":{"file":"Imagem-mostra-seis-das-oito-aprovadas-para-a-nova-turma-da-Resid\u00eancia-Multiprofissional-no-Cuidado-\u00e0-Sa\u00fade-da-Pessoa-com-Defici\u00eancia-do-ISD-2-150x150.jpeg","width":150,"height":150,"mime_type":"image\/jpeg","source_url":"https:\/\/institutosantosdumont.org.br\/wp-content\/uploads\/2021\/03\/Imagem-mostra-seis-das-oito-aprovadas-para-a-nova-turma-da-Resid\u00eancia-Multiprofissional-no-Cuidado-\u00e0-Sa\u00fade-da-Pessoa-com-Defici\u00eancia-do-ISD-2-150x150.jpeg"},"medium":{"file":"Imagem-mostra-seis-das-oito-aprovadas-para-a-nova-turma-da-Resid\u00eancia-Multiprofissional-no-Cuidado-\u00e0-Sa\u00fade-da-Pessoa-com-Defici\u00eancia-do-ISD-2-300x200.jpeg","width":300,"height":200,"mime_type":"image\/jpeg","source_url":"https:\/\/institutosantosdumont.org.br\/wp-content\/uploads\/2021\/03\/Imagem-mostra-seis-das-oito-aprovadas-para-a-nova-turma-da-Resid\u00eancia-Multiprofissional-no-Cuidado-\u00e0-Sa\u00fade-da-Pessoa-com-Defici\u00eancia-do-ISD-2-300x200.jpeg"},"medium_large":{"file":"Imagem-mostra-seis-das-oito-aprovadas-para-a-nova-turma-da-Resid\u00eancia-Multiprofissional-no-Cuidado-\u00e0-Sa\u00fade-da-Pessoa-com-Defici\u00eancia-do-ISD-2-768x512.jpeg","width":768,"height":512,"mime_type":"image\/jpeg","source_url":"https:\/\/institutosantosdumont.org.br\/wp-content\/uploads\/2021\/03\/Imagem-mostra-seis-das-oito-aprovadas-para-a-nova-turma-da-Resid\u00eancia-Multiprofissional-no-Cuidado-\u00e0-Sa\u00fade-da-Pessoa-com-Defici\u00eancia-do-ISD-2-768x512.jpeg"},"large":{"file":"Imagem-mostra-seis-das-oito-aprovadas-para-a-nova-turma-da-Resid\u00eancia-Multiprofissional-no-Cuidado-\u00e0-Sa\u00fade-da-Pessoa-com-Defici\u00eancia-do-ISD-2-1024x682.jpeg","width":1024,"height":682,"mime_type":"image\/jpeg","source_url":"https:\/\/institutosantosdumont.org.br\/wp-content\/uploads\/2021\/03\/Imagem-mostra-seis-das-oito-aprovadas-para-a-nova-turma-da-Resid\u00eancia-Multiprofissional-no-Cuidado-\u00e0-Sa\u00fade-da-Pessoa-com-Defici\u00eancia-do-ISD-2-1024x682.jpeg"},"full":{"file":"Imagem-mostra-seis-das-oito-aprovadas-para-a-nova-turma-da-Resid\u00eancia-Multiprofissional-no-Cuidado-\u00e0-Sa\u00fade-da-Pessoa-com-Defici\u00eancia-do-ISD-2.jpeg","width":1280,"height":853,"mime_type":"image\/jpeg","source_url":"https:\/\/institutosantosdumont.org.br\/wp-content\/uploads\/2021\/03\/Imagem-mostra-seis-das-oito-aprovadas-para-a-nova-turma-da-Resid\u00eancia-Multiprofissional-no-Cuidado-\u00e0-Sa\u00fade-da-Pessoa-com-Defici\u00eancia-do-ISD-2.jpeg"}},"image_meta":{"aperture":"0","credit":"","camera":"","caption":"","created_timestamp":"0","copyright":"","focal_length":"0","iso":"0","shutter_speed":"0","title":"","orientation":"0","keywords":[]}},"post":21182,"source_url":"https:\/\/institutosantosdumont.org.br\/wp-content\/uploads\/2021\/03\/Imagem-mostra-seis-das-oito-aprovadas-para-a-nova-turma-da-Resid\u00eancia-Multiprofissional-no-Cuidado-\u00e0-Sa\u00fade-da-Pessoa-com-Defici\u00eancia-do-ISD-2.jpeg","_links":{"self":[{"href":"https:\/\/institutosantosdumont.org.br\/es\/wp-json\/wp\/v2\/media\/21191","targetHints":{"allow":["GET"]}}],"collection":[{"href":"https:\/\/institutosantosdumont.org.br\/es\/wp-json\/wp\/v2\/media"}],"about":[{"href":"https:\/\/institutosantosdumont.org.br\/es\/wp-json\/wp\/v2\/types\/attachment"}],"author":[{"embeddable":true,"href":"https:\/\/institutosantosdumont.org.br\/es\/wp-json\/wp\/v2\/users\/10"}],"replies":[{"embeddable":true,"href":"https:\/\/institutosantosdumont.org.br\/es\/wp-json\/wp\/v2\/comments?post=21191"}],"wp:attached-to":[{"embeddable":true,"post_type":"post","id":21182,"href":"https:\/\/institutosantosdumont.org.br\/es\/wp-json\/wp\/v2\/posts\/21182"}],"curies":[{"name":"wp","href":"https:\/\/api.w.org\/{rel}","templated":true}]}}

http://www.institutosantosdumont.org.br/wp-content/uploads/2021/03/Imagem-mostra-seis-das-oito-aprovadas-para-a-nova-turma-da-Residência-Multiprofissional-no-Cuidado-à-Saúde-da-Pessoa-com-Deficiência-do-ISD-2.jpeg

Imagem mostra seis das oito aprovadas para a nova turma da Residência Multiprofissional no Cuidado à Saúde da Pessoa com Deficiência, do ISD (2)

<p class="attachment"><a href='https://institutosantosdumont.org.br/wp-content/uploads/2021/03/Imagem-mostra-seis-das-oito-aprovadas-para-a-nova-turma-da-Residência-Multiprofissional-no-Cuidado-à-Saúde-da-Pessoa-com-Deficiência-do-ISD-2.jpeg'><img fetchpriority="high" decoding="async" width="300" height="200" src="https://institutosantosdumont.org.br/wp-content/uploads/2021/03/Imagem-mostra-seis-das-oito-aprovadas-para-a-nova-turma-da-Residência-Multiprofissional-no-Cuidado-à-Saúde-da-Pessoa-com-Deficiência-do-ISD-2-300x200.jpeg" class="attachment-medium size-medium" alt="" srcset="https://institutosantosdumont.org.br/wp-content/uploads/2021/03/Imagem-mostra-seis-das-oito-aprovadas-para-a-nova-turma-da-Residência-Multiprofissional-no-Cuidado-à-Saúde-da-Pessoa-com-Deficiência-do-ISD-2-300x200.jpeg 300w, https://institutosantosdumont.org.br/wp-content/uploads/2021/03/Imagem-mostra-seis-das-oito-aprovadas-para-a-nova-turma-da-Residência-Multiprofissional-no-Cuidado-à-Saúde-da-Pessoa-com-Deficiência-do-ISD-2-768x512.jpeg 768w, https://institutosantosdumont.org.br/wp-content/uploads/2021/03/Imagem-mostra-seis-das-oito-aprovadas-para-a-nova-turma-da-Residência-Multiprofissional-no-Cuidado-à-Saúde-da-Pessoa-com-Deficiência-do-ISD-2-1024x682.jpeg 1024w, https://institutosantosdumont.org.br/wp-content/uploads/2021/03/Imagem-mostra-seis-das-oito-aprovadas-para-a-nova-turma-da-Residência-Multiprofissional-no-Cuidado-à-Saúde-da-Pessoa-com-Deficiência-do-ISD-2.jpeg 1280w" sizes="(max-width: 300px) 100vw, 300px" /></a></p>

2021/03/Imagem-mostra-seis-das-oito-aprovadas-para-a-nova-turma-da-Residência-Multiprofissional-no-Cuidado-à-Saúde-da-Pessoa-com-Deficiência-do-ISD-2.jpeg

Imagem-mostra-seis-das-oito-aprovadas-para-a-nova-turma-da-Residência-Multiprofissional-no-Cuidado-à-Saúde-da-Pessoa-com-Deficiência-do-ISD-2-150x150.jpeg

https://institutosantosdumont.org.br/wp-content/uploads/2021/03/Imagem-mostra-seis-das-oito-aprovadas-para-a-nova-turma-da-Residência-Multiprofissional-no-Cuidado-à-Saúde-da-Pessoa-com-Deficiência-do-ISD-2-150x150.jpeg

Imagem-mostra-seis-das-oito-aprovadas-para-a-nova-turma-da-Residência-Multiprofissional-no-Cuidado-à-Saúde-da-Pessoa-com-Deficiência-do-ISD-2-300x200.jpeg

https://institutosantosdumont.org.br/wp-content/uploads/2021/03/Imagem-mostra-seis-das-oito-aprovadas-para-a-nova-turma-da-Residência-Multiprofissional-no-Cuidado-à-Saúde-da-Pessoa-com-Deficiência-do-ISD-2-300x200.jpeg

Imagem-mostra-seis-das-oito-aprovadas-para-a-nova-turma-da-Residência-Multiprofissional-no-Cuidado-à-Saúde-da-Pessoa-com-Deficiência-do-ISD-2-768x512.jpeg

https://institutosantosdumont.org.br/wp-content/uploads/2021/03/Imagem-mostra-seis-das-oito-aprovadas-para-a-nova-turma-da-Residência-Multiprofissional-no-Cuidado-à-Saúde-da-Pessoa-com-Deficiência-do-ISD-2-768x512.jpeg

Imagem-mostra-seis-das-oito-aprovadas-para-a-nova-turma-da-Residência-Multiprofissional-no-Cuidado-à-Saúde-da-Pessoa-com-Deficiência-do-ISD-2-1024x682.jpeg

https://institutosantosdumont.org.br/wp-content/uploads/2021/03/Imagem-mostra-seis-das-oito-aprovadas-para-a-nova-turma-da-Residência-Multiprofissional-no-Cuidado-à-Saúde-da-Pessoa-com-Deficiência-do-ISD-2-1024x682.jpeg

Imagem-mostra-seis-das-oito-aprovadas-para-a-nova-turma-da-Residência-Multiprofissional-no-Cuidado-à-Saúde-da-Pessoa-com-Deficiência-do-ISD-2.jpeg

https://institutosantosdumont.org.br/wp-content/uploads/2021/03/Imagem-mostra-seis-das-oito-aprovadas-para-a-nova-turma-da-Residência-Multiprofissional-no-Cuidado-à-Saúde-da-Pessoa-com-Deficiência-do-ISD-2.jpeg
