{"id":21358,"date":"2021-04-09T20:19:35","date_gmt":"2021-04-09T23:19:35","guid":{"rendered":"http:\/\/www.institutosantosdumont.org.br\/wp-content\/uploads\/2021\/04\/Encontro-Online-usu\u00e1rios-e-equipe-multiprofissional-da-cl\u00ednica-de-Parkinson-do-ISD.jpeg"},"modified":"2021-06-08T13:47:52","modified_gmt":"2021-06-08T16:47:52","slug":"encontro-online-usuarios-e-equipe-multiprofissional-da-clinica-de-parkinson-do-isd","status":"inherit","type":"attachment","link":"https:\/\/institutosantosdumont.org.br\/es\/educa-parkinson-do-isd-e-relancado-em-versao-online-e-vai-discutir-desafios-com-a-doenca-e-solucoes-no-momento-de-pandemia\/encontro-online-usuarios-e-equipe-multiprofissional-da-clinica-de-parkinson-do-isd\/","title":{"rendered":"Encontro Online usu\u00e1rios e equipe multiprofissional da cl\u00ednica de Parkinson do ISD"},"author":10,"featured_media":0,"comment_status":"open","ping_status":"closed","template":"","meta":{"_acf_changed":false},"class_list":["post-21358","attachment","type-attachment","status-inherit","hentry"],"acf":[],"description":{"rendered":"<p class=\"attachment\"><a href='https:\/\/institutosantosdumont.org.br\/wp-content\/uploads\/2021\/04\/Encontro-Online-usu\u00e1rios-e-equipe-multiprofissional-da-cl\u00ednica-de-Parkinson-do-ISD.jpeg'><img decoding=\"async\" width=\"300\" height=\"117\" src=\"https:\/\/institutosantosdumont.org.br\/wp-content\/uploads\/2021\/04\/Encontro-Online-usu\u00e1rios-e-equipe-multiprofissional-da-cl\u00ednica-de-Parkinson-do-ISD-300x117.jpeg\" class=\"attachment-medium size-medium\" alt=\"\" srcset=\"https:\/\/institutosantosdumont.org.br\/wp-content\/uploads\/2021\/04\/Encontro-Online-usu\u00e1rios-e-equipe-multiprofissional-da-cl\u00ednica-de-Parkinson-do-ISD-300x117.jpeg 300w, https:\/\/institutosantosdumont.org.br\/wp-content\/uploads\/2021\/04\/Encontro-Online-usu\u00e1rios-e-equipe-multiprofissional-da-cl\u00ednica-de-Parkinson-do-ISD-768x299.jpeg 768w, https:\/\/institutosantosdumont.org.br\/wp-content\/uploads\/2021\/04\/Encontro-Online-usu\u00e1rios-e-equipe-multiprofissional-da-cl\u00ednica-de-Parkinson-do-ISD-1024x398.jpeg 1024w, https:\/\/institutosantosdumont.org.br\/wp-content\/uploads\/2021\/04\/Encontro-Online-usu\u00e1rios-e-equipe-multiprofissional-da-cl\u00ednica-de-Parkinson-do-ISD.jpeg 1280w\" sizes=\"(max-width: 300px) 100vw, 300px\" \/><\/a><\/p>\n"},"caption":{"rendered":"<p>Encontro on-line re\u00fane profissionais, estudantes e pessoas com Doen\u00e7a de Parkinson para discutir e dar dicas de como tornas a vida dos parkinsonianos mais leve e funcional. Foto: Reprodu\u00e7\u00e3o Google Meet<\/p>\n"},"alt_text":"","media_type":"image","mime_type":"image\/jpeg","media_details":{"width":1280,"height":498,"file":"2021\/04\/Encontro-Online-usu\u00e1rios-e-equipe-multiprofissional-da-cl\u00ednica-de-Parkinson-do-ISD.jpeg","sizes":{"thumbnail":{"file":"Encontro-Online-usu\u00e1rios-e-equipe-multiprofissional-da-cl\u00ednica-de-Parkinson-do-ISD-150x150.jpeg","width":150,"height":150,"mime_type":"image\/jpeg","source_url":"https:\/\/institutosantosdumont.org.br\/wp-content\/uploads\/2021\/04\/Encontro-Online-usu\u00e1rios-e-equipe-multiprofissional-da-cl\u00ednica-de-Parkinson-do-ISD-150x150.jpeg"},"medium":{"file":"Encontro-Online-usu\u00e1rios-e-equipe-multiprofissional-da-cl\u00ednica-de-Parkinson-do-ISD-300x117.jpeg","width":300,"height":117,"mime_type":"image\/jpeg","source_url":"https:\/\/institutosantosdumont.org.br\/wp-content\/uploads\/2021\/04\/Encontro-Online-usu\u00e1rios-e-equipe-multiprofissional-da-cl\u00ednica-de-Parkinson-do-ISD-300x117.jpeg"},"medium_large":{"file":"Encontro-Online-usu\u00e1rios-e-equipe-multiprofissional-da-cl\u00ednica-de-Parkinson-do-ISD-768x299.jpeg","width":768,"height":299,"mime_type":"image\/jpeg","source_url":"https:\/\/institutosantosdumont.org.br\/wp-content\/uploads\/2021\/04\/Encontro-Online-usu\u00e1rios-e-equipe-multiprofissional-da-cl\u00ednica-de-Parkinson-do-ISD-768x299.jpeg"},"large":{"file":"Encontro-Online-usu\u00e1rios-e-equipe-multiprofissional-da-cl\u00ednica-de-Parkinson-do-ISD-1024x398.jpeg","width":1024,"height":398,"mime_type":"image\/jpeg","source_url":"https:\/\/institutosantosdumont.org.br\/wp-content\/uploads\/2021\/04\/Encontro-Online-usu\u00e1rios-e-equipe-multiprofissional-da-cl\u00ednica-de-Parkinson-do-ISD-1024x398.jpeg"},"full":{"file":"Encontro-Online-usu\u00e1rios-e-equipe-multiprofissional-da-cl\u00ednica-de-Parkinson-do-ISD.jpeg","width":1280,"height":498,"mime_type":"image\/jpeg","source_url":"https:\/\/institutosantosdumont.org.br\/wp-content\/uploads\/2021\/04\/Encontro-Online-usu\u00e1rios-e-equipe-multiprofissional-da-cl\u00ednica-de-Parkinson-do-ISD.jpeg"}},"image_meta":{"aperture":"0","credit":"","camera":"","caption":"","created_timestamp":"0","copyright":"","focal_length":"0","iso":"0","shutter_speed":"0","title":"","orientation":"0","keywords":[]}},"post":21354,"source_url":"https:\/\/institutosantosdumont.org.br\/wp-content\/uploads\/2021\/04\/Encontro-Online-usu\u00e1rios-e-equipe-multiprofissional-da-cl\u00ednica-de-Parkinson-do-ISD.jpeg","_links":{"self":[{"href":"https:\/\/institutosantosdumont.org.br\/es\/wp-json\/wp\/v2\/media\/21358","targetHints":{"allow":["GET"]}}],"collection":[{"href":"https:\/\/institutosantosdumont.org.br\/es\/wp-json\/wp\/v2\/media"}],"about":[{"href":"https:\/\/institutosantosdumont.org.br\/es\/wp-json\/wp\/v2\/types\/attachment"}],"author":[{"embeddable":true,"href":"https:\/\/institutosantosdumont.org.br\/es\/wp-json\/wp\/v2\/users\/10"}],"replies":[{"embeddable":true,"href":"https:\/\/institutosantosdumont.org.br\/es\/wp-json\/wp\/v2\/comments?post=21358"}],"wp:attached-to":[{"embeddable":true,"post_type":"post","id":21354,"href":"https:\/\/institutosantosdumont.org.br\/es\/wp-json\/wp\/v2\/posts\/21354"}],"curies":[{"name":"wp","href":"https:\/\/api.w.org\/{rel}","templated":true}]}}

http://www.institutosantosdumont.org.br/wp-content/uploads/2021/04/Encontro-Online-usuários-e-equipe-multiprofissional-da-clínica-de-Parkinson-do-ISD.jpeg

Encontro Online usuários e equipe multiprofissional da clínica de Parkinson do ISD

<p class="attachment"><a href='https://institutosantosdumont.org.br/wp-content/uploads/2021/04/Encontro-Online-usuários-e-equipe-multiprofissional-da-clínica-de-Parkinson-do-ISD.jpeg'><img decoding="async" width="300" height="117" src="https://institutosantosdumont.org.br/wp-content/uploads/2021/04/Encontro-Online-usuários-e-equipe-multiprofissional-da-clínica-de-Parkinson-do-ISD-300x117.jpeg" class="attachment-medium size-medium" alt="" srcset="https://institutosantosdumont.org.br/wp-content/uploads/2021/04/Encontro-Online-usuários-e-equipe-multiprofissional-da-clínica-de-Parkinson-do-ISD-300x117.jpeg 300w, https://institutosantosdumont.org.br/wp-content/uploads/2021/04/Encontro-Online-usuários-e-equipe-multiprofissional-da-clínica-de-Parkinson-do-ISD-768x299.jpeg 768w, https://institutosantosdumont.org.br/wp-content/uploads/2021/04/Encontro-Online-usuários-e-equipe-multiprofissional-da-clínica-de-Parkinson-do-ISD-1024x398.jpeg 1024w, https://institutosantosdumont.org.br/wp-content/uploads/2021/04/Encontro-Online-usuários-e-equipe-multiprofissional-da-clínica-de-Parkinson-do-ISD.jpeg 1280w" sizes="(max-width: 300px) 100vw, 300px" /></a></p>

<p>Encontro on-line reúne profissionais, estudantes e pessoas com Doença de Parkinson para discutir e dar dicas de como tornas a vida dos parkinsonianos mais leve e funcional. Foto: Reprodução Google Meet</p>

2021/04/Encontro-Online-usuários-e-equipe-multiprofissional-da-clínica-de-Parkinson-do-ISD.jpeg

Encontro-Online-usuários-e-equipe-multiprofissional-da-clínica-de-Parkinson-do-ISD-150x150.jpeg

https://institutosantosdumont.org.br/wp-content/uploads/2021/04/Encontro-Online-usuários-e-equipe-multiprofissional-da-clínica-de-Parkinson-do-ISD-150x150.jpeg

Encontro-Online-usuários-e-equipe-multiprofissional-da-clínica-de-Parkinson-do-ISD-300x117.jpeg

https://institutosantosdumont.org.br/wp-content/uploads/2021/04/Encontro-Online-usuários-e-equipe-multiprofissional-da-clínica-de-Parkinson-do-ISD-300x117.jpeg

Encontro-Online-usuários-e-equipe-multiprofissional-da-clínica-de-Parkinson-do-ISD-768x299.jpeg

https://institutosantosdumont.org.br/wp-content/uploads/2021/04/Encontro-Online-usuários-e-equipe-multiprofissional-da-clínica-de-Parkinson-do-ISD-768x299.jpeg

Encontro-Online-usuários-e-equipe-multiprofissional-da-clínica-de-Parkinson-do-ISD-1024x398.jpeg

https://institutosantosdumont.org.br/wp-content/uploads/2021/04/Encontro-Online-usuários-e-equipe-multiprofissional-da-clínica-de-Parkinson-do-ISD-1024x398.jpeg

Encontro-Online-usuários-e-equipe-multiprofissional-da-clínica-de-Parkinson-do-ISD.jpeg

https://institutosantosdumont.org.br/wp-content/uploads/2021/04/Encontro-Online-usuários-e-equipe-multiprofissional-da-clínica-de-Parkinson-do-ISD.jpeg
