{"id":21518,"date":"2021-04-29T12:02:25","date_gmt":"2021-04-29T15:02:25","guid":{"rendered":"http:\/\/www.institutosantosdumont.org.br\/wp-content\/uploads\/2021\/04\/abrafin-lorenna.png"},"modified":"2021-04-29T12:03:21","modified_gmt":"2021-04-29T15:03:21","slug":"abrafin-lorenna","status":"inherit","type":"attachment","link":"https:\/\/institutosantosdumont.org.br\/es\/preceptora-do-isd-apresenta-trabalho-realizado-no-instituto-em-evento-nacional-sobre-fisioterapia-neurofuncional\/abrafin-lorenna\/","title":{"rendered":"abrafin lorenna"},"author":10,"featured_media":0,"comment_status":"open","ping_status":"closed","template":"","meta":{"_acf_changed":false},"class_list":["post-21518","attachment","type-attachment","status-inherit","hentry"],"acf":[],"description":{"rendered":"<p class=\"attachment\"><a href='https:\/\/institutosantosdumont.org.br\/wp-content\/uploads\/2021\/04\/abrafin-lorenna.png'><img fetchpriority=\"high\" decoding=\"async\" width=\"300\" height=\"169\" src=\"https:\/\/institutosantosdumont.org.br\/wp-content\/uploads\/2021\/04\/abrafin-lorenna-300x169.png\" class=\"attachment-medium size-medium\" alt=\"\" srcset=\"https:\/\/institutosantosdumont.org.br\/wp-content\/uploads\/2021\/04\/abrafin-lorenna-300x169.png 300w, https:\/\/institutosantosdumont.org.br\/wp-content\/uploads\/2021\/04\/abrafin-lorenna-768x434.png 768w, https:\/\/institutosantosdumont.org.br\/wp-content\/uploads\/2021\/04\/abrafin-lorenna-1024x578.png 1024w, https:\/\/institutosantosdumont.org.br\/wp-content\/uploads\/2021\/04\/abrafin-lorenna.png 1038w\" sizes=\"(max-width: 300px) 100vw, 300px\" \/><\/a><\/p>\n"},"caption":{"rendered":"<p>Preceptora e coordenadora da Resid\u00eancia Multiprofissional do ISD abordou a atua\u00e7\u00e3o interdisciplinar no cuidado integral em sa\u00fade. <\/p>\n"},"alt_text":"","media_type":"image","mime_type":"image\/png","media_details":{"width":1038,"height":586,"file":"2021\/04\/abrafin-lorenna.png","sizes":{"thumbnail":{"file":"abrafin-lorenna-150x150.png","width":150,"height":150,"mime_type":"image\/png","source_url":"https:\/\/institutosantosdumont.org.br\/wp-content\/uploads\/2021\/04\/abrafin-lorenna-150x150.png"},"medium":{"file":"abrafin-lorenna-300x169.png","width":300,"height":169,"mime_type":"image\/png","source_url":"https:\/\/institutosantosdumont.org.br\/wp-content\/uploads\/2021\/04\/abrafin-lorenna-300x169.png"},"medium_large":{"file":"abrafin-lorenna-768x434.png","width":768,"height":434,"mime_type":"image\/png","source_url":"https:\/\/institutosantosdumont.org.br\/wp-content\/uploads\/2021\/04\/abrafin-lorenna-768x434.png"},"large":{"file":"abrafin-lorenna-1024x578.png","width":1024,"height":578,"mime_type":"image\/png","source_url":"https:\/\/institutosantosdumont.org.br\/wp-content\/uploads\/2021\/04\/abrafin-lorenna-1024x578.png"},"full":{"file":"abrafin-lorenna.png","width":1038,"height":586,"mime_type":"image\/png","source_url":"https:\/\/institutosantosdumont.org.br\/wp-content\/uploads\/2021\/04\/abrafin-lorenna.png"}},"image_meta":{"aperture":"0","credit":"","camera":"","caption":"","created_timestamp":"0","copyright":"","focal_length":"0","iso":"0","shutter_speed":"0","title":"","orientation":"0","keywords":[]}},"post":21515,"source_url":"https:\/\/institutosantosdumont.org.br\/wp-content\/uploads\/2021\/04\/abrafin-lorenna.png","_links":{"self":[{"href":"https:\/\/institutosantosdumont.org.br\/es\/wp-json\/wp\/v2\/media\/21518","targetHints":{"allow":["GET"]}}],"collection":[{"href":"https:\/\/institutosantosdumont.org.br\/es\/wp-json\/wp\/v2\/media"}],"about":[{"href":"https:\/\/institutosantosdumont.org.br\/es\/wp-json\/wp\/v2\/types\/attachment"}],"author":[{"embeddable":true,"href":"https:\/\/institutosantosdumont.org.br\/es\/wp-json\/wp\/v2\/users\/10"}],"replies":[{"embeddable":true,"href":"https:\/\/institutosantosdumont.org.br\/es\/wp-json\/wp\/v2\/comments?post=21518"}],"wp:attached-to":[{"embeddable":true,"post_type":"post","id":21515,"href":"https:\/\/institutosantosdumont.org.br\/es\/wp-json\/wp\/v2\/posts\/21515"}],"curies":[{"name":"wp","href":"https:\/\/api.w.org\/{rel}","templated":true}]}}

<p>Preceptora e coordenadora da Residência Multiprofissional do ISD abordou a atuação interdisciplinar no cuidado integral em saúde. </p>
