{"id":21869,"date":"2021-06-05T16:34:50","date_gmt":"2021-06-05T19:34:50","guid":{"rendered":"http:\/\/www.institutosantosdumont.org.br\/wp-content\/uploads\/2021\/06\/Aula-no-ISD-sobre-os-filhos-das-v\u00edtimas-de-feminic\u00eddio-no-Brasil-11.jpeg"},"modified":"2021-06-05T16:34:50","modified_gmt":"2021-06-05T19:34:50","slug":"aula-no-isd-sobre-os-filhos-das-vitimas-de-feminicidio-no-brasil-11","status":"inherit","type":"attachment","link":"https:\/\/institutosantosdumont.org.br\/es\/feminicidios-inacao-do-brasil-sobre-filhos-das-vitimas-contribui-para-invisibilidade-de-historias-violencia-e-adoecimento-de-geracoes-aponta-jornalista-em-aula-no-isd\/aula-no-isd-sobre-os-filhos-das-vitimas-de-feminicidio-no-brasil-11\/","title":{"rendered":"Aula no ISD sobre os filhos das v\u00edtimas de feminic\u00eddio no Brasil (11)"},"author":10,"featured_media":0,"comment_status":"open","ping_status":"closed","template":"","meta":{"_acf_changed":false},"class_list":["post-21869","attachment","type-attachment","status-inherit","hentry"],"acf":[],"description":{"rendered":"<p class=\"attachment\"><a href='https:\/\/institutosantosdumont.org.br\/wp-content\/uploads\/2021\/06\/Aula-no-ISD-sobre-os-filhos-das-v\u00edtimas-de-feminic\u00eddio-no-Brasil-11.jpeg'><img fetchpriority=\"high\" decoding=\"async\" width=\"300\" height=\"225\" src=\"https:\/\/institutosantosdumont.org.br\/wp-content\/uploads\/2021\/06\/Aula-no-ISD-sobre-os-filhos-das-v\u00edtimas-de-feminic\u00eddio-no-Brasil-11-300x225.jpeg\" class=\"attachment-medium size-medium\" alt=\"\" srcset=\"https:\/\/institutosantosdumont.org.br\/wp-content\/uploads\/2021\/06\/Aula-no-ISD-sobre-os-filhos-das-v\u00edtimas-de-feminic\u00eddio-no-Brasil-11-300x225.jpeg 300w, https:\/\/institutosantosdumont.org.br\/wp-content\/uploads\/2021\/06\/Aula-no-ISD-sobre-os-filhos-das-v\u00edtimas-de-feminic\u00eddio-no-Brasil-11-768x576.jpeg 768w, https:\/\/institutosantosdumont.org.br\/wp-content\/uploads\/2021\/06\/Aula-no-ISD-sobre-os-filhos-das-v\u00edtimas-de-feminic\u00eddio-no-Brasil-11.jpeg 1024w\" sizes=\"(max-width: 300px) 100vw, 300px\" \/><\/a><\/p>\n"},"caption":{"rendered":""},"alt_text":"","media_type":"image","mime_type":"image\/jpeg","media_details":{"width":1024,"height":768,"file":"2021\/06\/Aula-no-ISD-sobre-os-filhos-das-v\u00edtimas-de-feminic\u00eddio-no-Brasil-11.jpeg","sizes":{"thumbnail":{"file":"Aula-no-ISD-sobre-os-filhos-das-v\u00edtimas-de-feminic\u00eddio-no-Brasil-11-150x150.jpeg","width":150,"height":150,"mime_type":"image\/jpeg","source_url":"https:\/\/institutosantosdumont.org.br\/wp-content\/uploads\/2021\/06\/Aula-no-ISD-sobre-os-filhos-das-v\u00edtimas-de-feminic\u00eddio-no-Brasil-11-150x150.jpeg"},"medium":{"file":"Aula-no-ISD-sobre-os-filhos-das-v\u00edtimas-de-feminic\u00eddio-no-Brasil-11-300x225.jpeg","width":300,"height":225,"mime_type":"image\/jpeg","source_url":"https:\/\/institutosantosdumont.org.br\/wp-content\/uploads\/2021\/06\/Aula-no-ISD-sobre-os-filhos-das-v\u00edtimas-de-feminic\u00eddio-no-Brasil-11-300x225.jpeg"},"medium_large":{"file":"Aula-no-ISD-sobre-os-filhos-das-v\u00edtimas-de-feminic\u00eddio-no-Brasil-11-768x576.jpeg","width":768,"height":576,"mime_type":"image\/jpeg","source_url":"https:\/\/institutosantosdumont.org.br\/wp-content\/uploads\/2021\/06\/Aula-no-ISD-sobre-os-filhos-das-v\u00edtimas-de-feminic\u00eddio-no-Brasil-11-768x576.jpeg"},"large":{"file":"Aula-no-ISD-sobre-os-filhos-das-v\u00edtimas-de-feminic\u00eddio-no-Brasil-11-1024x768.jpeg","width":1024,"height":768,"mime_type":"image\/jpeg","source_url":"https:\/\/institutosantosdumont.org.br\/wp-content\/uploads\/2021\/06\/Aula-no-ISD-sobre-os-filhos-das-v\u00edtimas-de-feminic\u00eddio-no-Brasil-11-1024x768.jpeg"},"full":{"file":"Aula-no-ISD-sobre-os-filhos-das-v\u00edtimas-de-feminic\u00eddio-no-Brasil-11.jpeg","width":1024,"height":768,"mime_type":"image\/jpeg","source_url":"https:\/\/institutosantosdumont.org.br\/wp-content\/uploads\/2021\/06\/Aula-no-ISD-sobre-os-filhos-das-v\u00edtimas-de-feminic\u00eddio-no-Brasil-11.jpeg"}},"image_meta":{"aperture":"0","credit":"","camera":"","caption":"","created_timestamp":"0","copyright":"","focal_length":"0","iso":"0","shutter_speed":"0","title":"","orientation":"0","keywords":[]}},"post":21847,"source_url":"https:\/\/institutosantosdumont.org.br\/wp-content\/uploads\/2021\/06\/Aula-no-ISD-sobre-os-filhos-das-v\u00edtimas-de-feminic\u00eddio-no-Brasil-11.jpeg","_links":{"self":[{"href":"https:\/\/institutosantosdumont.org.br\/es\/wp-json\/wp\/v2\/media\/21869","targetHints":{"allow":["GET"]}}],"collection":[{"href":"https:\/\/institutosantosdumont.org.br\/es\/wp-json\/wp\/v2\/media"}],"about":[{"href":"https:\/\/institutosantosdumont.org.br\/es\/wp-json\/wp\/v2\/types\/attachment"}],"author":[{"embeddable":true,"href":"https:\/\/institutosantosdumont.org.br\/es\/wp-json\/wp\/v2\/users\/10"}],"replies":[{"embeddable":true,"href":"https:\/\/institutosantosdumont.org.br\/es\/wp-json\/wp\/v2\/comments?post=21869"}],"wp:attached-to":[{"embeddable":true,"post_type":"post","id":21847,"href":"https:\/\/institutosantosdumont.org.br\/es\/wp-json\/wp\/v2\/posts\/21847"}],"curies":[{"name":"wp","href":"https:\/\/api.w.org\/{rel}","templated":true}]}}

http://www.institutosantosdumont.org.br/wp-content/uploads/2021/06/Aula-no-ISD-sobre-os-filhos-das-vítimas-de-feminicídio-no-Brasil-11.jpeg

Aula no ISD sobre os filhos das vítimas de feminicídio no Brasil (11)

<p class="attachment"><a href='https://institutosantosdumont.org.br/wp-content/uploads/2021/06/Aula-no-ISD-sobre-os-filhos-das-vítimas-de-feminicídio-no-Brasil-11.jpeg'><img fetchpriority="high" decoding="async" width="300" height="225" src="https://institutosantosdumont.org.br/wp-content/uploads/2021/06/Aula-no-ISD-sobre-os-filhos-das-vítimas-de-feminicídio-no-Brasil-11-300x225.jpeg" class="attachment-medium size-medium" alt="" srcset="https://institutosantosdumont.org.br/wp-content/uploads/2021/06/Aula-no-ISD-sobre-os-filhos-das-vítimas-de-feminicídio-no-Brasil-11-300x225.jpeg 300w, https://institutosantosdumont.org.br/wp-content/uploads/2021/06/Aula-no-ISD-sobre-os-filhos-das-vítimas-de-feminicídio-no-Brasil-11-768x576.jpeg 768w, https://institutosantosdumont.org.br/wp-content/uploads/2021/06/Aula-no-ISD-sobre-os-filhos-das-vítimas-de-feminicídio-no-Brasil-11.jpeg 1024w" sizes="(max-width: 300px) 100vw, 300px" /></a></p>

2021/06/Aula-no-ISD-sobre-os-filhos-das-vítimas-de-feminicídio-no-Brasil-11.jpeg

Aula-no-ISD-sobre-os-filhos-das-vítimas-de-feminicídio-no-Brasil-11-150x150.jpeg

https://institutosantosdumont.org.br/wp-content/uploads/2021/06/Aula-no-ISD-sobre-os-filhos-das-vítimas-de-feminicídio-no-Brasil-11-150x150.jpeg

Aula-no-ISD-sobre-os-filhos-das-vítimas-de-feminicídio-no-Brasil-11-300x225.jpeg

https://institutosantosdumont.org.br/wp-content/uploads/2021/06/Aula-no-ISD-sobre-os-filhos-das-vítimas-de-feminicídio-no-Brasil-11-300x225.jpeg

Aula-no-ISD-sobre-os-filhos-das-vítimas-de-feminicídio-no-Brasil-11-768x576.jpeg

https://institutosantosdumont.org.br/wp-content/uploads/2021/06/Aula-no-ISD-sobre-os-filhos-das-vítimas-de-feminicídio-no-Brasil-11-768x576.jpeg

Aula-no-ISD-sobre-os-filhos-das-vítimas-de-feminicídio-no-Brasil-11-1024x768.jpeg

https://institutosantosdumont.org.br/wp-content/uploads/2021/06/Aula-no-ISD-sobre-os-filhos-das-vítimas-de-feminicídio-no-Brasil-11-1024x768.jpeg

Aula-no-ISD-sobre-os-filhos-das-vítimas-de-feminicídio-no-Brasil-11.jpeg

https://institutosantosdumont.org.br/wp-content/uploads/2021/06/Aula-no-ISD-sobre-os-filhos-das-vítimas-de-feminicídio-no-Brasil-11.jpeg
