{"id":22358,"date":"2021-08-09T10:35:18","date_gmt":"2021-08-09T13:35:18","guid":{"rendered":"http:\/\/www.institutosantosdumont.org.br\/wp-content\/uploads\/2021\/08\/Comitiva-do-Minist\u00e9rio-da-Sa\u00fade-visita-unidades-do-ISD-_-Foto-Ascom-ISD-2.jpeg"},"modified":"2021-08-09T10:35:18","modified_gmt":"2021-08-09T13:35:18","slug":"comitiva-do-ministerio-da-saude-visita-unidades-do-isd-_-foto-ascom-isd-2","status":"inherit","type":"attachment","link":"https:\/\/institutosantosdumont.org.br\/es\/membros-do-ministerio-da-saude-conhecem-estrutura-do-instituto-santos-dumont-em-macaiba\/comitiva-do-ministerio-da-saude-visita-unidades-do-isd-_-foto-ascom-isd-2\/","title":{"rendered":"Comitiva do Minist\u00e9rio da Sa\u00fade visita unidades do ISD _ Foto Ascom ISD (2)"},"author":10,"featured_media":0,"comment_status":"open","ping_status":"closed","template":"","meta":{"_acf_changed":false},"class_list":["post-22358","attachment","type-attachment","status-inherit","hentry"],"acf":[],"description":{"rendered":"<p class=\"attachment\"><a href='https:\/\/institutosantosdumont.org.br\/wp-content\/uploads\/2021\/08\/Comitiva-do-Minist\u00e9rio-da-Sa\u00fade-visita-unidades-do-ISD-_-Foto-Ascom-ISD-2.jpeg'><img fetchpriority=\"high\" decoding=\"async\" width=\"300\" height=\"200\" src=\"https:\/\/institutosantosdumont.org.br\/wp-content\/uploads\/2021\/08\/Comitiva-do-Minist\u00e9rio-da-Sa\u00fade-visita-unidades-do-ISD-_-Foto-Ascom-ISD-2-300x200.jpeg\" class=\"attachment-medium size-medium\" alt=\"\" srcset=\"https:\/\/institutosantosdumont.org.br\/wp-content\/uploads\/2021\/08\/Comitiva-do-Minist\u00e9rio-da-Sa\u00fade-visita-unidades-do-ISD-_-Foto-Ascom-ISD-2-300x200.jpeg 300w, https:\/\/institutosantosdumont.org.br\/wp-content\/uploads\/2021\/08\/Comitiva-do-Minist\u00e9rio-da-Sa\u00fade-visita-unidades-do-ISD-_-Foto-Ascom-ISD-2-768x512.jpeg 768w, https:\/\/institutosantosdumont.org.br\/wp-content\/uploads\/2021\/08\/Comitiva-do-Minist\u00e9rio-da-Sa\u00fade-visita-unidades-do-ISD-_-Foto-Ascom-ISD-2-1024x682.jpeg 1024w, https:\/\/institutosantosdumont.org.br\/wp-content\/uploads\/2021\/08\/Comitiva-do-Minist\u00e9rio-da-Sa\u00fade-visita-unidades-do-ISD-_-Foto-Ascom-ISD-2.jpeg 1280w\" sizes=\"(max-width: 300px) 100vw, 300px\" \/><\/a><\/p>\n"},"caption":{"rendered":""},"alt_text":"","media_type":"image","mime_type":"image\/jpeg","media_details":{"width":1280,"height":853,"file":"2021\/08\/Comitiva-do-Minist\u00e9rio-da-Sa\u00fade-visita-unidades-do-ISD-_-Foto-Ascom-ISD-2.jpeg","sizes":{"thumbnail":{"file":"Comitiva-do-Minist\u00e9rio-da-Sa\u00fade-visita-unidades-do-ISD-_-Foto-Ascom-ISD-2-150x150.jpeg","width":150,"height":150,"mime_type":"image\/jpeg","source_url":"https:\/\/institutosantosdumont.org.br\/wp-content\/uploads\/2021\/08\/Comitiva-do-Minist\u00e9rio-da-Sa\u00fade-visita-unidades-do-ISD-_-Foto-Ascom-ISD-2-150x150.jpeg"},"medium":{"file":"Comitiva-do-Minist\u00e9rio-da-Sa\u00fade-visita-unidades-do-ISD-_-Foto-Ascom-ISD-2-300x200.jpeg","width":300,"height":200,"mime_type":"image\/jpeg","source_url":"https:\/\/institutosantosdumont.org.br\/wp-content\/uploads\/2021\/08\/Comitiva-do-Minist\u00e9rio-da-Sa\u00fade-visita-unidades-do-ISD-_-Foto-Ascom-ISD-2-300x200.jpeg"},"medium_large":{"file":"Comitiva-do-Minist\u00e9rio-da-Sa\u00fade-visita-unidades-do-ISD-_-Foto-Ascom-ISD-2-768x512.jpeg","width":768,"height":512,"mime_type":"image\/jpeg","source_url":"https:\/\/institutosantosdumont.org.br\/wp-content\/uploads\/2021\/08\/Comitiva-do-Minist\u00e9rio-da-Sa\u00fade-visita-unidades-do-ISD-_-Foto-Ascom-ISD-2-768x512.jpeg"},"large":{"file":"Comitiva-do-Minist\u00e9rio-da-Sa\u00fade-visita-unidades-do-ISD-_-Foto-Ascom-ISD-2-1024x682.jpeg","width":1024,"height":682,"mime_type":"image\/jpeg","source_url":"https:\/\/institutosantosdumont.org.br\/wp-content\/uploads\/2021\/08\/Comitiva-do-Minist\u00e9rio-da-Sa\u00fade-visita-unidades-do-ISD-_-Foto-Ascom-ISD-2-1024x682.jpeg"},"full":{"file":"Comitiva-do-Minist\u00e9rio-da-Sa\u00fade-visita-unidades-do-ISD-_-Foto-Ascom-ISD-2.jpeg","width":1280,"height":853,"mime_type":"image\/jpeg","source_url":"https:\/\/institutosantosdumont.org.br\/wp-content\/uploads\/2021\/08\/Comitiva-do-Minist\u00e9rio-da-Sa\u00fade-visita-unidades-do-ISD-_-Foto-Ascom-ISD-2.jpeg"}},"image_meta":{"aperture":"0","credit":"","camera":"","caption":"","created_timestamp":"0","copyright":"","focal_length":"0","iso":"0","shutter_speed":"0","title":"","orientation":"0","keywords":[]}},"post":22353,"source_url":"https:\/\/institutosantosdumont.org.br\/wp-content\/uploads\/2021\/08\/Comitiva-do-Minist\u00e9rio-da-Sa\u00fade-visita-unidades-do-ISD-_-Foto-Ascom-ISD-2.jpeg","_links":{"self":[{"href":"https:\/\/institutosantosdumont.org.br\/es\/wp-json\/wp\/v2\/media\/22358","targetHints":{"allow":["GET"]}}],"collection":[{"href":"https:\/\/institutosantosdumont.org.br\/es\/wp-json\/wp\/v2\/media"}],"about":[{"href":"https:\/\/institutosantosdumont.org.br\/es\/wp-json\/wp\/v2\/types\/attachment"}],"author":[{"embeddable":true,"href":"https:\/\/institutosantosdumont.org.br\/es\/wp-json\/wp\/v2\/users\/10"}],"replies":[{"embeddable":true,"href":"https:\/\/institutosantosdumont.org.br\/es\/wp-json\/wp\/v2\/comments?post=22358"}],"wp:attached-to":[{"embeddable":true,"post_type":"post","id":22353,"href":"https:\/\/institutosantosdumont.org.br\/es\/wp-json\/wp\/v2\/posts\/22353"}],"curies":[{"name":"wp","href":"https:\/\/api.w.org\/{rel}","templated":true}]}}

http://www.institutosantosdumont.org.br/wp-content/uploads/2021/08/Comitiva-do-Ministério-da-Saúde-visita-unidades-do-ISD-_-Foto-Ascom-ISD-2.jpeg

Comitiva do Ministério da Saúde visita unidades do ISD _ Foto Ascom ISD (2)

<p class="attachment"><a href='https://institutosantosdumont.org.br/wp-content/uploads/2021/08/Comitiva-do-Ministério-da-Saúde-visita-unidades-do-ISD-_-Foto-Ascom-ISD-2.jpeg'><img fetchpriority="high" decoding="async" width="300" height="200" src="https://institutosantosdumont.org.br/wp-content/uploads/2021/08/Comitiva-do-Ministério-da-Saúde-visita-unidades-do-ISD-_-Foto-Ascom-ISD-2-300x200.jpeg" class="attachment-medium size-medium" alt="" srcset="https://institutosantosdumont.org.br/wp-content/uploads/2021/08/Comitiva-do-Ministério-da-Saúde-visita-unidades-do-ISD-_-Foto-Ascom-ISD-2-300x200.jpeg 300w, https://institutosantosdumont.org.br/wp-content/uploads/2021/08/Comitiva-do-Ministério-da-Saúde-visita-unidades-do-ISD-_-Foto-Ascom-ISD-2-768x512.jpeg 768w, https://institutosantosdumont.org.br/wp-content/uploads/2021/08/Comitiva-do-Ministério-da-Saúde-visita-unidades-do-ISD-_-Foto-Ascom-ISD-2-1024x682.jpeg 1024w, https://institutosantosdumont.org.br/wp-content/uploads/2021/08/Comitiva-do-Ministério-da-Saúde-visita-unidades-do-ISD-_-Foto-Ascom-ISD-2.jpeg 1280w" sizes="(max-width: 300px) 100vw, 300px" /></a></p>

2021/08/Comitiva-do-Ministério-da-Saúde-visita-unidades-do-ISD-_-Foto-Ascom-ISD-2.jpeg

Comitiva-do-Ministério-da-Saúde-visita-unidades-do-ISD-_-Foto-Ascom-ISD-2-150x150.jpeg

https://institutosantosdumont.org.br/wp-content/uploads/2021/08/Comitiva-do-Ministério-da-Saúde-visita-unidades-do-ISD-_-Foto-Ascom-ISD-2-150x150.jpeg

Comitiva-do-Ministério-da-Saúde-visita-unidades-do-ISD-_-Foto-Ascom-ISD-2-300x200.jpeg

https://institutosantosdumont.org.br/wp-content/uploads/2021/08/Comitiva-do-Ministério-da-Saúde-visita-unidades-do-ISD-_-Foto-Ascom-ISD-2-300x200.jpeg

Comitiva-do-Ministério-da-Saúde-visita-unidades-do-ISD-_-Foto-Ascom-ISD-2-768x512.jpeg

https://institutosantosdumont.org.br/wp-content/uploads/2021/08/Comitiva-do-Ministério-da-Saúde-visita-unidades-do-ISD-_-Foto-Ascom-ISD-2-768x512.jpeg

Comitiva-do-Ministério-da-Saúde-visita-unidades-do-ISD-_-Foto-Ascom-ISD-2-1024x682.jpeg

https://institutosantosdumont.org.br/wp-content/uploads/2021/08/Comitiva-do-Ministério-da-Saúde-visita-unidades-do-ISD-_-Foto-Ascom-ISD-2-1024x682.jpeg

Comitiva-do-Ministério-da-Saúde-visita-unidades-do-ISD-_-Foto-Ascom-ISD-2.jpeg

https://institutosantosdumont.org.br/wp-content/uploads/2021/08/Comitiva-do-Ministério-da-Saúde-visita-unidades-do-ISD-_-Foto-Ascom-ISD-2.jpeg
