{"id":22612,"date":"2021-09-27T09:12:58","date_gmt":"2021-09-27T12:12:58","guid":{"rendered":"http:\/\/www.institutosantosdumont.org.br\/wp-content\/uploads\/2021\/09\/Profa.-Ana-Cristina-Montenegro-ensina-pais-de-crian\u00e7as-com-autismo-atendidas-no-ISD-a-usar-livro-de-comunica\u00e7\u00e3o-alternativa-_-Foto-ASCOM-ISD-2.jpeg"},"modified":"2021-09-27T09:12:58","modified_gmt":"2021-09-27T12:12:58","slug":"profa-ana-cristina-montenegro-ensina-pais-de-criancas-com-autismo-atendidas-no-isd-a-usar-livro-de-comunicacao-alternativa-_-foto-ascom-isd-2","status":"inherit","type":"attachment","link":"https:\/\/institutosantosdumont.org.br\/es\/pais-de-criancas-com-autismo-atendidas-no-isd-aprendem-a-usar-livro-de-comunicacao-alternativa\/profa-ana-cristina-montenegro-ensina-pais-de-criancas-com-autismo-atendidas-no-isd-a-usar-livro-de-comunicacao-alternativa-_-foto-ascom-isd-2\/","title":{"rendered":"La profesora Ana Cristina Montenegro ense\u00f1a a los padres de ni\u00f1os con autismo atendidos en el ISD c\u00f3mo utilizar un libro de comunicaci\u00f3n alternativa _ Foto ASCOM ISD (2)"},"author":10,"featured_media":0,"comment_status":"open","ping_status":"closed","template":"","meta":{"_acf_changed":false},"class_list":["post-22612","attachment","type-attachment","status-inherit","hentry"],"acf":[],"description":{"rendered":"<p class=\"attachment\"><a href='https:\/\/institutosantosdumont.org.br\/wp-content\/uploads\/2021\/09\/Profa.-Ana-Cristina-Montenegro-ensina-pais-de-crian\u00e7as-com-autismo-atendidas-no-ISD-a-usar-livro-de-comunica\u00e7\u00e3o-alternativa-_-Foto-ASCOM-ISD-2.jpeg'><img fetchpriority=\"high\" decoding=\"async\" width=\"300\" height=\"225\" src=\"https:\/\/institutosantosdumont.org.br\/wp-content\/uploads\/2021\/09\/Profa.-Ana-Cristina-Montenegro-ensina-pais-de-crian\u00e7as-com-autismo-atendidas-no-ISD-a-usar-livro-de-comunica\u00e7\u00e3o-alternativa-_-Foto-ASCOM-ISD-2-300x225.jpeg\" class=\"attachment-medium size-medium\" alt=\"\" srcset=\"https:\/\/institutosantosdumont.org.br\/wp-content\/uploads\/2021\/09\/Profa.-Ana-Cristina-Montenegro-ensina-pais-de-crian\u00e7as-com-autismo-atendidas-no-ISD-a-usar-livro-de-comunica\u00e7\u00e3o-alternativa-_-Foto-ASCOM-ISD-2-300x225.jpeg 300w, https:\/\/institutosantosdumont.org.br\/wp-content\/uploads\/2021\/09\/Profa.-Ana-Cristina-Montenegro-ensina-pais-de-crian\u00e7as-com-autismo-atendidas-no-ISD-a-usar-livro-de-comunica\u00e7\u00e3o-alternativa-_-Foto-ASCOM-ISD-2-768x576.jpeg 768w, https:\/\/institutosantosdumont.org.br\/wp-content\/uploads\/2021\/09\/Profa.-Ana-Cristina-Montenegro-ensina-pais-de-crian\u00e7as-com-autismo-atendidas-no-ISD-a-usar-livro-de-comunica\u00e7\u00e3o-alternativa-_-Foto-ASCOM-ISD-2.jpeg 1024w\" sizes=\"(max-width: 300px) 100vw, 300px\" \/><\/a><\/p>\n"},"caption":{"rendered":""},"alt_text":"","media_type":"image","mime_type":"image\/jpeg","media_details":{"width":1024,"height":768,"file":"2021\/09\/Profa.-Ana-Cristina-Montenegro-ensina-pais-de-crian\u00e7as-com-autismo-atendidas-no-ISD-a-usar-livro-de-comunica\u00e7\u00e3o-alternativa-_-Foto-ASCOM-ISD-2.jpeg","sizes":{"thumbnail":{"file":"Profa.-Ana-Cristina-Montenegro-ensina-pais-de-crian\u00e7as-com-autismo-atendidas-no-ISD-a-usar-livro-de-comunica\u00e7\u00e3o-alternativa-_-Foto-ASCOM-ISD-2-150x150.jpeg","width":150,"height":150,"mime_type":"image\/jpeg","source_url":"https:\/\/institutosantosdumont.org.br\/wp-content\/uploads\/2021\/09\/Profa.-Ana-Cristina-Montenegro-ensina-pais-de-crian\u00e7as-com-autismo-atendidas-no-ISD-a-usar-livro-de-comunica\u00e7\u00e3o-alternativa-_-Foto-ASCOM-ISD-2-150x150.jpeg"},"medium":{"file":"Profa.-Ana-Cristina-Montenegro-ensina-pais-de-crian\u00e7as-com-autismo-atendidas-no-ISD-a-usar-livro-de-comunica\u00e7\u00e3o-alternativa-_-Foto-ASCOM-ISD-2-300x225.jpeg","width":300,"height":225,"mime_type":"image\/jpeg","source_url":"https:\/\/institutosantosdumont.org.br\/wp-content\/uploads\/2021\/09\/Profa.-Ana-Cristina-Montenegro-ensina-pais-de-crian\u00e7as-com-autismo-atendidas-no-ISD-a-usar-livro-de-comunica\u00e7\u00e3o-alternativa-_-Foto-ASCOM-ISD-2-300x225.jpeg"},"medium_large":{"file":"Profa.-Ana-Cristina-Montenegro-ensina-pais-de-crian\u00e7as-com-autismo-atendidas-no-ISD-a-usar-livro-de-comunica\u00e7\u00e3o-alternativa-_-Foto-ASCOM-ISD-2-768x576.jpeg","width":768,"height":576,"mime_type":"image\/jpeg","source_url":"https:\/\/institutosantosdumont.org.br\/wp-content\/uploads\/2021\/09\/Profa.-Ana-Cristina-Montenegro-ensina-pais-de-crian\u00e7as-com-autismo-atendidas-no-ISD-a-usar-livro-de-comunica\u00e7\u00e3o-alternativa-_-Foto-ASCOM-ISD-2-768x576.jpeg"},"large":{"file":"Profa.-Ana-Cristina-Montenegro-ensina-pais-de-crian\u00e7as-com-autismo-atendidas-no-ISD-a-usar-livro-de-comunica\u00e7\u00e3o-alternativa-_-Foto-ASCOM-ISD-2-1024x768.jpeg","width":1024,"height":768,"mime_type":"image\/jpeg","source_url":"https:\/\/institutosantosdumont.org.br\/wp-content\/uploads\/2021\/09\/Profa.-Ana-Cristina-Montenegro-ensina-pais-de-crian\u00e7as-com-autismo-atendidas-no-ISD-a-usar-livro-de-comunica\u00e7\u00e3o-alternativa-_-Foto-ASCOM-ISD-2-1024x768.jpeg"},"full":{"file":"Profa.-Ana-Cristina-Montenegro-ensina-pais-de-crian\u00e7as-com-autismo-atendidas-no-ISD-a-usar-livro-de-comunica\u00e7\u00e3o-alternativa-_-Foto-ASCOM-ISD-2.jpeg","width":1024,"height":768,"mime_type":"image\/jpeg","source_url":"https:\/\/institutosantosdumont.org.br\/wp-content\/uploads\/2021\/09\/Profa.-Ana-Cristina-Montenegro-ensina-pais-de-crian\u00e7as-com-autismo-atendidas-no-ISD-a-usar-livro-de-comunica\u00e7\u00e3o-alternativa-_-Foto-ASCOM-ISD-2.jpeg"}},"image_meta":{"aperture":"0","credit":"","camera":"","caption":"","created_timestamp":"0","copyright":"","focal_length":"0","iso":"0","shutter_speed":"0","title":"","orientation":"0","keywords":[]}},"post":22609,"source_url":"https:\/\/institutosantosdumont.org.br\/wp-content\/uploads\/2021\/09\/Profa.-Ana-Cristina-Montenegro-ensina-pais-de-crian\u00e7as-com-autismo-atendidas-no-ISD-a-usar-livro-de-comunica\u00e7\u00e3o-alternativa-_-Foto-ASCOM-ISD-2.jpeg","_links":{"self":[{"href":"https:\/\/institutosantosdumont.org.br\/es\/wp-json\/wp\/v2\/media\/22612","targetHints":{"allow":["GET"]}}],"collection":[{"href":"https:\/\/institutosantosdumont.org.br\/es\/wp-json\/wp\/v2\/media"}],"about":[{"href":"https:\/\/institutosantosdumont.org.br\/es\/wp-json\/wp\/v2\/types\/attachment"}],"author":[{"embeddable":true,"href":"https:\/\/institutosantosdumont.org.br\/es\/wp-json\/wp\/v2\/users\/10"}],"replies":[{"embeddable":true,"href":"https:\/\/institutosantosdumont.org.br\/es\/wp-json\/wp\/v2\/comments?post=22612"}],"wp:attached-to":[{"embeddable":true,"post_type":"post","id":22609,"href":"https:\/\/institutosantosdumont.org.br\/es\/wp-json\/wp\/v2\/posts\/22609"}],"curies":[{"name":"wp","href":"https:\/\/api.w.org\/{rel}","templated":true}]}}

http://www.institutosantosdumont.org.br/wp-content/uploads/2021/09/Profa.-Ana-Cristina-Montenegro-ensina-pais-de-crianças-com-autismo-atendidas-no-ISD-a-usar-livro-de-comunicação-alternativa-_-Foto-ASCOM-ISD-2.jpeg

La profesora Ana Cristina Montenegro enseña a los padres de niños con autismo atendidos en el ISD cómo utilizar un libro de comunicación alternativa _ Foto ASCOM ISD (2)

<p class="attachment"><a href='https://institutosantosdumont.org.br/wp-content/uploads/2021/09/Profa.-Ana-Cristina-Montenegro-ensina-pais-de-crianças-com-autismo-atendidas-no-ISD-a-usar-livro-de-comunicação-alternativa-_-Foto-ASCOM-ISD-2.jpeg'><img fetchpriority="high" decoding="async" width="300" height="225" src="https://institutosantosdumont.org.br/wp-content/uploads/2021/09/Profa.-Ana-Cristina-Montenegro-ensina-pais-de-crianças-com-autismo-atendidas-no-ISD-a-usar-livro-de-comunicação-alternativa-_-Foto-ASCOM-ISD-2-300x225.jpeg" class="attachment-medium size-medium" alt="" srcset="https://institutosantosdumont.org.br/wp-content/uploads/2021/09/Profa.-Ana-Cristina-Montenegro-ensina-pais-de-crianças-com-autismo-atendidas-no-ISD-a-usar-livro-de-comunicação-alternativa-_-Foto-ASCOM-ISD-2-300x225.jpeg 300w, https://institutosantosdumont.org.br/wp-content/uploads/2021/09/Profa.-Ana-Cristina-Montenegro-ensina-pais-de-crianças-com-autismo-atendidas-no-ISD-a-usar-livro-de-comunicação-alternativa-_-Foto-ASCOM-ISD-2-768x576.jpeg 768w, https://institutosantosdumont.org.br/wp-content/uploads/2021/09/Profa.-Ana-Cristina-Montenegro-ensina-pais-de-crianças-com-autismo-atendidas-no-ISD-a-usar-livro-de-comunicação-alternativa-_-Foto-ASCOM-ISD-2.jpeg 1024w" sizes="(max-width: 300px) 100vw, 300px" /></a></p>

2021/09/Profa.-Ana-Cristina-Montenegro-ensina-pais-de-crianças-com-autismo-atendidas-no-ISD-a-usar-livro-de-comunicação-alternativa-_-Foto-ASCOM-ISD-2.jpeg

Profa.-Ana-Cristina-Montenegro-ensina-pais-de-crianças-com-autismo-atendidas-no-ISD-a-usar-livro-de-comunicação-alternativa-_-Foto-ASCOM-ISD-2-150x150.jpeg

https://institutosantosdumont.org.br/wp-content/uploads/2021/09/Profa.-Ana-Cristina-Montenegro-ensina-pais-de-crianças-com-autismo-atendidas-no-ISD-a-usar-livro-de-comunicação-alternativa-_-Foto-ASCOM-ISD-2-150x150.jpeg

Profa.-Ana-Cristina-Montenegro-ensina-pais-de-crianças-com-autismo-atendidas-no-ISD-a-usar-livro-de-comunicação-alternativa-_-Foto-ASCOM-ISD-2-300x225.jpeg

https://institutosantosdumont.org.br/wp-content/uploads/2021/09/Profa.-Ana-Cristina-Montenegro-ensina-pais-de-crianças-com-autismo-atendidas-no-ISD-a-usar-livro-de-comunicação-alternativa-_-Foto-ASCOM-ISD-2-300x225.jpeg

Profa.-Ana-Cristina-Montenegro-ensina-pais-de-crianças-com-autismo-atendidas-no-ISD-a-usar-livro-de-comunicação-alternativa-_-Foto-ASCOM-ISD-2-768x576.jpeg

https://institutosantosdumont.org.br/wp-content/uploads/2021/09/Profa.-Ana-Cristina-Montenegro-ensina-pais-de-crianças-com-autismo-atendidas-no-ISD-a-usar-livro-de-comunicação-alternativa-_-Foto-ASCOM-ISD-2-768x576.jpeg

Profa.-Ana-Cristina-Montenegro-ensina-pais-de-crianças-com-autismo-atendidas-no-ISD-a-usar-livro-de-comunicação-alternativa-_-Foto-ASCOM-ISD-2-1024x768.jpeg

https://institutosantosdumont.org.br/wp-content/uploads/2021/09/Profa.-Ana-Cristina-Montenegro-ensina-pais-de-crianças-com-autismo-atendidas-no-ISD-a-usar-livro-de-comunicação-alternativa-_-Foto-ASCOM-ISD-2-1024x768.jpeg

Profa.-Ana-Cristina-Montenegro-ensina-pais-de-crianças-com-autismo-atendidas-no-ISD-a-usar-livro-de-comunicação-alternativa-_-Foto-ASCOM-ISD-2.jpeg

https://institutosantosdumont.org.br/wp-content/uploads/2021/09/Profa.-Ana-Cristina-Montenegro-ensina-pais-de-crianças-com-autismo-atendidas-no-ISD-a-usar-livro-de-comunicação-alternativa-_-Foto-ASCOM-ISD-2.jpeg
