{"id":22898,"date":"2021-11-17T16:48:24","date_gmt":"2021-11-17T19:48:24","guid":{"rendered":"http:\/\/www.institutosantosdumont.org.br\/wp-content\/uploads\/2021\/11\/Evolu\u00e7\u00e3o-da-prematuridade-no-Rio-Grande-do-Norte.png"},"modified":"2021-11-17T16:48:24","modified_gmt":"2021-11-17T19:48:24","slug":"evolucao-da-prematuridade-no-rio-grande-do-norte","status":"inherit","type":"attachment","link":"https:\/\/institutosantosdumont.org.br\/es\/rn-registra-aumento-de-1303-no-nascimento-de-bebes-prematuros\/evolucao-da-prematuridade-no-rio-grande-do-norte\/","title":{"rendered":"Evolu\u00e7\u00e3o da prematuridade no Rio Grande do Norte"},"author":10,"featured_media":0,"comment_status":"open","ping_status":"closed","template":"","meta":{"_acf_changed":false},"class_list":["post-22898","attachment","type-attachment","status-inherit","hentry"],"acf":[],"description":{"rendered":"<p class=\"attachment\"><a href='https:\/\/institutosantosdumont.org.br\/wp-content\/uploads\/2021\/11\/Evolu\u00e7\u00e3o-da-prematuridade-no-Rio-Grande-do-Norte.png'><img fetchpriority=\"high\" decoding=\"async\" width=\"300\" height=\"225\" src=\"https:\/\/institutosantosdumont.org.br\/wp-content\/uploads\/2021\/11\/Evolu\u00e7\u00e3o-da-prematuridade-no-Rio-Grande-do-Norte-300x225.png\" class=\"attachment-medium size-medium\" alt=\"\" srcset=\"https:\/\/institutosantosdumont.org.br\/wp-content\/uploads\/2021\/11\/Evolu\u00e7\u00e3o-da-prematuridade-no-Rio-Grande-do-Norte-300x225.png 300w, https:\/\/institutosantosdumont.org.br\/wp-content\/uploads\/2021\/11\/Evolu\u00e7\u00e3o-da-prematuridade-no-Rio-Grande-do-Norte-768x576.png 768w, https:\/\/institutosantosdumont.org.br\/wp-content\/uploads\/2021\/11\/Evolu\u00e7\u00e3o-da-prematuridade-no-Rio-Grande-do-Norte.png 1024w\" sizes=\"(max-width: 300px) 100vw, 300px\" \/><\/a><\/p>\n"},"caption":{"rendered":""},"alt_text":"","media_type":"image","mime_type":"image\/png","media_details":{"width":1024,"height":768,"file":"2021\/11\/Evolu\u00e7\u00e3o-da-prematuridade-no-Rio-Grande-do-Norte.png","sizes":{"thumbnail":{"file":"Evolu\u00e7\u00e3o-da-prematuridade-no-Rio-Grande-do-Norte-150x150.png","width":150,"height":150,"mime_type":"image\/png","source_url":"https:\/\/institutosantosdumont.org.br\/wp-content\/uploads\/2021\/11\/Evolu\u00e7\u00e3o-da-prematuridade-no-Rio-Grande-do-Norte-150x150.png"},"medium":{"file":"Evolu\u00e7\u00e3o-da-prematuridade-no-Rio-Grande-do-Norte-300x225.png","width":300,"height":225,"mime_type":"image\/png","source_url":"https:\/\/institutosantosdumont.org.br\/wp-content\/uploads\/2021\/11\/Evolu\u00e7\u00e3o-da-prematuridade-no-Rio-Grande-do-Norte-300x225.png"},"medium_large":{"file":"Evolu\u00e7\u00e3o-da-prematuridade-no-Rio-Grande-do-Norte-768x576.png","width":768,"height":576,"mime_type":"image\/png","source_url":"https:\/\/institutosantosdumont.org.br\/wp-content\/uploads\/2021\/11\/Evolu\u00e7\u00e3o-da-prematuridade-no-Rio-Grande-do-Norte-768x576.png"},"large":{"file":"Evolu\u00e7\u00e3o-da-prematuridade-no-Rio-Grande-do-Norte-1024x768.png","width":1024,"height":768,"mime_type":"image\/png","source_url":"https:\/\/institutosantosdumont.org.br\/wp-content\/uploads\/2021\/11\/Evolu\u00e7\u00e3o-da-prematuridade-no-Rio-Grande-do-Norte-1024x768.png"},"full":{"file":"Evolu\u00e7\u00e3o-da-prematuridade-no-Rio-Grande-do-Norte.png","width":1024,"height":768,"mime_type":"image\/png","source_url":"https:\/\/institutosantosdumont.org.br\/wp-content\/uploads\/2021\/11\/Evolu\u00e7\u00e3o-da-prematuridade-no-Rio-Grande-do-Norte.png"}},"image_meta":{"aperture":"0","credit":"","camera":"","caption":"","created_timestamp":"0","copyright":"","focal_length":"0","iso":"0","shutter_speed":"0","title":"","orientation":"0","keywords":[]}},"post":22894,"source_url":"https:\/\/institutosantosdumont.org.br\/wp-content\/uploads\/2021\/11\/Evolu\u00e7\u00e3o-da-prematuridade-no-Rio-Grande-do-Norte.png","_links":{"self":[{"href":"https:\/\/institutosantosdumont.org.br\/es\/wp-json\/wp\/v2\/media\/22898","targetHints":{"allow":["GET"]}}],"collection":[{"href":"https:\/\/institutosantosdumont.org.br\/es\/wp-json\/wp\/v2\/media"}],"about":[{"href":"https:\/\/institutosantosdumont.org.br\/es\/wp-json\/wp\/v2\/types\/attachment"}],"author":[{"embeddable":true,"href":"https:\/\/institutosantosdumont.org.br\/es\/wp-json\/wp\/v2\/users\/10"}],"replies":[{"embeddable":true,"href":"https:\/\/institutosantosdumont.org.br\/es\/wp-json\/wp\/v2\/comments?post=22898"}],"wp:attached-to":[{"embeddable":true,"post_type":"post","id":22894,"href":"https:\/\/institutosantosdumont.org.br\/es\/wp-json\/wp\/v2\/posts\/22894"}],"curies":[{"name":"wp","href":"https:\/\/api.w.org\/{rel}","templated":true}]}}

http://www.institutosantosdumont.org.br/wp-content/uploads/2021/11/Evolução-da-prematuridade-no-Rio-Grande-do-Norte.png

Evolução da prematuridade no Rio Grande do Norte

<p class="attachment"><a href='https://institutosantosdumont.org.br/wp-content/uploads/2021/11/Evolução-da-prematuridade-no-Rio-Grande-do-Norte.png'><img fetchpriority="high" decoding="async" width="300" height="225" src="https://institutosantosdumont.org.br/wp-content/uploads/2021/11/Evolução-da-prematuridade-no-Rio-Grande-do-Norte-300x225.png" class="attachment-medium size-medium" alt="" srcset="https://institutosantosdumont.org.br/wp-content/uploads/2021/11/Evolução-da-prematuridade-no-Rio-Grande-do-Norte-300x225.png 300w, https://institutosantosdumont.org.br/wp-content/uploads/2021/11/Evolução-da-prematuridade-no-Rio-Grande-do-Norte-768x576.png 768w, https://institutosantosdumont.org.br/wp-content/uploads/2021/11/Evolução-da-prematuridade-no-Rio-Grande-do-Norte.png 1024w" sizes="(max-width: 300px) 100vw, 300px" /></a></p>

2021/11/Evolução-da-prematuridade-no-Rio-Grande-do-Norte.png

Evolução-da-prematuridade-no-Rio-Grande-do-Norte-150x150.png

https://institutosantosdumont.org.br/wp-content/uploads/2021/11/Evolução-da-prematuridade-no-Rio-Grande-do-Norte-150x150.png

Evolução-da-prematuridade-no-Rio-Grande-do-Norte-300x225.png

https://institutosantosdumont.org.br/wp-content/uploads/2021/11/Evolução-da-prematuridade-no-Rio-Grande-do-Norte-300x225.png

Evolução-da-prematuridade-no-Rio-Grande-do-Norte-768x576.png

https://institutosantosdumont.org.br/wp-content/uploads/2021/11/Evolução-da-prematuridade-no-Rio-Grande-do-Norte-768x576.png

Evolução-da-prematuridade-no-Rio-Grande-do-Norte-1024x768.png

https://institutosantosdumont.org.br/wp-content/uploads/2021/11/Evolução-da-prematuridade-no-Rio-Grande-do-Norte-1024x768.png

Evolução-da-prematuridade-no-Rio-Grande-do-Norte.png

https://institutosantosdumont.org.br/wp-content/uploads/2021/11/Evolução-da-prematuridade-no-Rio-Grande-do-Norte.png
