{"id":23213,"date":"2022-01-19T10:59:38","date_gmt":"2022-01-19T13:59:38","guid":{"rendered":"http:\/\/www.institutosantosdumont.org.br\/wp-content\/uploads\/2022\/01\/Renova\u00e7\u00e3o-do-contrato-do-MEC-com-o-ISD-possibilitar\u00e1-amplia\u00e7\u00e3o-de-atendimentos-\u00e0-popula\u00e7\u00e3o-_-Foto-ASCOM-ISD.jpeg"},"modified":"2022-01-19T10:59:44","modified_gmt":"2022-01-19T13:59:44","slug":"renovacao-do-contrato-do-mec-com-o-isd-possibilitara-ampliacao-de-atendimentos-a-populacao-_-foto-ascom-isd","status":"inherit","type":"attachment","link":"https:\/\/institutosantosdumont.org.br\/es\/ministerio-da-educacao-renova-contrato-com-instituto-santos-dumont-ate-2030\/renovacao-do-contrato-do-mec-com-o-isd-possibilitara-ampliacao-de-atendimentos-a-populacao-_-foto-ascom-isd\/","title":{"rendered":"Renova\u00e7\u00e3o do contrato do MEC com o ISD possibilitar\u00e1 amplia\u00e7\u00e3o de atendimentos \u00e0 popula\u00e7\u00e3o _ Foto ASCOM ISD"},"author":10,"featured_media":0,"comment_status":"open","ping_status":"closed","template":"","meta":{"_acf_changed":false},"class_list":["post-23213","attachment","type-attachment","status-inherit","hentry"],"acf":[],"description":{"rendered":"<p class=\"attachment\"><a href='https:\/\/institutosantosdumont.org.br\/wp-content\/uploads\/2022\/01\/Renova\u00e7\u00e3o-do-contrato-do-MEC-com-o-ISD-possibilitar\u00e1-amplia\u00e7\u00e3o-de-atendimentos-\u00e0-popula\u00e7\u00e3o-_-Foto-ASCOM-ISD.jpeg'><img fetchpriority=\"high\" decoding=\"async\" width=\"300\" height=\"225\" src=\"https:\/\/institutosantosdumont.org.br\/wp-content\/uploads\/2022\/01\/Renova\u00e7\u00e3o-do-contrato-do-MEC-com-o-ISD-possibilitar\u00e1-amplia\u00e7\u00e3o-de-atendimentos-\u00e0-popula\u00e7\u00e3o-_-Foto-ASCOM-ISD-300x225.jpeg\" class=\"attachment-medium size-medium\" alt=\"\" srcset=\"https:\/\/institutosantosdumont.org.br\/wp-content\/uploads\/2022\/01\/Renova\u00e7\u00e3o-do-contrato-do-MEC-com-o-ISD-possibilitar\u00e1-amplia\u00e7\u00e3o-de-atendimentos-\u00e0-popula\u00e7\u00e3o-_-Foto-ASCOM-ISD-300x225.jpeg 300w, https:\/\/institutosantosdumont.org.br\/wp-content\/uploads\/2022\/01\/Renova\u00e7\u00e3o-do-contrato-do-MEC-com-o-ISD-possibilitar\u00e1-amplia\u00e7\u00e3o-de-atendimentos-\u00e0-popula\u00e7\u00e3o-_-Foto-ASCOM-ISD-768x576.jpeg 768w, https:\/\/institutosantosdumont.org.br\/wp-content\/uploads\/2022\/01\/Renova\u00e7\u00e3o-do-contrato-do-MEC-com-o-ISD-possibilitar\u00e1-amplia\u00e7\u00e3o-de-atendimentos-\u00e0-popula\u00e7\u00e3o-_-Foto-ASCOM-ISD.jpeg 1024w\" sizes=\"(max-width: 300px) 100vw, 300px\" \/><\/a><\/p>\n"},"caption":{"rendered":""},"alt_text":"","media_type":"image","mime_type":"image\/jpeg","media_details":{"width":1024,"height":768,"file":"2022\/01\/Renova\u00e7\u00e3o-do-contrato-do-MEC-com-o-ISD-possibilitar\u00e1-amplia\u00e7\u00e3o-de-atendimentos-\u00e0-popula\u00e7\u00e3o-_-Foto-ASCOM-ISD.jpeg","sizes":{"thumbnail":{"file":"Renova\u00e7\u00e3o-do-contrato-do-MEC-com-o-ISD-possibilitar\u00e1-amplia\u00e7\u00e3o-de-atendimentos-\u00e0-popula\u00e7\u00e3o-_-Foto-ASCOM-ISD-150x150.jpeg","width":150,"height":150,"mime_type":"image\/jpeg","source_url":"https:\/\/institutosantosdumont.org.br\/wp-content\/uploads\/2022\/01\/Renova\u00e7\u00e3o-do-contrato-do-MEC-com-o-ISD-possibilitar\u00e1-amplia\u00e7\u00e3o-de-atendimentos-\u00e0-popula\u00e7\u00e3o-_-Foto-ASCOM-ISD-150x150.jpeg"},"medium":{"file":"Renova\u00e7\u00e3o-do-contrato-do-MEC-com-o-ISD-possibilitar\u00e1-amplia\u00e7\u00e3o-de-atendimentos-\u00e0-popula\u00e7\u00e3o-_-Foto-ASCOM-ISD-300x225.jpeg","width":300,"height":225,"mime_type":"image\/jpeg","source_url":"https:\/\/institutosantosdumont.org.br\/wp-content\/uploads\/2022\/01\/Renova\u00e7\u00e3o-do-contrato-do-MEC-com-o-ISD-possibilitar\u00e1-amplia\u00e7\u00e3o-de-atendimentos-\u00e0-popula\u00e7\u00e3o-_-Foto-ASCOM-ISD-300x225.jpeg"},"medium_large":{"file":"Renova\u00e7\u00e3o-do-contrato-do-MEC-com-o-ISD-possibilitar\u00e1-amplia\u00e7\u00e3o-de-atendimentos-\u00e0-popula\u00e7\u00e3o-_-Foto-ASCOM-ISD-768x576.jpeg","width":768,"height":576,"mime_type":"image\/jpeg","source_url":"https:\/\/institutosantosdumont.org.br\/wp-content\/uploads\/2022\/01\/Renova\u00e7\u00e3o-do-contrato-do-MEC-com-o-ISD-possibilitar\u00e1-amplia\u00e7\u00e3o-de-atendimentos-\u00e0-popula\u00e7\u00e3o-_-Foto-ASCOM-ISD-768x576.jpeg"},"large":{"file":"Renova\u00e7\u00e3o-do-contrato-do-MEC-com-o-ISD-possibilitar\u00e1-amplia\u00e7\u00e3o-de-atendimentos-\u00e0-popula\u00e7\u00e3o-_-Foto-ASCOM-ISD-1024x768.jpeg","width":1024,"height":768,"mime_type":"image\/jpeg","source_url":"https:\/\/institutosantosdumont.org.br\/wp-content\/uploads\/2022\/01\/Renova\u00e7\u00e3o-do-contrato-do-MEC-com-o-ISD-possibilitar\u00e1-amplia\u00e7\u00e3o-de-atendimentos-\u00e0-popula\u00e7\u00e3o-_-Foto-ASCOM-ISD-1024x768.jpeg"},"full":{"file":"Renova\u00e7\u00e3o-do-contrato-do-MEC-com-o-ISD-possibilitar\u00e1-amplia\u00e7\u00e3o-de-atendimentos-\u00e0-popula\u00e7\u00e3o-_-Foto-ASCOM-ISD.jpeg","width":1024,"height":768,"mime_type":"image\/jpeg","source_url":"https:\/\/institutosantosdumont.org.br\/wp-content\/uploads\/2022\/01\/Renova\u00e7\u00e3o-do-contrato-do-MEC-com-o-ISD-possibilitar\u00e1-amplia\u00e7\u00e3o-de-atendimentos-\u00e0-popula\u00e7\u00e3o-_-Foto-ASCOM-ISD.jpeg"}},"image_meta":{"aperture":"0","credit":"","camera":"","caption":"","created_timestamp":"0","copyright":"","focal_length":"0","iso":"0","shutter_speed":"0","title":"","orientation":"0","keywords":[]}},"post":23210,"source_url":"https:\/\/institutosantosdumont.org.br\/wp-content\/uploads\/2022\/01\/Renova\u00e7\u00e3o-do-contrato-do-MEC-com-o-ISD-possibilitar\u00e1-amplia\u00e7\u00e3o-de-atendimentos-\u00e0-popula\u00e7\u00e3o-_-Foto-ASCOM-ISD.jpeg","_links":{"self":[{"href":"https:\/\/institutosantosdumont.org.br\/es\/wp-json\/wp\/v2\/media\/23213","targetHints":{"allow":["GET"]}}],"collection":[{"href":"https:\/\/institutosantosdumont.org.br\/es\/wp-json\/wp\/v2\/media"}],"about":[{"href":"https:\/\/institutosantosdumont.org.br\/es\/wp-json\/wp\/v2\/types\/attachment"}],"author":[{"embeddable":true,"href":"https:\/\/institutosantosdumont.org.br\/es\/wp-json\/wp\/v2\/users\/10"}],"replies":[{"embeddable":true,"href":"https:\/\/institutosantosdumont.org.br\/es\/wp-json\/wp\/v2\/comments?post=23213"}],"wp:attached-to":[{"embeddable":true,"post_type":"post","id":23210,"href":"https:\/\/institutosantosdumont.org.br\/es\/wp-json\/wp\/v2\/posts\/23210"}],"curies":[{"name":"wp","href":"https:\/\/api.w.org\/{rel}","templated":true}]}}

http://www.institutosantosdumont.org.br/wp-content/uploads/2022/01/Renovação-do-contrato-do-MEC-com-o-ISD-possibilitará-ampliação-de-atendimentos-à-população-_-Foto-ASCOM-ISD.jpeg

Renovação do contrato do MEC com o ISD possibilitará ampliação de atendimentos à população _ Foto ASCOM ISD

<p class="attachment"><a href='https://institutosantosdumont.org.br/wp-content/uploads/2022/01/Renovação-do-contrato-do-MEC-com-o-ISD-possibilitará-ampliação-de-atendimentos-à-população-_-Foto-ASCOM-ISD.jpeg'><img fetchpriority="high" decoding="async" width="300" height="225" src="https://institutosantosdumont.org.br/wp-content/uploads/2022/01/Renovação-do-contrato-do-MEC-com-o-ISD-possibilitará-ampliação-de-atendimentos-à-população-_-Foto-ASCOM-ISD-300x225.jpeg" class="attachment-medium size-medium" alt="" srcset="https://institutosantosdumont.org.br/wp-content/uploads/2022/01/Renovação-do-contrato-do-MEC-com-o-ISD-possibilitará-ampliação-de-atendimentos-à-população-_-Foto-ASCOM-ISD-300x225.jpeg 300w, https://institutosantosdumont.org.br/wp-content/uploads/2022/01/Renovação-do-contrato-do-MEC-com-o-ISD-possibilitará-ampliação-de-atendimentos-à-população-_-Foto-ASCOM-ISD-768x576.jpeg 768w, https://institutosantosdumont.org.br/wp-content/uploads/2022/01/Renovação-do-contrato-do-MEC-com-o-ISD-possibilitará-ampliação-de-atendimentos-à-população-_-Foto-ASCOM-ISD.jpeg 1024w" sizes="(max-width: 300px) 100vw, 300px" /></a></p>

2022/01/Renovação-do-contrato-do-MEC-com-o-ISD-possibilitará-ampliação-de-atendimentos-à-população-_-Foto-ASCOM-ISD.jpeg

Renovação-do-contrato-do-MEC-com-o-ISD-possibilitará-ampliação-de-atendimentos-à-população-_-Foto-ASCOM-ISD-150x150.jpeg

https://institutosantosdumont.org.br/wp-content/uploads/2022/01/Renovação-do-contrato-do-MEC-com-o-ISD-possibilitará-ampliação-de-atendimentos-à-população-_-Foto-ASCOM-ISD-150x150.jpeg

Renovação-do-contrato-do-MEC-com-o-ISD-possibilitará-ampliação-de-atendimentos-à-população-_-Foto-ASCOM-ISD-300x225.jpeg

https://institutosantosdumont.org.br/wp-content/uploads/2022/01/Renovação-do-contrato-do-MEC-com-o-ISD-possibilitará-ampliação-de-atendimentos-à-população-_-Foto-ASCOM-ISD-300x225.jpeg

Renovação-do-contrato-do-MEC-com-o-ISD-possibilitará-ampliação-de-atendimentos-à-população-_-Foto-ASCOM-ISD-768x576.jpeg

https://institutosantosdumont.org.br/wp-content/uploads/2022/01/Renovação-do-contrato-do-MEC-com-o-ISD-possibilitará-ampliação-de-atendimentos-à-população-_-Foto-ASCOM-ISD-768x576.jpeg

Renovação-do-contrato-do-MEC-com-o-ISD-possibilitará-ampliação-de-atendimentos-à-população-_-Foto-ASCOM-ISD-1024x768.jpeg

https://institutosantosdumont.org.br/wp-content/uploads/2022/01/Renovação-do-contrato-do-MEC-com-o-ISD-possibilitará-ampliação-de-atendimentos-à-população-_-Foto-ASCOM-ISD-1024x768.jpeg

Renovação-do-contrato-do-MEC-com-o-ISD-possibilitará-ampliação-de-atendimentos-à-população-_-Foto-ASCOM-ISD.jpeg

https://institutosantosdumont.org.br/wp-content/uploads/2022/01/Renovação-do-contrato-do-MEC-com-o-ISD-possibilitará-ampliação-de-atendimentos-à-população-_-Foto-ASCOM-ISD.jpeg
