{"id":24205,"date":"2022-04-25T09:06:28","date_gmt":"2022-04-25T12:06:28","guid":{"rendered":"http:\/\/www.institutosantosdumont.org.br\/wp-content\/uploads\/2022\/04\/Residente-no-Cuidado-\u00e0-Sa\u00fade-da-Pessoa-com-Defici\u00eancia-do-ISD-em-atendimento.-Foto-Ascom-ISD.jpeg"},"modified":"2022-04-25T09:06:28","modified_gmt":"2022-04-25T12:06:28","slug":"residente-no-cuidado-a-saude-da-pessoa-com-deficiencia-do-isd-em-atendimento-foto-ascom-isd","status":"inherit","type":"attachment","link":"https:\/\/institutosantosdumont.org.br\/es\/isd-firma-convenio-com-a-prefeitura-de-parnamirim-para-estagios-nas-unidades-basicas-e-especializadas-de-saude\/residente-no-cuidado-a-saude-da-pessoa-com-deficiencia-do-isd-em-atendimento-foto-ascom-isd\/","title":{"rendered":"Residente de la Unidad de Atenci\u00f3n a Personas con Discapacidad del ISD, brindando atenci\u00f3n. Foto de : Ascom ISD"},"author":10,"featured_media":0,"comment_status":"open","ping_status":"closed","template":"","meta":{"_acf_changed":false},"class_list":["post-24205","attachment","type-attachment","status-inherit","hentry"],"acf":[],"description":{"rendered":"<p class=\"attachment\"><a href='https:\/\/institutosantosdumont.org.br\/wp-content\/uploads\/2022\/04\/Residente-no-Cuidado-\u00e0-Sa\u00fade-da-Pessoa-com-Defici\u00eancia-do-ISD-em-atendimento.-Foto-Ascom-ISD.jpeg'><img fetchpriority=\"high\" decoding=\"async\" width=\"300\" height=\"225\" src=\"https:\/\/institutosantosdumont.org.br\/wp-content\/uploads\/2022\/04\/Residente-no-Cuidado-\u00e0-Sa\u00fade-da-Pessoa-com-Defici\u00eancia-do-ISD-em-atendimento.-Foto-Ascom-ISD-300x225.jpeg\" class=\"attachment-medium size-medium\" alt=\"\" srcset=\"https:\/\/institutosantosdumont.org.br\/wp-content\/uploads\/2022\/04\/Residente-no-Cuidado-\u00e0-Sa\u00fade-da-Pessoa-com-Defici\u00eancia-do-ISD-em-atendimento.-Foto-Ascom-ISD-300x225.jpeg 300w, https:\/\/institutosantosdumont.org.br\/wp-content\/uploads\/2022\/04\/Residente-no-Cuidado-\u00e0-Sa\u00fade-da-Pessoa-com-Defici\u00eancia-do-ISD-em-atendimento.-Foto-Ascom-ISD-768x576.jpeg 768w, https:\/\/institutosantosdumont.org.br\/wp-content\/uploads\/2022\/04\/Residente-no-Cuidado-\u00e0-Sa\u00fade-da-Pessoa-com-Defici\u00eancia-do-ISD-em-atendimento.-Foto-Ascom-ISD.jpeg 1024w\" sizes=\"(max-width: 300px) 100vw, 300px\" \/><\/a><\/p>\n"},"caption":{"rendered":""},"alt_text":"","media_type":"image","mime_type":"image\/jpeg","media_details":{"width":1024,"height":768,"file":"2022\/04\/Residente-no-Cuidado-\u00e0-Sa\u00fade-da-Pessoa-com-Defici\u00eancia-do-ISD-em-atendimento.-Foto-Ascom-ISD.jpeg","sizes":{"thumbnail":{"file":"Residente-no-Cuidado-\u00e0-Sa\u00fade-da-Pessoa-com-Defici\u00eancia-do-ISD-em-atendimento.-Foto-Ascom-ISD-150x150.jpeg","width":150,"height":150,"mime_type":"image\/jpeg","source_url":"https:\/\/institutosantosdumont.org.br\/wp-content\/uploads\/2022\/04\/Residente-no-Cuidado-\u00e0-Sa\u00fade-da-Pessoa-com-Defici\u00eancia-do-ISD-em-atendimento.-Foto-Ascom-ISD-150x150.jpeg"},"medium":{"file":"Residente-no-Cuidado-\u00e0-Sa\u00fade-da-Pessoa-com-Defici\u00eancia-do-ISD-em-atendimento.-Foto-Ascom-ISD-300x225.jpeg","width":300,"height":225,"mime_type":"image\/jpeg","source_url":"https:\/\/institutosantosdumont.org.br\/wp-content\/uploads\/2022\/04\/Residente-no-Cuidado-\u00e0-Sa\u00fade-da-Pessoa-com-Defici\u00eancia-do-ISD-em-atendimento.-Foto-Ascom-ISD-300x225.jpeg"},"medium_large":{"file":"Residente-no-Cuidado-\u00e0-Sa\u00fade-da-Pessoa-com-Defici\u00eancia-do-ISD-em-atendimento.-Foto-Ascom-ISD-768x576.jpeg","width":768,"height":576,"mime_type":"image\/jpeg","source_url":"https:\/\/institutosantosdumont.org.br\/wp-content\/uploads\/2022\/04\/Residente-no-Cuidado-\u00e0-Sa\u00fade-da-Pessoa-com-Defici\u00eancia-do-ISD-em-atendimento.-Foto-Ascom-ISD-768x576.jpeg"},"large":{"file":"Residente-no-Cuidado-\u00e0-Sa\u00fade-da-Pessoa-com-Defici\u00eancia-do-ISD-em-atendimento.-Foto-Ascom-ISD-1024x768.jpeg","width":1024,"height":768,"mime_type":"image\/jpeg","source_url":"https:\/\/institutosantosdumont.org.br\/wp-content\/uploads\/2022\/04\/Residente-no-Cuidado-\u00e0-Sa\u00fade-da-Pessoa-com-Defici\u00eancia-do-ISD-em-atendimento.-Foto-Ascom-ISD-1024x768.jpeg"},"full":{"file":"Residente-no-Cuidado-\u00e0-Sa\u00fade-da-Pessoa-com-Defici\u00eancia-do-ISD-em-atendimento.-Foto-Ascom-ISD.jpeg","width":1024,"height":768,"mime_type":"image\/jpeg","source_url":"https:\/\/institutosantosdumont.org.br\/wp-content\/uploads\/2022\/04\/Residente-no-Cuidado-\u00e0-Sa\u00fade-da-Pessoa-com-Defici\u00eancia-do-ISD-em-atendimento.-Foto-Ascom-ISD.jpeg"}},"image_meta":{"aperture":"0","credit":"","camera":"","caption":"","created_timestamp":"0","copyright":"","focal_length":"0","iso":"0","shutter_speed":"0","title":"","orientation":"0","keywords":[]}},"post":24204,"source_url":"https:\/\/institutosantosdumont.org.br\/wp-content\/uploads\/2022\/04\/Residente-no-Cuidado-\u00e0-Sa\u00fade-da-Pessoa-com-Defici\u00eancia-do-ISD-em-atendimento.-Foto-Ascom-ISD.jpeg","_links":{"self":[{"href":"https:\/\/institutosantosdumont.org.br\/es\/wp-json\/wp\/v2\/media\/24205","targetHints":{"allow":["GET"]}}],"collection":[{"href":"https:\/\/institutosantosdumont.org.br\/es\/wp-json\/wp\/v2\/media"}],"about":[{"href":"https:\/\/institutosantosdumont.org.br\/es\/wp-json\/wp\/v2\/types\/attachment"}],"author":[{"embeddable":true,"href":"https:\/\/institutosantosdumont.org.br\/es\/wp-json\/wp\/v2\/users\/10"}],"replies":[{"embeddable":true,"href":"https:\/\/institutosantosdumont.org.br\/es\/wp-json\/wp\/v2\/comments?post=24205"}],"wp:attached-to":[{"embeddable":true,"post_type":"post","id":24204,"href":"https:\/\/institutosantosdumont.org.br\/es\/wp-json\/wp\/v2\/posts\/24204"}],"curies":[{"name":"wp","href":"https:\/\/api.w.org\/{rel}","templated":true}]}}

http://www.institutosantosdumont.org.br/wp-content/uploads/2022/04/Residente-no-Cuidado-à-Saúde-da-Pessoa-com-Deficiência-do-ISD-em-atendimento.-Foto-Ascom-ISD.jpeg

Residente de la Unidad de Atención a Personas con Discapacidad del ISD, brindando atención. Foto de : Ascom ISD

<p class="attachment"><a href='https://institutosantosdumont.org.br/wp-content/uploads/2022/04/Residente-no-Cuidado-à-Saúde-da-Pessoa-com-Deficiência-do-ISD-em-atendimento.-Foto-Ascom-ISD.jpeg'><img fetchpriority="high" decoding="async" width="300" height="225" src="https://institutosantosdumont.org.br/wp-content/uploads/2022/04/Residente-no-Cuidado-à-Saúde-da-Pessoa-com-Deficiência-do-ISD-em-atendimento.-Foto-Ascom-ISD-300x225.jpeg" class="attachment-medium size-medium" alt="" srcset="https://institutosantosdumont.org.br/wp-content/uploads/2022/04/Residente-no-Cuidado-à-Saúde-da-Pessoa-com-Deficiência-do-ISD-em-atendimento.-Foto-Ascom-ISD-300x225.jpeg 300w, https://institutosantosdumont.org.br/wp-content/uploads/2022/04/Residente-no-Cuidado-à-Saúde-da-Pessoa-com-Deficiência-do-ISD-em-atendimento.-Foto-Ascom-ISD-768x576.jpeg 768w, https://institutosantosdumont.org.br/wp-content/uploads/2022/04/Residente-no-Cuidado-à-Saúde-da-Pessoa-com-Deficiência-do-ISD-em-atendimento.-Foto-Ascom-ISD.jpeg 1024w" sizes="(max-width: 300px) 100vw, 300px" /></a></p>

2022/04/Residente-no-Cuidado-à-Saúde-da-Pessoa-com-Deficiência-do-ISD-em-atendimento.-Foto-Ascom-ISD.jpeg

Residente-no-Cuidado-à-Saúde-da-Pessoa-com-Deficiência-do-ISD-em-atendimento.-Foto-Ascom-ISD-150x150.jpeg

https://institutosantosdumont.org.br/wp-content/uploads/2022/04/Residente-no-Cuidado-à-Saúde-da-Pessoa-com-Deficiência-do-ISD-em-atendimento.-Foto-Ascom-ISD-150x150.jpeg

Residente-no-Cuidado-à-Saúde-da-Pessoa-com-Deficiência-do-ISD-em-atendimento.-Foto-Ascom-ISD-300x225.jpeg

https://institutosantosdumont.org.br/wp-content/uploads/2022/04/Residente-no-Cuidado-à-Saúde-da-Pessoa-com-Deficiência-do-ISD-em-atendimento.-Foto-Ascom-ISD-300x225.jpeg

Residente-no-Cuidado-à-Saúde-da-Pessoa-com-Deficiência-do-ISD-em-atendimento.-Foto-Ascom-ISD-768x576.jpeg

https://institutosantosdumont.org.br/wp-content/uploads/2022/04/Residente-no-Cuidado-à-Saúde-da-Pessoa-com-Deficiência-do-ISD-em-atendimento.-Foto-Ascom-ISD-768x576.jpeg

Residente-no-Cuidado-à-Saúde-da-Pessoa-com-Deficiência-do-ISD-em-atendimento.-Foto-Ascom-ISD-1024x768.jpeg

https://institutosantosdumont.org.br/wp-content/uploads/2022/04/Residente-no-Cuidado-à-Saúde-da-Pessoa-com-Deficiência-do-ISD-em-atendimento.-Foto-Ascom-ISD-1024x768.jpeg

Residente-no-Cuidado-à-Saúde-da-Pessoa-com-Deficiência-do-ISD-em-atendimento.-Foto-Ascom-ISD.jpeg

https://institutosantosdumont.org.br/wp-content/uploads/2022/04/Residente-no-Cuidado-à-Saúde-da-Pessoa-com-Deficiência-do-ISD-em-atendimento.-Foto-Ascom-ISD.jpeg
