{"id":24335,"date":"2022-05-16T10:49:46","date_gmt":"2022-05-16T13:49:46","guid":{"rendered":"http:\/\/www.institutosantosdumont.org.br\/wp-content\/uploads\/2022\/05\/ISD-participa-de-II-Semin\u00e1rio-da-Inclus\u00e3o-de-Maca\u00edba-Foto-Assecom-Maca\u00edba.jpeg"},"modified":"2022-05-16T10:49:46","modified_gmt":"2022-05-16T13:49:46","slug":"isd-participa-de-ii-seminario-da-inclusao-de-macaiba-foto-assecom-macaiba","status":"inherit","type":"attachment","link":"https:\/\/institutosantosdumont.org.br\/es\/isd-participa-do-ii-seminario-de-inclusao-de-macaiba\/isd-participa-de-ii-seminario-da-inclusao-de-macaiba-foto-assecom-macaiba\/","title":{"rendered":"ISD participa del 2\u00ba Seminario de Inclusi\u00f3n en Maca\u00edba \u2013 Foto: Assecom Maca\u00edba"},"author":10,"featured_media":0,"comment_status":"open","ping_status":"closed","template":"","meta":{"_acf_changed":false},"class_list":["post-24335","attachment","type-attachment","status-inherit","hentry"],"acf":[],"description":{"rendered":"<p class=\"attachment\"><a href='https:\/\/institutosantosdumont.org.br\/wp-content\/uploads\/2022\/05\/ISD-participa-de-II-Semin\u00e1rio-da-Inclus\u00e3o-de-Maca\u00edba-Foto-Assecom-Maca\u00edba.jpeg'><img fetchpriority=\"high\" decoding=\"async\" width=\"300\" height=\"169\" src=\"https:\/\/institutosantosdumont.org.br\/wp-content\/uploads\/2022\/05\/ISD-participa-de-II-Semin\u00e1rio-da-Inclus\u00e3o-de-Maca\u00edba-Foto-Assecom-Maca\u00edba-300x169.jpeg\" class=\"attachment-medium size-medium\" alt=\"\" srcset=\"https:\/\/institutosantosdumont.org.br\/wp-content\/uploads\/2022\/05\/ISD-participa-de-II-Semin\u00e1rio-da-Inclus\u00e3o-de-Maca\u00edba-Foto-Assecom-Maca\u00edba-300x169.jpeg 300w, https:\/\/institutosantosdumont.org.br\/wp-content\/uploads\/2022\/05\/ISD-participa-de-II-Semin\u00e1rio-da-Inclus\u00e3o-de-Maca\u00edba-Foto-Assecom-Maca\u00edba-768x432.jpeg 768w, https:\/\/institutosantosdumont.org.br\/wp-content\/uploads\/2022\/05\/ISD-participa-de-II-Semin\u00e1rio-da-Inclus\u00e3o-de-Maca\u00edba-Foto-Assecom-Maca\u00edba-1024x577.jpeg 1024w, https:\/\/institutosantosdumont.org.br\/wp-content\/uploads\/2022\/05\/ISD-participa-de-II-Semin\u00e1rio-da-Inclus\u00e3o-de-Maca\u00edba-Foto-Assecom-Maca\u00edba.jpeg 1600w\" sizes=\"(max-width: 300px) 100vw, 300px\" \/><\/a><\/p>\n"},"caption":{"rendered":""},"alt_text":"","media_type":"image","mime_type":"image\/jpeg","media_details":{"width":1600,"height":901,"file":"2022\/05\/ISD-participa-de-II-Semin\u00e1rio-da-Inclus\u00e3o-de-Maca\u00edba-Foto-Assecom-Maca\u00edba.jpeg","sizes":{"thumbnail":{"file":"ISD-participa-de-II-Semin\u00e1rio-da-Inclus\u00e3o-de-Maca\u00edba-Foto-Assecom-Maca\u00edba-150x150.jpeg","width":150,"height":150,"mime_type":"image\/jpeg","source_url":"https:\/\/institutosantosdumont.org.br\/wp-content\/uploads\/2022\/05\/ISD-participa-de-II-Semin\u00e1rio-da-Inclus\u00e3o-de-Maca\u00edba-Foto-Assecom-Maca\u00edba-150x150.jpeg"},"medium":{"file":"ISD-participa-de-II-Semin\u00e1rio-da-Inclus\u00e3o-de-Maca\u00edba-Foto-Assecom-Maca\u00edba-300x169.jpeg","width":300,"height":169,"mime_type":"image\/jpeg","source_url":"https:\/\/institutosantosdumont.org.br\/wp-content\/uploads\/2022\/05\/ISD-participa-de-II-Semin\u00e1rio-da-Inclus\u00e3o-de-Maca\u00edba-Foto-Assecom-Maca\u00edba-300x169.jpeg"},"medium_large":{"file":"ISD-participa-de-II-Semin\u00e1rio-da-Inclus\u00e3o-de-Maca\u00edba-Foto-Assecom-Maca\u00edba-768x432.jpeg","width":768,"height":432,"mime_type":"image\/jpeg","source_url":"https:\/\/institutosantosdumont.org.br\/wp-content\/uploads\/2022\/05\/ISD-participa-de-II-Semin\u00e1rio-da-Inclus\u00e3o-de-Maca\u00edba-Foto-Assecom-Maca\u00edba-768x432.jpeg"},"large":{"file":"ISD-participa-de-II-Semin\u00e1rio-da-Inclus\u00e3o-de-Maca\u00edba-Foto-Assecom-Maca\u00edba-1024x577.jpeg","width":1024,"height":577,"mime_type":"image\/jpeg","source_url":"https:\/\/institutosantosdumont.org.br\/wp-content\/uploads\/2022\/05\/ISD-participa-de-II-Semin\u00e1rio-da-Inclus\u00e3o-de-Maca\u00edba-Foto-Assecom-Maca\u00edba-1024x577.jpeg"},"full":{"file":"ISD-participa-de-II-Semin\u00e1rio-da-Inclus\u00e3o-de-Maca\u00edba-Foto-Assecom-Maca\u00edba.jpeg","width":1600,"height":901,"mime_type":"image\/jpeg","source_url":"https:\/\/institutosantosdumont.org.br\/wp-content\/uploads\/2022\/05\/ISD-participa-de-II-Semin\u00e1rio-da-Inclus\u00e3o-de-Maca\u00edba-Foto-Assecom-Maca\u00edba.jpeg"}},"image_meta":{"aperture":"0","credit":"","camera":"","caption":"","created_timestamp":"0","copyright":"","focal_length":"0","iso":"0","shutter_speed":"0","title":"","orientation":"0","keywords":[]}},"post":24332,"source_url":"https:\/\/institutosantosdumont.org.br\/wp-content\/uploads\/2022\/05\/ISD-participa-de-II-Semin\u00e1rio-da-Inclus\u00e3o-de-Maca\u00edba-Foto-Assecom-Maca\u00edba.jpeg","_links":{"self":[{"href":"https:\/\/institutosantosdumont.org.br\/es\/wp-json\/wp\/v2\/media\/24335","targetHints":{"allow":["GET"]}}],"collection":[{"href":"https:\/\/institutosantosdumont.org.br\/es\/wp-json\/wp\/v2\/media"}],"about":[{"href":"https:\/\/institutosantosdumont.org.br\/es\/wp-json\/wp\/v2\/types\/attachment"}],"author":[{"embeddable":true,"href":"https:\/\/institutosantosdumont.org.br\/es\/wp-json\/wp\/v2\/users\/10"}],"replies":[{"embeddable":true,"href":"https:\/\/institutosantosdumont.org.br\/es\/wp-json\/wp\/v2\/comments?post=24335"}],"wp:attached-to":[{"embeddable":true,"post_type":"post","id":24332,"href":"https:\/\/institutosantosdumont.org.br\/es\/wp-json\/wp\/v2\/posts\/24332"}],"curies":[{"name":"wp","href":"https:\/\/api.w.org\/{rel}","templated":true}]}}

http://www.institutosantosdumont.org.br/wp-content/uploads/2022/05/ISD-participa-de-II-Seminário-da-Inclusão-de-Macaíba-Foto-Assecom-Macaíba.jpeg

ISD participa del 2º Seminario de Inclusión en Macaíba – Foto: Assecom Macaíba

<p class="attachment"><a href='https://institutosantosdumont.org.br/wp-content/uploads/2022/05/ISD-participa-de-II-Seminário-da-Inclusão-de-Macaíba-Foto-Assecom-Macaíba.jpeg'><img fetchpriority="high" decoding="async" width="300" height="169" src="https://institutosantosdumont.org.br/wp-content/uploads/2022/05/ISD-participa-de-II-Seminário-da-Inclusão-de-Macaíba-Foto-Assecom-Macaíba-300x169.jpeg" class="attachment-medium size-medium" alt="" srcset="https://institutosantosdumont.org.br/wp-content/uploads/2022/05/ISD-participa-de-II-Seminário-da-Inclusão-de-Macaíba-Foto-Assecom-Macaíba-300x169.jpeg 300w, https://institutosantosdumont.org.br/wp-content/uploads/2022/05/ISD-participa-de-II-Seminário-da-Inclusão-de-Macaíba-Foto-Assecom-Macaíba-768x432.jpeg 768w, https://institutosantosdumont.org.br/wp-content/uploads/2022/05/ISD-participa-de-II-Seminário-da-Inclusão-de-Macaíba-Foto-Assecom-Macaíba-1024x577.jpeg 1024w, https://institutosantosdumont.org.br/wp-content/uploads/2022/05/ISD-participa-de-II-Seminário-da-Inclusão-de-Macaíba-Foto-Assecom-Macaíba.jpeg 1600w" sizes="(max-width: 300px) 100vw, 300px" /></a></p>

2022/05/ISD-participa-de-II-Seminário-da-Inclusão-de-Macaíba-Foto-Assecom-Macaíba.jpeg

ISD-participa-de-II-Seminário-da-Inclusão-de-Macaíba-Foto-Assecom-Macaíba-150x150.jpeg

https://institutosantosdumont.org.br/wp-content/uploads/2022/05/ISD-participa-de-II-Seminário-da-Inclusão-de-Macaíba-Foto-Assecom-Macaíba-150x150.jpeg

ISD-participa-de-II-Seminário-da-Inclusão-de-Macaíba-Foto-Assecom-Macaíba-300x169.jpeg

https://institutosantosdumont.org.br/wp-content/uploads/2022/05/ISD-participa-de-II-Seminário-da-Inclusão-de-Macaíba-Foto-Assecom-Macaíba-300x169.jpeg

ISD-participa-de-II-Seminário-da-Inclusão-de-Macaíba-Foto-Assecom-Macaíba-768x432.jpeg

https://institutosantosdumont.org.br/wp-content/uploads/2022/05/ISD-participa-de-II-Seminário-da-Inclusão-de-Macaíba-Foto-Assecom-Macaíba-768x432.jpeg

ISD-participa-de-II-Seminário-da-Inclusão-de-Macaíba-Foto-Assecom-Macaíba-1024x577.jpeg

https://institutosantosdumont.org.br/wp-content/uploads/2022/05/ISD-participa-de-II-Seminário-da-Inclusão-de-Macaíba-Foto-Assecom-Macaíba-1024x577.jpeg

ISD-participa-de-II-Seminário-da-Inclusão-de-Macaíba-Foto-Assecom-Macaíba.jpeg

https://institutosantosdumont.org.br/wp-content/uploads/2022/05/ISD-participa-de-II-Seminário-da-Inclusão-de-Macaíba-Foto-Assecom-Macaíba.jpeg
