{"id":24914,"date":"2022-09-02T13:57:32","date_gmt":"2022-09-02T16:57:32","guid":{"rendered":"http:\/\/www.institutosantosdumont.org.br\/wp-content\/uploads\/2022\/09\/Crian\u00e7as-e-adolescentes-da-rede-p\u00fablica-de-educa\u00e7\u00e3o-do-RN-participando-da-SNCT-no-ISD-em-2021-2.jpg"},"modified":"2022-09-02T13:57:32","modified_gmt":"2022-09-02T16:57:32","slug":"criancas-e-adolescentes-da-rede-publica-de-educacao-do-rn-participando-da-snct-no-isd-em-2021-2","status":"inherit","type":"attachment","link":"https:\/\/institutosantosdumont.org.br\/es\/inscricoes-abertas-para-feira-de-ciencias-e-mostras-cientificas-no-isd\/criancas-e-adolescentes-da-rede-publica-de-educacao-do-rn-participando-da-snct-no-isd-em-2021-2\/","title":{"rendered":"Ni\u00f1os y adolescentes de la red de educaci\u00f3n p\u00fablica de RN que participan en el SNCT en ISD en 2021 (2)"},"author":10,"featured_media":0,"comment_status":"open","ping_status":"closed","template":"","meta":{"_acf_changed":false},"class_list":["post-24914","attachment","type-attachment","status-inherit","hentry"],"acf":[],"description":{"rendered":"<p class=\"attachment\"><a href='https:\/\/institutosantosdumont.org.br\/wp-content\/uploads\/2022\/09\/Crian\u00e7as-e-adolescentes-da-rede-p\u00fablica-de-educa\u00e7\u00e3o-do-RN-participando-da-SNCT-no-ISD-em-2021-2-e1662387810610.jpg'><img decoding=\"async\" width=\"300\" height=\"166\" src=\"https:\/\/institutosantosdumont.org.br\/wp-content\/uploads\/2022\/09\/Crian\u00e7as-e-adolescentes-da-rede-p\u00fablica-de-educa\u00e7\u00e3o-do-RN-participando-da-SNCT-no-ISD-em-2021-2-e1662387810610-300x166.jpg\" class=\"attachment-medium size-medium\" alt=\"\" srcset=\"https:\/\/institutosantosdumont.org.br\/wp-content\/uploads\/2022\/09\/Crian\u00e7as-e-adolescentes-da-rede-p\u00fablica-de-educa\u00e7\u00e3o-do-RN-participando-da-SNCT-no-ISD-em-2021-2-e1662387810610-300x166.jpg 300w, https:\/\/institutosantosdumont.org.br\/wp-content\/uploads\/2022\/09\/Crian\u00e7as-e-adolescentes-da-rede-p\u00fablica-de-educa\u00e7\u00e3o-do-RN-participando-da-SNCT-no-ISD-em-2021-2-e1662387810610-768x425.jpg 768w, https:\/\/institutosantosdumont.org.br\/wp-content\/uploads\/2022\/09\/Crian\u00e7as-e-adolescentes-da-rede-p\u00fablica-de-educa\u00e7\u00e3o-do-RN-participando-da-SNCT-no-ISD-em-2021-2-e1662387810610-1024x566.jpg 1024w, https:\/\/institutosantosdumont.org.br\/wp-content\/uploads\/2022\/09\/Crian\u00e7as-e-adolescentes-da-rede-p\u00fablica-de-educa\u00e7\u00e3o-do-RN-participando-da-SNCT-no-ISD-em-2021-2-e1662387810610.jpg 1890w\" sizes=\"(max-width: 300px) 100vw, 300px\" \/><\/a><\/p>\n"},"caption":{"rendered":""},"alt_text":"","media_type":"image","mime_type":"image\/jpeg","media_details":{"width":1890,"height":1045,"file":"2022\/09\/Crian\u00e7as-e-adolescentes-da-rede-p\u00fablica-de-educa\u00e7\u00e3o-do-RN-participando-da-SNCT-no-ISD-em-2021-2-e1662387810610.jpg","sizes":{"thumbnail":{"file":"Crian\u00e7as-e-adolescentes-da-rede-p\u00fablica-de-educa\u00e7\u00e3o-do-RN-participando-da-SNCT-no-ISD-em-2021-2-e1662387810610-150x150.jpg","width":150,"height":150,"mime_type":"image\/jpeg","source_url":"https:\/\/institutosantosdumont.org.br\/wp-content\/uploads\/2022\/09\/Crian\u00e7as-e-adolescentes-da-rede-p\u00fablica-de-educa\u00e7\u00e3o-do-RN-participando-da-SNCT-no-ISD-em-2021-2-e1662387810610-150x150.jpg"},"medium":{"file":"Crian\u00e7as-e-adolescentes-da-rede-p\u00fablica-de-educa\u00e7\u00e3o-do-RN-participando-da-SNCT-no-ISD-em-2021-2-e1662387810610-300x166.jpg","width":300,"height":166,"mime_type":"image\/jpeg","source_url":"https:\/\/institutosantosdumont.org.br\/wp-content\/uploads\/2022\/09\/Crian\u00e7as-e-adolescentes-da-rede-p\u00fablica-de-educa\u00e7\u00e3o-do-RN-participando-da-SNCT-no-ISD-em-2021-2-e1662387810610-300x166.jpg"},"medium_large":{"file":"Crian\u00e7as-e-adolescentes-da-rede-p\u00fablica-de-educa\u00e7\u00e3o-do-RN-participando-da-SNCT-no-ISD-em-2021-2-e1662387810610-768x425.jpg","width":768,"height":425,"mime_type":"image\/jpeg","source_url":"https:\/\/institutosantosdumont.org.br\/wp-content\/uploads\/2022\/09\/Crian\u00e7as-e-adolescentes-da-rede-p\u00fablica-de-educa\u00e7\u00e3o-do-RN-participando-da-SNCT-no-ISD-em-2021-2-e1662387810610-768x425.jpg"},"large":{"file":"Crian\u00e7as-e-adolescentes-da-rede-p\u00fablica-de-educa\u00e7\u00e3o-do-RN-participando-da-SNCT-no-ISD-em-2021-2-e1662387810610-1024x566.jpg","width":1024,"height":566,"mime_type":"image\/jpeg","source_url":"https:\/\/institutosantosdumont.org.br\/wp-content\/uploads\/2022\/09\/Crian\u00e7as-e-adolescentes-da-rede-p\u00fablica-de-educa\u00e7\u00e3o-do-RN-participando-da-SNCT-no-ISD-em-2021-2-e1662387810610-1024x566.jpg"},"full":{"file":"Crian\u00e7as-e-adolescentes-da-rede-p\u00fablica-de-educa\u00e7\u00e3o-do-RN-participando-da-SNCT-no-ISD-em-2021-2-e1662387810610.jpg","width":1890,"height":1045,"mime_type":"image\/jpeg","source_url":"https:\/\/institutosantosdumont.org.br\/wp-content\/uploads\/2022\/09\/Crian\u00e7as-e-adolescentes-da-rede-p\u00fablica-de-educa\u00e7\u00e3o-do-RN-participando-da-SNCT-no-ISD-em-2021-2-e1662387810610.jpg"}},"image_meta":{"aperture":"3.5","credit":"","camera":"Canon EOS Rebel T6i","caption":"","created_timestamp":"1637658002","copyright":"","focal_length":"18","iso":"160","shutter_speed":"0.033333333333333","title":"","orientation":"1","keywords":[]}},"post":24913,"source_url":"https:\/\/institutosantosdumont.org.br\/wp-content\/uploads\/2022\/09\/Crian\u00e7as-e-adolescentes-da-rede-p\u00fablica-de-educa\u00e7\u00e3o-do-RN-participando-da-SNCT-no-ISD-em-2021-2-e1662387810610.jpg","_links":{"self":[{"href":"https:\/\/institutosantosdumont.org.br\/es\/wp-json\/wp\/v2\/media\/24914","targetHints":{"allow":["GET"]}}],"collection":[{"href":"https:\/\/institutosantosdumont.org.br\/es\/wp-json\/wp\/v2\/media"}],"about":[{"href":"https:\/\/institutosantosdumont.org.br\/es\/wp-json\/wp\/v2\/types\/attachment"}],"author":[{"embeddable":true,"href":"https:\/\/institutosantosdumont.org.br\/es\/wp-json\/wp\/v2\/users\/10"}],"replies":[{"embeddable":true,"href":"https:\/\/institutosantosdumont.org.br\/es\/wp-json\/wp\/v2\/comments?post=24914"}],"wp:attached-to":[{"embeddable":true,"post_type":"post","id":24913,"href":"https:\/\/institutosantosdumont.org.br\/es\/wp-json\/wp\/v2\/posts\/24913"}],"curies":[{"name":"wp","href":"https:\/\/api.w.org\/{rel}","templated":true}]}}

http://www.institutosantosdumont.org.br/wp-content/uploads/2022/09/Crianças-e-adolescentes-da-rede-pública-de-educação-do-RN-participando-da-SNCT-no-ISD-em-2021-2.jpg

Niños y adolescentes de la red de educación pública de RN que participan en el SNCT en ISD en 2021 (2)

<p class="attachment"><a href='https://institutosantosdumont.org.br/wp-content/uploads/2022/09/Crianças-e-adolescentes-da-rede-pública-de-educação-do-RN-participando-da-SNCT-no-ISD-em-2021-2-e1662387810610.jpg'><img decoding="async" width="300" height="166" src="https://institutosantosdumont.org.br/wp-content/uploads/2022/09/Crianças-e-adolescentes-da-rede-pública-de-educação-do-RN-participando-da-SNCT-no-ISD-em-2021-2-e1662387810610-300x166.jpg" class="attachment-medium size-medium" alt="" srcset="https://institutosantosdumont.org.br/wp-content/uploads/2022/09/Crianças-e-adolescentes-da-rede-pública-de-educação-do-RN-participando-da-SNCT-no-ISD-em-2021-2-e1662387810610-300x166.jpg 300w, https://institutosantosdumont.org.br/wp-content/uploads/2022/09/Crianças-e-adolescentes-da-rede-pública-de-educação-do-RN-participando-da-SNCT-no-ISD-em-2021-2-e1662387810610-768x425.jpg 768w, https://institutosantosdumont.org.br/wp-content/uploads/2022/09/Crianças-e-adolescentes-da-rede-pública-de-educação-do-RN-participando-da-SNCT-no-ISD-em-2021-2-e1662387810610-1024x566.jpg 1024w, https://institutosantosdumont.org.br/wp-content/uploads/2022/09/Crianças-e-adolescentes-da-rede-pública-de-educação-do-RN-participando-da-SNCT-no-ISD-em-2021-2-e1662387810610.jpg 1890w" sizes="(max-width: 300px) 100vw, 300px" /></a></p>

2022/09/Crianças-e-adolescentes-da-rede-pública-de-educação-do-RN-participando-da-SNCT-no-ISD-em-2021-2-e1662387810610.jpg

Crianças-e-adolescentes-da-rede-pública-de-educação-do-RN-participando-da-SNCT-no-ISD-em-2021-2-e1662387810610-150x150.jpg

https://institutosantosdumont.org.br/wp-content/uploads/2022/09/Crianças-e-adolescentes-da-rede-pública-de-educação-do-RN-participando-da-SNCT-no-ISD-em-2021-2-e1662387810610-150x150.jpg

Crianças-e-adolescentes-da-rede-pública-de-educação-do-RN-participando-da-SNCT-no-ISD-em-2021-2-e1662387810610-300x166.jpg

https://institutosantosdumont.org.br/wp-content/uploads/2022/09/Crianças-e-adolescentes-da-rede-pública-de-educação-do-RN-participando-da-SNCT-no-ISD-em-2021-2-e1662387810610-300x166.jpg

Crianças-e-adolescentes-da-rede-pública-de-educação-do-RN-participando-da-SNCT-no-ISD-em-2021-2-e1662387810610-768x425.jpg

https://institutosantosdumont.org.br/wp-content/uploads/2022/09/Crianças-e-adolescentes-da-rede-pública-de-educação-do-RN-participando-da-SNCT-no-ISD-em-2021-2-e1662387810610-768x425.jpg

Crianças-e-adolescentes-da-rede-pública-de-educação-do-RN-participando-da-SNCT-no-ISD-em-2021-2-e1662387810610-1024x566.jpg

https://institutosantosdumont.org.br/wp-content/uploads/2022/09/Crianças-e-adolescentes-da-rede-pública-de-educação-do-RN-participando-da-SNCT-no-ISD-em-2021-2-e1662387810610-1024x566.jpg

Crianças-e-adolescentes-da-rede-pública-de-educação-do-RN-participando-da-SNCT-no-ISD-em-2021-2-e1662387810610.jpg

https://institutosantosdumont.org.br/wp-content/uploads/2022/09/Crianças-e-adolescentes-da-rede-pública-de-educação-do-RN-participando-da-SNCT-no-ISD-em-2021-2-e1662387810610.jpg
