{"id":25432,"date":"2023-01-27T13:55:56","date_gmt":"2023-01-27T16:55:56","guid":{"rendered":"http:\/\/www.institutosantosdumont.org.br\/wp-content\/uploads\/2023\/01\/O-Centro-\u00e9-fruto-de-uma-parceria-entre-o-ISD-e-o-Comit\u00ea-Paralpimpico-Brasieleiro_1.png"},"modified":"2023-01-27T13:55:56","modified_gmt":"2023-01-27T16:55:56","slug":"o-centro-e-fruto-de-uma-parceria-entre-o-isd-e-o-comite-paralpimpico-brasieleiro_1","status":"inherit","type":"attachment","link":"https:\/\/institutosantosdumont.org.br\/es\/comite-paralimpico-brasileiro-e-isd-fecham-parceria-para-instalacao-do-centro-de-referencia-paralimpico-em-macaiba\/o-centro-e-fruto-de-uma-parceria-entre-o-isd-e-o-comite-paralpimpico-brasieleiro_1\/","title":{"rendered":"O-Centro-\u00e9-fruto-de-uma-parceria-entre-o-ISD-e-o-Comit\u00ea-Paralpimpico-Brasieleiro_1"},"author":10,"featured_media":0,"comment_status":"open","ping_status":"closed","template":"","meta":{"_acf_changed":false},"class_list":["post-25432","attachment","type-attachment","status-inherit","hentry"],"acf":[],"description":{"rendered":"<p class=\"attachment\"><a href='https:\/\/institutosantosdumont.org.br\/wp-content\/uploads\/2023\/01\/O-Centro-\u00e9-fruto-de-uma-parceria-entre-o-ISD-e-o-Comit\u00ea-Paralpimpico-Brasieleiro_1.png'><img fetchpriority=\"high\" decoding=\"async\" width=\"300\" height=\"225\" src=\"https:\/\/institutosantosdumont.org.br\/wp-content\/uploads\/2023\/01\/O-Centro-\u00e9-fruto-de-uma-parceria-entre-o-ISD-e-o-Comit\u00ea-Paralpimpico-Brasieleiro_1-300x225.png\" class=\"attachment-medium size-medium\" alt=\"\" srcset=\"https:\/\/institutosantosdumont.org.br\/wp-content\/uploads\/2023\/01\/O-Centro-\u00e9-fruto-de-uma-parceria-entre-o-ISD-e-o-Comit\u00ea-Paralpimpico-Brasieleiro_1-300x225.png 300w, https:\/\/institutosantosdumont.org.br\/wp-content\/uploads\/2023\/01\/O-Centro-\u00e9-fruto-de-uma-parceria-entre-o-ISD-e-o-Comit\u00ea-Paralpimpico-Brasieleiro_1-768x576.png 768w, https:\/\/institutosantosdumont.org.br\/wp-content\/uploads\/2023\/01\/O-Centro-\u00e9-fruto-de-uma-parceria-entre-o-ISD-e-o-Comit\u00ea-Paralpimpico-Brasieleiro_1-1024x768.png 1024w\" sizes=\"(max-width: 300px) 100vw, 300px\" \/><\/a><\/p>\n"},"caption":{"rendered":""},"alt_text":"","media_type":"image","mime_type":"image\/png","media_details":{"width":4032,"height":3024,"file":"2023\/01\/O-Centro-\u00e9-fruto-de-uma-parceria-entre-o-ISD-e-o-Comit\u00ea-Paralpimpico-Brasieleiro_1.png","sizes":{"thumbnail":{"file":"O-Centro-\u00e9-fruto-de-uma-parceria-entre-o-ISD-e-o-Comit\u00ea-Paralpimpico-Brasieleiro_1-150x150.png","width":150,"height":150,"mime_type":"image\/png","source_url":"https:\/\/institutosantosdumont.org.br\/wp-content\/uploads\/2023\/01\/O-Centro-\u00e9-fruto-de-uma-parceria-entre-o-ISD-e-o-Comit\u00ea-Paralpimpico-Brasieleiro_1-150x150.png"},"medium":{"file":"O-Centro-\u00e9-fruto-de-uma-parceria-entre-o-ISD-e-o-Comit\u00ea-Paralpimpico-Brasieleiro_1-300x225.png","width":300,"height":225,"mime_type":"image\/png","source_url":"https:\/\/institutosantosdumont.org.br\/wp-content\/uploads\/2023\/01\/O-Centro-\u00e9-fruto-de-uma-parceria-entre-o-ISD-e-o-Comit\u00ea-Paralpimpico-Brasieleiro_1-300x225.png"},"medium_large":{"file":"O-Centro-\u00e9-fruto-de-uma-parceria-entre-o-ISD-e-o-Comit\u00ea-Paralpimpico-Brasieleiro_1-768x576.png","width":768,"height":576,"mime_type":"image\/png","source_url":"https:\/\/institutosantosdumont.org.br\/wp-content\/uploads\/2023\/01\/O-Centro-\u00e9-fruto-de-uma-parceria-entre-o-ISD-e-o-Comit\u00ea-Paralpimpico-Brasieleiro_1-768x576.png"},"large":{"file":"O-Centro-\u00e9-fruto-de-uma-parceria-entre-o-ISD-e-o-Comit\u00ea-Paralpimpico-Brasieleiro_1-1024x768.png","width":1024,"height":768,"mime_type":"image\/png","source_url":"https:\/\/institutosantosdumont.org.br\/wp-content\/uploads\/2023\/01\/O-Centro-\u00e9-fruto-de-uma-parceria-entre-o-ISD-e-o-Comit\u00ea-Paralpimpico-Brasieleiro_1-1024x768.png"},"full":{"file":"O-Centro-\u00e9-fruto-de-uma-parceria-entre-o-ISD-e-o-Comit\u00ea-Paralpimpico-Brasieleiro_1.png","width":4032,"height":3024,"mime_type":"image\/png","source_url":"https:\/\/institutosantosdumont.org.br\/wp-content\/uploads\/2023\/01\/O-Centro-\u00e9-fruto-de-uma-parceria-entre-o-ISD-e-o-Comit\u00ea-Paralpimpico-Brasieleiro_1.png"}},"image_meta":{"aperture":"0","credit":"","camera":"","caption":"","created_timestamp":"0","copyright":"","focal_length":"0","iso":"0","shutter_speed":"0","title":"","orientation":"0","keywords":[]}},"post":25431,"source_url":"https:\/\/institutosantosdumont.org.br\/wp-content\/uploads\/2023\/01\/O-Centro-\u00e9-fruto-de-uma-parceria-entre-o-ISD-e-o-Comit\u00ea-Paralpimpico-Brasieleiro_1.png","_links":{"self":[{"href":"https:\/\/institutosantosdumont.org.br\/es\/wp-json\/wp\/v2\/media\/25432","targetHints":{"allow":["GET"]}}],"collection":[{"href":"https:\/\/institutosantosdumont.org.br\/es\/wp-json\/wp\/v2\/media"}],"about":[{"href":"https:\/\/institutosantosdumont.org.br\/es\/wp-json\/wp\/v2\/types\/attachment"}],"author":[{"embeddable":true,"href":"https:\/\/institutosantosdumont.org.br\/es\/wp-json\/wp\/v2\/users\/10"}],"replies":[{"embeddable":true,"href":"https:\/\/institutosantosdumont.org.br\/es\/wp-json\/wp\/v2\/comments?post=25432"}],"wp:attached-to":[{"embeddable":true,"post_type":"post","id":25431,"href":"https:\/\/institutosantosdumont.org.br\/es\/wp-json\/wp\/v2\/posts\/25431"}],"curies":[{"name":"wp","href":"https:\/\/api.w.org\/{rel}","templated":true}]}}

http://www.institutosantosdumont.org.br/wp-content/uploads/2023/01/O-Centro-é-fruto-de-uma-parceria-entre-o-ISD-e-o-Comitê-Paralpimpico-Brasieleiro_1.png

O-Centro-é-fruto-de-uma-parceria-entre-o-ISD-e-o-Comitê-Paralpimpico-Brasieleiro_1

<p class="attachment"><a href='https://institutosantosdumont.org.br/wp-content/uploads/2023/01/O-Centro-é-fruto-de-uma-parceria-entre-o-ISD-e-o-Comitê-Paralpimpico-Brasieleiro_1.png'><img fetchpriority="high" decoding="async" width="300" height="225" src="https://institutosantosdumont.org.br/wp-content/uploads/2023/01/O-Centro-é-fruto-de-uma-parceria-entre-o-ISD-e-o-Comitê-Paralpimpico-Brasieleiro_1-300x225.png" class="attachment-medium size-medium" alt="" srcset="https://institutosantosdumont.org.br/wp-content/uploads/2023/01/O-Centro-é-fruto-de-uma-parceria-entre-o-ISD-e-o-Comitê-Paralpimpico-Brasieleiro_1-300x225.png 300w, https://institutosantosdumont.org.br/wp-content/uploads/2023/01/O-Centro-é-fruto-de-uma-parceria-entre-o-ISD-e-o-Comitê-Paralpimpico-Brasieleiro_1-768x576.png 768w, https://institutosantosdumont.org.br/wp-content/uploads/2023/01/O-Centro-é-fruto-de-uma-parceria-entre-o-ISD-e-o-Comitê-Paralpimpico-Brasieleiro_1-1024x768.png 1024w" sizes="(max-width: 300px) 100vw, 300px" /></a></p>

2023/01/O-Centro-é-fruto-de-uma-parceria-entre-o-ISD-e-o-Comitê-Paralpimpico-Brasieleiro_1.png

O-Centro-é-fruto-de-uma-parceria-entre-o-ISD-e-o-Comitê-Paralpimpico-Brasieleiro_1-150x150.png

https://institutosantosdumont.org.br/wp-content/uploads/2023/01/O-Centro-é-fruto-de-uma-parceria-entre-o-ISD-e-o-Comitê-Paralpimpico-Brasieleiro_1-150x150.png

O-Centro-é-fruto-de-uma-parceria-entre-o-ISD-e-o-Comitê-Paralpimpico-Brasieleiro_1-300x225.png

https://institutosantosdumont.org.br/wp-content/uploads/2023/01/O-Centro-é-fruto-de-uma-parceria-entre-o-ISD-e-o-Comitê-Paralpimpico-Brasieleiro_1-300x225.png

O-Centro-é-fruto-de-uma-parceria-entre-o-ISD-e-o-Comitê-Paralpimpico-Brasieleiro_1-768x576.png

https://institutosantosdumont.org.br/wp-content/uploads/2023/01/O-Centro-é-fruto-de-uma-parceria-entre-o-ISD-e-o-Comitê-Paralpimpico-Brasieleiro_1-768x576.png

O-Centro-é-fruto-de-uma-parceria-entre-o-ISD-e-o-Comitê-Paralpimpico-Brasieleiro_1-1024x768.png

https://institutosantosdumont.org.br/wp-content/uploads/2023/01/O-Centro-é-fruto-de-uma-parceria-entre-o-ISD-e-o-Comitê-Paralpimpico-Brasieleiro_1-1024x768.png

O-Centro-é-fruto-de-uma-parceria-entre-o-ISD-e-o-Comitê-Paralpimpico-Brasieleiro_1.png

https://institutosantosdumont.org.br/wp-content/uploads/2023/01/O-Centro-é-fruto-de-uma-parceria-entre-o-ISD-e-o-Comitê-Paralpimpico-Brasieleiro_1.png
