{"id":25471,"date":"2023-02-07T10:15:59","date_gmt":"2023-02-07T13:15:59","guid":{"rendered":"http:\/\/www.institutosantosdumont.org.br\/wp-content\/uploads\/2023\/02\/O-Centro-\u00e9-fruto-de-uma-parceria-entre-o-ISD-e-o-Comit\u00ea-Paralpimpico-Brasieleiro.png"},"modified":"2023-02-07T10:15:59","modified_gmt":"2023-02-07T13:15:59","slug":"o-centro-e-fruto-de-uma-parceria-entre-o-isd-e-o-comite-paralpimpico-brasieleiro","status":"inherit","type":"attachment","link":"https:\/\/institutosantosdumont.org.br\/es\/isd-abre-vagas-para-professores-as-e-estagiarios-as-de-educacao-fisica-saiba-como-se-inscrever\/o-centro-e-fruto-de-uma-parceria-entre-o-isd-e-o-comite-paralpimpico-brasieleiro\/","title":{"rendered":"El-Centro-es-el-fruto-de-una-asociaci\u00f3n-entre-ISD-y-el-Comit\u00e9-Paralpimpico-Brasieleiro"},"author":10,"featured_media":0,"comment_status":"open","ping_status":"closed","template":"","meta":{"_acf_changed":false},"class_list":["post-25471","attachment","type-attachment","status-inherit","hentry"],"acf":[],"description":{"rendered":"<p class=\"attachment\"><a href='https:\/\/institutosantosdumont.org.br\/wp-content\/uploads\/2023\/02\/O-Centro-\u00e9-fruto-de-uma-parceria-entre-o-ISD-e-o-Comit\u00ea-Paralpimpico-Brasieleiro.png'><img fetchpriority=\"high\" decoding=\"async\" width=\"300\" height=\"225\" src=\"https:\/\/institutosantosdumont.org.br\/wp-content\/uploads\/2023\/02\/O-Centro-\u00e9-fruto-de-uma-parceria-entre-o-ISD-e-o-Comit\u00ea-Paralpimpico-Brasieleiro-300x225.png\" class=\"attachment-medium size-medium\" alt=\"\" srcset=\"https:\/\/institutosantosdumont.org.br\/wp-content\/uploads\/2023\/02\/O-Centro-\u00e9-fruto-de-uma-parceria-entre-o-ISD-e-o-Comit\u00ea-Paralpimpico-Brasieleiro-300x225.png 300w, https:\/\/institutosantosdumont.org.br\/wp-content\/uploads\/2023\/02\/O-Centro-\u00e9-fruto-de-uma-parceria-entre-o-ISD-e-o-Comit\u00ea-Paralpimpico-Brasieleiro-768x576.png 768w, https:\/\/institutosantosdumont.org.br\/wp-content\/uploads\/2023\/02\/O-Centro-\u00e9-fruto-de-uma-parceria-entre-o-ISD-e-o-Comit\u00ea-Paralpimpico-Brasieleiro-1024x768.png 1024w\" sizes=\"(max-width: 300px) 100vw, 300px\" \/><\/a><\/p>\n"},"caption":{"rendered":""},"alt_text":"","media_type":"image","mime_type":"image\/png","media_details":{"width":4032,"height":3024,"file":"2023\/02\/O-Centro-\u00e9-fruto-de-uma-parceria-entre-o-ISD-e-o-Comit\u00ea-Paralpimpico-Brasieleiro.png","sizes":{"thumbnail":{"file":"O-Centro-\u00e9-fruto-de-uma-parceria-entre-o-ISD-e-o-Comit\u00ea-Paralpimpico-Brasieleiro-150x150.png","width":150,"height":150,"mime_type":"image\/png","source_url":"https:\/\/institutosantosdumont.org.br\/wp-content\/uploads\/2023\/02\/O-Centro-\u00e9-fruto-de-uma-parceria-entre-o-ISD-e-o-Comit\u00ea-Paralpimpico-Brasieleiro-150x150.png"},"medium":{"file":"O-Centro-\u00e9-fruto-de-uma-parceria-entre-o-ISD-e-o-Comit\u00ea-Paralpimpico-Brasieleiro-300x225.png","width":300,"height":225,"mime_type":"image\/png","source_url":"https:\/\/institutosantosdumont.org.br\/wp-content\/uploads\/2023\/02\/O-Centro-\u00e9-fruto-de-uma-parceria-entre-o-ISD-e-o-Comit\u00ea-Paralpimpico-Brasieleiro-300x225.png"},"medium_large":{"file":"O-Centro-\u00e9-fruto-de-uma-parceria-entre-o-ISD-e-o-Comit\u00ea-Paralpimpico-Brasieleiro-768x576.png","width":768,"height":576,"mime_type":"image\/png","source_url":"https:\/\/institutosantosdumont.org.br\/wp-content\/uploads\/2023\/02\/O-Centro-\u00e9-fruto-de-uma-parceria-entre-o-ISD-e-o-Comit\u00ea-Paralpimpico-Brasieleiro-768x576.png"},"large":{"file":"O-Centro-\u00e9-fruto-de-uma-parceria-entre-o-ISD-e-o-Comit\u00ea-Paralpimpico-Brasieleiro-1024x768.png","width":1024,"height":768,"mime_type":"image\/png","source_url":"https:\/\/institutosantosdumont.org.br\/wp-content\/uploads\/2023\/02\/O-Centro-\u00e9-fruto-de-uma-parceria-entre-o-ISD-e-o-Comit\u00ea-Paralpimpico-Brasieleiro-1024x768.png"},"full":{"file":"O-Centro-\u00e9-fruto-de-uma-parceria-entre-o-ISD-e-o-Comit\u00ea-Paralpimpico-Brasieleiro.png","width":4032,"height":3024,"mime_type":"image\/png","source_url":"https:\/\/institutosantosdumont.org.br\/wp-content\/uploads\/2023\/02\/O-Centro-\u00e9-fruto-de-uma-parceria-entre-o-ISD-e-o-Comit\u00ea-Paralpimpico-Brasieleiro.png"}},"image_meta":{"aperture":"0","credit":"","camera":"","caption":"","created_timestamp":"0","copyright":"","focal_length":"0","iso":"0","shutter_speed":"0","title":"","orientation":"0","keywords":[]}},"post":25470,"source_url":"https:\/\/institutosantosdumont.org.br\/wp-content\/uploads\/2023\/02\/O-Centro-\u00e9-fruto-de-uma-parceria-entre-o-ISD-e-o-Comit\u00ea-Paralpimpico-Brasieleiro.png","_links":{"self":[{"href":"https:\/\/institutosantosdumont.org.br\/es\/wp-json\/wp\/v2\/media\/25471","targetHints":{"allow":["GET"]}}],"collection":[{"href":"https:\/\/institutosantosdumont.org.br\/es\/wp-json\/wp\/v2\/media"}],"about":[{"href":"https:\/\/institutosantosdumont.org.br\/es\/wp-json\/wp\/v2\/types\/attachment"}],"author":[{"embeddable":true,"href":"https:\/\/institutosantosdumont.org.br\/es\/wp-json\/wp\/v2\/users\/10"}],"replies":[{"embeddable":true,"href":"https:\/\/institutosantosdumont.org.br\/es\/wp-json\/wp\/v2\/comments?post=25471"}],"wp:attached-to":[{"embeddable":true,"post_type":"post","id":25470,"href":"https:\/\/institutosantosdumont.org.br\/es\/wp-json\/wp\/v2\/posts\/25470"}],"curies":[{"name":"wp","href":"https:\/\/api.w.org\/{rel}","templated":true}]}}

http://www.institutosantosdumont.org.br/wp-content/uploads/2023/02/O-Centro-é-fruto-de-uma-parceria-entre-o-ISD-e-o-Comitê-Paralpimpico-Brasieleiro.png

El-Centro-es-el-fruto-de-una-asociación-entre-ISD-y-el-Comité-Paralpimpico-Brasieleiro

<p class="attachment"><a href='https://institutosantosdumont.org.br/wp-content/uploads/2023/02/O-Centro-é-fruto-de-uma-parceria-entre-o-ISD-e-o-Comitê-Paralpimpico-Brasieleiro.png'><img fetchpriority="high" decoding="async" width="300" height="225" src="https://institutosantosdumont.org.br/wp-content/uploads/2023/02/O-Centro-é-fruto-de-uma-parceria-entre-o-ISD-e-o-Comitê-Paralpimpico-Brasieleiro-300x225.png" class="attachment-medium size-medium" alt="" srcset="https://institutosantosdumont.org.br/wp-content/uploads/2023/02/O-Centro-é-fruto-de-uma-parceria-entre-o-ISD-e-o-Comitê-Paralpimpico-Brasieleiro-300x225.png 300w, https://institutosantosdumont.org.br/wp-content/uploads/2023/02/O-Centro-é-fruto-de-uma-parceria-entre-o-ISD-e-o-Comitê-Paralpimpico-Brasieleiro-768x576.png 768w, https://institutosantosdumont.org.br/wp-content/uploads/2023/02/O-Centro-é-fruto-de-uma-parceria-entre-o-ISD-e-o-Comitê-Paralpimpico-Brasieleiro-1024x768.png 1024w" sizes="(max-width: 300px) 100vw, 300px" /></a></p>

2023/02/O-Centro-é-fruto-de-uma-parceria-entre-o-ISD-e-o-Comitê-Paralpimpico-Brasieleiro.png

O-Centro-é-fruto-de-uma-parceria-entre-o-ISD-e-o-Comitê-Paralpimpico-Brasieleiro-150x150.png

https://institutosantosdumont.org.br/wp-content/uploads/2023/02/O-Centro-é-fruto-de-uma-parceria-entre-o-ISD-e-o-Comitê-Paralpimpico-Brasieleiro-150x150.png

O-Centro-é-fruto-de-uma-parceria-entre-o-ISD-e-o-Comitê-Paralpimpico-Brasieleiro-300x225.png

https://institutosantosdumont.org.br/wp-content/uploads/2023/02/O-Centro-é-fruto-de-uma-parceria-entre-o-ISD-e-o-Comitê-Paralpimpico-Brasieleiro-300x225.png

O-Centro-é-fruto-de-uma-parceria-entre-o-ISD-e-o-Comitê-Paralpimpico-Brasieleiro-768x576.png

https://institutosantosdumont.org.br/wp-content/uploads/2023/02/O-Centro-é-fruto-de-uma-parceria-entre-o-ISD-e-o-Comitê-Paralpimpico-Brasieleiro-768x576.png

O-Centro-é-fruto-de-uma-parceria-entre-o-ISD-e-o-Comitê-Paralpimpico-Brasieleiro-1024x768.png

https://institutosantosdumont.org.br/wp-content/uploads/2023/02/O-Centro-é-fruto-de-uma-parceria-entre-o-ISD-e-o-Comitê-Paralpimpico-Brasieleiro-1024x768.png

O-Centro-é-fruto-de-uma-parceria-entre-o-ISD-e-o-Comitê-Paralpimpico-Brasieleiro.png

https://institutosantosdumont.org.br/wp-content/uploads/2023/02/O-Centro-é-fruto-de-uma-parceria-entre-o-ISD-e-o-Comitê-Paralpimpico-Brasieleiro.png
