{"id":27762,"date":"2023-11-06T09:43:15","date_gmt":"2023-11-06T12:43:15","guid":{"rendered":"https:\/\/www.institutosantosdumont.org.br\/wp-content\/uploads\/2023\/11\/Natal-recebera-seminario-sobre-Modalidades-Paralimpicas-saiba-como-se-inscrever.-Foto_Ascom-ISD.jpg"},"modified":"2023-11-06T09:43:15","modified_gmt":"2023-11-06T12:43:15","slug":"natal-recebera-seminario-sobre-modalidades-paralimpicas-saiba-como-se-inscrever-foto_ascom-isd","status":"inherit","type":"attachment","link":"https:\/\/institutosantosdumont.org.br\/es\/natal-recebera-seminario-sobre-modalidades-paralimpicas-saiba-como-se-inscrever\/natal-recebera-seminario-sobre-modalidades-paralimpicas-saiba-como-se-inscrever-foto_ascom-isd\/","title":{"rendered":"Natal receber\u00e1 semin\u00e1rio sobre Modalidades Paral\u00edmpicas; saiba como se inscrever. Foto_Ascom ISD"},"author":10,"featured_media":0,"comment_status":"open","ping_status":"closed","template":"","meta":{"_acf_changed":false},"class_list":["post-27762","attachment","type-attachment","status-inherit","hentry"],"acf":[],"description":{"rendered":"<p class=\"attachment\"><a href='https:\/\/institutosantosdumont.org.br\/wp-content\/uploads\/2023\/11\/Natal-recebera-seminario-sobre-Modalidades-Paralimpicas-saiba-como-se-inscrever.-Foto_Ascom-ISD-scaled.jpg'><img fetchpriority=\"high\" decoding=\"async\" width=\"300\" height=\"225\" src=\"https:\/\/institutosantosdumont.org.br\/wp-content\/uploads\/2023\/11\/Natal-recebera-seminario-sobre-Modalidades-Paralimpicas-saiba-como-se-inscrever.-Foto_Ascom-ISD-300x225.jpg\" class=\"attachment-medium size-medium\" alt=\"\" srcset=\"https:\/\/institutosantosdumont.org.br\/wp-content\/uploads\/2023\/11\/Natal-recebera-seminario-sobre-Modalidades-Paralimpicas-saiba-como-se-inscrever.-Foto_Ascom-ISD-300x225.jpg 300w, https:\/\/institutosantosdumont.org.br\/wp-content\/uploads\/2023\/11\/Natal-recebera-seminario-sobre-Modalidades-Paralimpicas-saiba-como-se-inscrever.-Foto_Ascom-ISD-1024x768.jpg 1024w, https:\/\/institutosantosdumont.org.br\/wp-content\/uploads\/2023\/11\/Natal-recebera-seminario-sobre-Modalidades-Paralimpicas-saiba-como-se-inscrever.-Foto_Ascom-ISD-768x576.jpg 768w, https:\/\/institutosantosdumont.org.br\/wp-content\/uploads\/2023\/11\/Natal-recebera-seminario-sobre-Modalidades-Paralimpicas-saiba-como-se-inscrever.-Foto_Ascom-ISD-1536x1152.jpg 1536w, https:\/\/institutosantosdumont.org.br\/wp-content\/uploads\/2023\/11\/Natal-recebera-seminario-sobre-Modalidades-Paralimpicas-saiba-como-se-inscrever.-Foto_Ascom-ISD-2048x1536.jpg 2048w, https:\/\/institutosantosdumont.org.br\/wp-content\/uploads\/2023\/11\/Natal-recebera-seminario-sobre-Modalidades-Paralimpicas-saiba-como-se-inscrever.-Foto_Ascom-ISD-16x12.jpg 16w\" sizes=\"(max-width: 300px) 100vw, 300px\" \/><\/a><\/p>\n"},"caption":{"rendered":""},"alt_text":"","media_type":"image","mime_type":"image\/jpeg","media_details":{"width":2560,"height":1920,"file":"2023\/11\/Natal-recebera-seminario-sobre-Modalidades-Paralimpicas-saiba-como-se-inscrever.-Foto_Ascom-ISD-scaled.jpg","filesize":806602,"sizes":{"medium":{"file":"Natal-recebera-seminario-sobre-Modalidades-Paralimpicas-saiba-como-se-inscrever.-Foto_Ascom-ISD-300x225.jpg","width":300,"height":225,"filesize":19470,"mime_type":"image\/jpeg","source_url":"https:\/\/institutosantosdumont.org.br\/wp-content\/uploads\/2023\/11\/Natal-recebera-seminario-sobre-Modalidades-Paralimpicas-saiba-como-se-inscrever.-Foto_Ascom-ISD-300x225.jpg"},"large":{"file":"Natal-recebera-seminario-sobre-Modalidades-Paralimpicas-saiba-como-se-inscrever.-Foto_Ascom-ISD-1024x768.jpg","width":1024,"height":768,"filesize":164973,"mime_type":"image\/jpeg","source_url":"https:\/\/institutosantosdumont.org.br\/wp-content\/uploads\/2023\/11\/Natal-recebera-seminario-sobre-Modalidades-Paralimpicas-saiba-como-se-inscrever.-Foto_Ascom-ISD-1024x768.jpg"},"thumbnail":{"file":"Natal-recebera-seminario-sobre-Modalidades-Paralimpicas-saiba-como-se-inscrever.-Foto_Ascom-ISD-150x150.jpg","width":150,"height":150,"filesize":7606,"mime_type":"image\/jpeg","source_url":"https:\/\/institutosantosdumont.org.br\/wp-content\/uploads\/2023\/11\/Natal-recebera-seminario-sobre-Modalidades-Paralimpicas-saiba-como-se-inscrever.-Foto_Ascom-ISD-150x150.jpg"},"medium_large":{"file":"Natal-recebera-seminario-sobre-Modalidades-Paralimpicas-saiba-como-se-inscrever.-Foto_Ascom-ISD-768x576.jpg","width":768,"height":576,"filesize":98649,"mime_type":"image\/jpeg","source_url":"https:\/\/institutosantosdumont.org.br\/wp-content\/uploads\/2023\/11\/Natal-recebera-seminario-sobre-Modalidades-Paralimpicas-saiba-como-se-inscrever.-Foto_Ascom-ISD-768x576.jpg"},"1536x1536":{"file":"Natal-recebera-seminario-sobre-Modalidades-Paralimpicas-saiba-como-se-inscrever.-Foto_Ascom-ISD-1536x1152.jpg","width":1536,"height":1152,"filesize":335702,"mime_type":"image\/jpeg","source_url":"https:\/\/institutosantosdumont.org.br\/wp-content\/uploads\/2023\/11\/Natal-recebera-seminario-sobre-Modalidades-Paralimpicas-saiba-como-se-inscrever.-Foto_Ascom-ISD-1536x1152.jpg"},"2048x2048":{"file":"Natal-recebera-seminario-sobre-Modalidades-Paralimpicas-saiba-como-se-inscrever.-Foto_Ascom-ISD-2048x1536.jpg","width":2048,"height":1536,"filesize":552256,"mime_type":"image\/jpeg","source_url":"https:\/\/institutosantosdumont.org.br\/wp-content\/uploads\/2023\/11\/Natal-recebera-seminario-sobre-Modalidades-Paralimpicas-saiba-como-se-inscrever.-Foto_Ascom-ISD-2048x1536.jpg"},"trp-custom-language-flag":{"file":"Natal-recebera-seminario-sobre-Modalidades-Paralimpicas-saiba-como-se-inscrever.-Foto_Ascom-ISD-16x12.jpg","width":16,"height":12,"filesize":809,"mime_type":"image\/jpeg","source_url":"https:\/\/institutosantosdumont.org.br\/wp-content\/uploads\/2023\/11\/Natal-recebera-seminario-sobre-Modalidades-Paralimpicas-saiba-como-se-inscrever.-Foto_Ascom-ISD-16x12.jpg"},"full":{"file":"Natal-recebera-seminario-sobre-Modalidades-Paralimpicas-saiba-como-se-inscrever.-Foto_Ascom-ISD-scaled.jpg","width":2560,"height":1920,"mime_type":"image\/jpeg","source_url":"https:\/\/institutosantosdumont.org.br\/wp-content\/uploads\/2023\/11\/Natal-recebera-seminario-sobre-Modalidades-Paralimpicas-saiba-como-se-inscrever.-Foto_Ascom-ISD-scaled.jpg"}},"image_meta":{"aperture":"1.8","credit":"","camera":"iPhone XR","caption":"","created_timestamp":"1686065360","copyright":"","focal_length":"4.25","iso":"80","shutter_speed":"0.0082644628099174","title":"","orientation":"1","keywords":[]},"original_image":"Natal-recebera-seminario-sobre-Modalidades-Paralimpicas-saiba-como-se-inscrever.-Foto_Ascom-ISD.jpg"},"post":27761,"source_url":"https:\/\/institutosantosdumont.org.br\/wp-content\/uploads\/2023\/11\/Natal-recebera-seminario-sobre-Modalidades-Paralimpicas-saiba-como-se-inscrever.-Foto_Ascom-ISD-scaled.jpg","_links":{"self":[{"href":"https:\/\/institutosantosdumont.org.br\/es\/wp-json\/wp\/v2\/media\/27762","targetHints":{"allow":["GET"]}}],"collection":[{"href":"https:\/\/institutosantosdumont.org.br\/es\/wp-json\/wp\/v2\/media"}],"about":[{"href":"https:\/\/institutosantosdumont.org.br\/es\/wp-json\/wp\/v2\/types\/attachment"}],"author":[{"embeddable":true,"href":"https:\/\/institutosantosdumont.org.br\/es\/wp-json\/wp\/v2\/users\/10"}],"replies":[{"embeddable":true,"href":"https:\/\/institutosantosdumont.org.br\/es\/wp-json\/wp\/v2\/comments?post=27762"}],"wp:attached-to":[{"embeddable":true,"post_type":"post","id":27761,"href":"https:\/\/institutosantosdumont.org.br\/es\/wp-json\/wp\/v2\/posts\/27761"}],"curies":[{"name":"wp","href":"https:\/\/api.w.org\/{rel}","templated":true}]}}

Natal receberá seminário sobre Modalidades Paralímpicas; saiba como se inscrever. Foto_Ascom ISD
