{"id":29811,"date":"2024-06-13T15:32:51","date_gmt":"2024-06-13T18:32:51","guid":{"rendered":"https:\/\/www.institutosantosdumont.org.br\/wp-content\/uploads\/2024\/06\/Atleta-usuaria-do-ISD-e-convocada-para-selecao-de-jovens-do-CPB-2.jpeg"},"modified":"2024-06-13T15:32:51","modified_gmt":"2024-06-13T18:32:51","slug":"atleta-usuaria-do-isd-e-convocada-para-selecao-de-jovens-do-cpb-2","status":"inherit","type":"attachment","link":"https:\/\/institutosantosdumont.org.br\/es\/atleta-usuaria-do-isd-e-convocada-para-selecao-brasileira-de-jovens-da-bocha-paralimpica\/atleta-usuaria-do-isd-e-convocada-para-selecao-de-jovens-do-cpb-2\/","title":{"rendered":"Atleta-usu\u00e1ria do ISD \u00e9 convocada para sele\u00e7\u00e3o de jovens do CPB (2)"},"author":10,"featured_media":0,"comment_status":"","ping_status":"closed","template":"","meta":{"_acf_changed":false},"class_list":["post-29811","attachment","type-attachment","status-inherit","hentry"],"acf":[],"description":{"rendered":"<p class=\"attachment\"><a href='https:\/\/institutosantosdumont.org.br\/wp-content\/uploads\/2024\/06\/Atleta-usuaria-do-ISD-e-convocada-para-selecao-de-jovens-do-CPB-2-scaled.jpeg'><img fetchpriority=\"high\" decoding=\"async\" width=\"300\" height=\"225\" src=\"https:\/\/institutosantosdumont.org.br\/wp-content\/uploads\/2024\/06\/Atleta-usuaria-do-ISD-e-convocada-para-selecao-de-jovens-do-CPB-2-300x225.jpeg\" class=\"attachment-medium size-medium\" alt=\"\" srcset=\"https:\/\/institutosantosdumont.org.br\/wp-content\/uploads\/2024\/06\/Atleta-usuaria-do-ISD-e-convocada-para-selecao-de-jovens-do-CPB-2-300x225.jpeg 300w, https:\/\/institutosantosdumont.org.br\/wp-content\/uploads\/2024\/06\/Atleta-usuaria-do-ISD-e-convocada-para-selecao-de-jovens-do-CPB-2-1024x768.jpeg 1024w, https:\/\/institutosantosdumont.org.br\/wp-content\/uploads\/2024\/06\/Atleta-usuaria-do-ISD-e-convocada-para-selecao-de-jovens-do-CPB-2-768x576.jpeg 768w, https:\/\/institutosantosdumont.org.br\/wp-content\/uploads\/2024\/06\/Atleta-usuaria-do-ISD-e-convocada-para-selecao-de-jovens-do-CPB-2-1536x1152.jpeg 1536w, https:\/\/institutosantosdumont.org.br\/wp-content\/uploads\/2024\/06\/Atleta-usuaria-do-ISD-e-convocada-para-selecao-de-jovens-do-CPB-2-2048x1536.jpeg 2048w, https:\/\/institutosantosdumont.org.br\/wp-content\/uploads\/2024\/06\/Atleta-usuaria-do-ISD-e-convocada-para-selecao-de-jovens-do-CPB-2-16x12.jpeg 16w\" sizes=\"(max-width: 300px) 100vw, 300px\" \/><\/a><\/p>\n"},"caption":{"rendered":""},"alt_text":"","media_type":"image","mime_type":"image\/jpeg","media_details":{"width":2560,"height":1920,"file":"2024\/06\/Atleta-usuaria-do-ISD-e-convocada-para-selecao-de-jovens-do-CPB-2-scaled.jpeg","filesize":812343,"sizes":{"medium":{"file":"Atleta-usuaria-do-ISD-e-convocada-para-selecao-de-jovens-do-CPB-2-300x225.jpeg","width":300,"height":225,"filesize":20268,"mime_type":"image\/jpeg","source_url":"https:\/\/institutosantosdumont.org.br\/wp-content\/uploads\/2024\/06\/Atleta-usuaria-do-ISD-e-convocada-para-selecao-de-jovens-do-CPB-2-300x225.jpeg"},"large":{"file":"Atleta-usuaria-do-ISD-e-convocada-para-selecao-de-jovens-do-CPB-2-1024x768.jpeg","width":1024,"height":768,"filesize":168525,"mime_type":"image\/jpeg","source_url":"https:\/\/institutosantosdumont.org.br\/wp-content\/uploads\/2024\/06\/Atleta-usuaria-do-ISD-e-convocada-para-selecao-de-jovens-do-CPB-2-1024x768.jpeg"},"thumbnail":{"file":"Atleta-usuaria-do-ISD-e-convocada-para-selecao-de-jovens-do-CPB-2-150x150.jpeg","width":150,"height":150,"filesize":8426,"mime_type":"image\/jpeg","source_url":"https:\/\/institutosantosdumont.org.br\/wp-content\/uploads\/2024\/06\/Atleta-usuaria-do-ISD-e-convocada-para-selecao-de-jovens-do-CPB-2-150x150.jpeg"},"medium_large":{"file":"Atleta-usuaria-do-ISD-e-convocada-para-selecao-de-jovens-do-CPB-2-768x576.jpeg","width":768,"height":576,"filesize":101593,"mime_type":"image\/jpeg","source_url":"https:\/\/institutosantosdumont.org.br\/wp-content\/uploads\/2024\/06\/Atleta-usuaria-do-ISD-e-convocada-para-selecao-de-jovens-do-CPB-2-768x576.jpeg"},"1536x1536":{"file":"Atleta-usuaria-do-ISD-e-convocada-para-selecao-de-jovens-do-CPB-2-1536x1152.jpeg","width":1536,"height":1152,"filesize":342150,"mime_type":"image\/jpeg","source_url":"https:\/\/institutosantosdumont.org.br\/wp-content\/uploads\/2024\/06\/Atleta-usuaria-do-ISD-e-convocada-para-selecao-de-jovens-do-CPB-2-1536x1152.jpeg"},"2048x2048":{"file":"Atleta-usuaria-do-ISD-e-convocada-para-selecao-de-jovens-do-CPB-2-2048x1536.jpeg","width":2048,"height":1536,"filesize":559462,"mime_type":"image\/jpeg","source_url":"https:\/\/institutosantosdumont.org.br\/wp-content\/uploads\/2024\/06\/Atleta-usuaria-do-ISD-e-convocada-para-selecao-de-jovens-do-CPB-2-2048x1536.jpeg"},"trp-custom-language-flag":{"file":"Atleta-usuaria-do-ISD-e-convocada-para-selecao-de-jovens-do-CPB-2-16x12.jpeg","width":16,"height":12,"filesize":802,"mime_type":"image\/jpeg","source_url":"https:\/\/institutosantosdumont.org.br\/wp-content\/uploads\/2024\/06\/Atleta-usuaria-do-ISD-e-convocada-para-selecao-de-jovens-do-CPB-2-16x12.jpeg"},"full":{"file":"Atleta-usuaria-do-ISD-e-convocada-para-selecao-de-jovens-do-CPB-2-scaled.jpeg","width":2560,"height":1920,"mime_type":"image\/jpeg","source_url":"https:\/\/institutosantosdumont.org.br\/wp-content\/uploads\/2024\/06\/Atleta-usuaria-do-ISD-e-convocada-para-selecao-de-jovens-do-CPB-2-scaled.jpeg"}},"image_meta":{"aperture":"0","credit":"","camera":"","caption":"","created_timestamp":"0","copyright":"","focal_length":"0","iso":"0","shutter_speed":"0","title":"","orientation":"0","keywords":[]},"original_image":"Atleta-usuaria-do-ISD-e-convocada-para-selecao-de-jovens-do-CPB-2.jpeg"},"post":29807,"source_url":"https:\/\/institutosantosdumont.org.br\/wp-content\/uploads\/2024\/06\/Atleta-usuaria-do-ISD-e-convocada-para-selecao-de-jovens-do-CPB-2-scaled.jpeg","_links":{"self":[{"href":"https:\/\/institutosantosdumont.org.br\/es\/wp-json\/wp\/v2\/media\/29811","targetHints":{"allow":["GET"]}}],"collection":[{"href":"https:\/\/institutosantosdumont.org.br\/es\/wp-json\/wp\/v2\/media"}],"about":[{"href":"https:\/\/institutosantosdumont.org.br\/es\/wp-json\/wp\/v2\/types\/attachment"}],"author":[{"embeddable":true,"href":"https:\/\/institutosantosdumont.org.br\/es\/wp-json\/wp\/v2\/users\/10"}],"replies":[{"embeddable":true,"href":"https:\/\/institutosantosdumont.org.br\/es\/wp-json\/wp\/v2\/comments?post=29811"}],"wp:attached-to":[{"embeddable":true,"post_type":"post","id":29807,"href":"https:\/\/institutosantosdumont.org.br\/es\/wp-json\/wp\/v2\/posts\/29807"}],"curies":[{"name":"wp","href":"https:\/\/api.w.org\/{rel}","templated":true}]}}

Atleta-usuária do ISD é convocada para seleção de jovens do CPB (2)
