{"id":30589,"date":"2024-09-24T10:09:34","date_gmt":"2024-09-24T13:09:34","guid":{"rendered":"https:\/\/www.institutosantosdumont.org.br\/wp-content\/uploads\/2024\/09\/Gerentes-do-ISD-participam-de-evento-em-Brasilia-Foto_Divulgacao.jpeg"},"modified":"2024-09-24T10:09:34","modified_gmt":"2024-09-24T13:09:34","slug":"gerentes-do-isd-participam-de-evento-em-brasilia-foto_divulgacao","status":"inherit","type":"attachment","link":"https:\/\/institutosantosdumont.org.br\/es\/gerentes-do-isd-participam-de-evento-alusivo-ao-dia-nacional-da-pessoa-com-deficiencia-em-brasilia\/gerentes-do-isd-participam-de-evento-em-brasilia-foto_divulgacao\/","title":{"rendered":"Gerentes do ISD participam de evento em Bras\u00edlia &#8211; Foto_Divulga\u00e7\u00e3o"},"author":10,"featured_media":0,"comment_status":"","ping_status":"closed","template":"","meta":{"_acf_changed":false},"class_list":["post-30589","attachment","type-attachment","status-inherit","hentry"],"acf":[],"description":{"rendered":"<p class=\"attachment\"><a href='https:\/\/institutosantosdumont.org.br\/wp-content\/uploads\/2024\/09\/Gerentes-do-ISD-participam-de-evento-em-Brasilia-Foto_Divulgacao.jpeg'><img fetchpriority=\"high\" decoding=\"async\" width=\"300\" height=\"225\" src=\"https:\/\/institutosantosdumont.org.br\/wp-content\/uploads\/2024\/09\/Gerentes-do-ISD-participam-de-evento-em-Brasilia-Foto_Divulgacao-300x225.jpeg\" class=\"attachment-medium size-medium\" alt=\"\" srcset=\"https:\/\/institutosantosdumont.org.br\/wp-content\/uploads\/2024\/09\/Gerentes-do-ISD-participam-de-evento-em-Brasilia-Foto_Divulgacao-300x225.jpeg 300w, https:\/\/institutosantosdumont.org.br\/wp-content\/uploads\/2024\/09\/Gerentes-do-ISD-participam-de-evento-em-Brasilia-Foto_Divulgacao-1024x768.jpeg 1024w, https:\/\/institutosantosdumont.org.br\/wp-content\/uploads\/2024\/09\/Gerentes-do-ISD-participam-de-evento-em-Brasilia-Foto_Divulgacao-768x576.jpeg 768w, https:\/\/institutosantosdumont.org.br\/wp-content\/uploads\/2024\/09\/Gerentes-do-ISD-participam-de-evento-em-Brasilia-Foto_Divulgacao-16x12.jpeg 16w, https:\/\/institutosantosdumont.org.br\/wp-content\/uploads\/2024\/09\/Gerentes-do-ISD-participam-de-evento-em-Brasilia-Foto_Divulgacao.jpeg 1280w\" sizes=\"(max-width: 300px) 100vw, 300px\" \/><\/a><\/p>\n"},"caption":{"rendered":""},"alt_text":"","media_type":"image","mime_type":"image\/jpeg","media_details":{"width":1280,"height":960,"file":"2024\/09\/Gerentes-do-ISD-participam-de-evento-em-Brasilia-Foto_Divulgacao.jpeg","filesize":214002,"sizes":{"medium":{"file":"Gerentes-do-ISD-participam-de-evento-em-Brasilia-Foto_Divulgacao-300x225.jpeg","width":300,"height":225,"filesize":19844,"mime_type":"image\/jpeg","source_url":"https:\/\/institutosantosdumont.org.br\/wp-content\/uploads\/2024\/09\/Gerentes-do-ISD-participam-de-evento-em-Brasilia-Foto_Divulgacao-300x225.jpeg"},"large":{"file":"Gerentes-do-ISD-participam-de-evento-em-Brasilia-Foto_Divulgacao-1024x768.jpeg","width":1024,"height":768,"filesize":165476,"mime_type":"image\/jpeg","source_url":"https:\/\/institutosantosdumont.org.br\/wp-content\/uploads\/2024\/09\/Gerentes-do-ISD-participam-de-evento-em-Brasilia-Foto_Divulgacao-1024x768.jpeg"},"thumbnail":{"file":"Gerentes-do-ISD-participam-de-evento-em-Brasilia-Foto_Divulgacao-150x150.jpeg","width":150,"height":150,"filesize":7530,"mime_type":"image\/jpeg","source_url":"https:\/\/institutosantosdumont.org.br\/wp-content\/uploads\/2024\/09\/Gerentes-do-ISD-participam-de-evento-em-Brasilia-Foto_Divulgacao-150x150.jpeg"},"medium_large":{"file":"Gerentes-do-ISD-participam-de-evento-em-Brasilia-Foto_Divulgacao-768x576.jpeg","width":768,"height":576,"filesize":102156,"mime_type":"image\/jpeg","source_url":"https:\/\/institutosantosdumont.org.br\/wp-content\/uploads\/2024\/09\/Gerentes-do-ISD-participam-de-evento-em-Brasilia-Foto_Divulgacao-768x576.jpeg"},"trp-custom-language-flag":{"file":"Gerentes-do-ISD-participam-de-evento-em-Brasilia-Foto_Divulgacao-16x12.jpeg","width":16,"height":12,"filesize":807,"mime_type":"image\/jpeg","source_url":"https:\/\/institutosantosdumont.org.br\/wp-content\/uploads\/2024\/09\/Gerentes-do-ISD-participam-de-evento-em-Brasilia-Foto_Divulgacao-16x12.jpeg"},"full":{"file":"Gerentes-do-ISD-participam-de-evento-em-Brasilia-Foto_Divulgacao.jpeg","width":1280,"height":960,"mime_type":"image\/jpeg","source_url":"https:\/\/institutosantosdumont.org.br\/wp-content\/uploads\/2024\/09\/Gerentes-do-ISD-participam-de-evento-em-Brasilia-Foto_Divulgacao.jpeg"}},"image_meta":{"aperture":"0","credit":"","camera":"","caption":"","created_timestamp":"0","copyright":"","focal_length":"0","iso":"0","shutter_speed":"0","title":"","orientation":"0","keywords":[]}},"post":30588,"source_url":"https:\/\/institutosantosdumont.org.br\/wp-content\/uploads\/2024\/09\/Gerentes-do-ISD-participam-de-evento-em-Brasilia-Foto_Divulgacao.jpeg","_links":{"self":[{"href":"https:\/\/institutosantosdumont.org.br\/es\/wp-json\/wp\/v2\/media\/30589","targetHints":{"allow":["GET"]}}],"collection":[{"href":"https:\/\/institutosantosdumont.org.br\/es\/wp-json\/wp\/v2\/media"}],"about":[{"href":"https:\/\/institutosantosdumont.org.br\/es\/wp-json\/wp\/v2\/types\/attachment"}],"author":[{"embeddable":true,"href":"https:\/\/institutosantosdumont.org.br\/es\/wp-json\/wp\/v2\/users\/10"}],"replies":[{"embeddable":true,"href":"https:\/\/institutosantosdumont.org.br\/es\/wp-json\/wp\/v2\/comments?post=30589"}],"wp:attached-to":[{"embeddable":true,"post_type":"post","id":30588,"href":"https:\/\/institutosantosdumont.org.br\/es\/wp-json\/wp\/v2\/posts\/30588"}],"curies":[{"name":"wp","href":"https:\/\/api.w.org\/{rel}","templated":true}]}}

Gerentes do ISD participam de evento em Brasília &#8211; Foto_Divulgação
