{"id":30815,"date":"2024-10-25T08:29:15","date_gmt":"2024-10-25T11:29:15","guid":{"rendered":"https:\/\/www.institutosantosdumont.org.br\/wp-content\/uploads\/2024\/10\/Evento-promove-a-discussao-de-temas-como-o-uso-de-tecnologias-e-dados-para-a-deteccao-e-predicao-de-doencas-e-a-diversidade-do-cerebro.-Foto-Ascom-ISD.jpeg"},"modified":"2024-10-25T08:29:15","modified_gmt":"2024-10-25T11:29:15","slug":"evento-promove-a-discussao-de-temas-como-o-uso-de-tecnologias-e-dados-para-a-deteccao-e-predicao-de-doencas-e-a-diversidade-do-cerebro-foto-ascom-isd","status":"inherit","type":"attachment","link":"https:\/\/institutosantosdumont.org.br\/es\/palestra-de-abertura-do-x-simposio-de-neuroengenharia-do-isd-tem-como-tema-o-uso-de-tecnologias-para-a-deteccao-e-predicao-de-doencas\/evento-promove-a-discussao-de-temas-como-o-uso-de-tecnologias-e-dados-para-a-deteccao-e-predicao-de-doencas-e-a-diversidade-do-cerebro-foto-ascom-isd\/","title":{"rendered":"Evento promove a discuss\u00e3o de temas como o uso de tecnologias e dados para a detec\u00e7\u00e3o e predi\u00e7\u00e3o de doen\u00e7as e a diversidade do c\u00e9rebro. Foto &#8211; Ascom ISD"},"author":10,"featured_media":0,"comment_status":"","ping_status":"closed","template":"","meta":{"_acf_changed":false},"class_list":["post-30815","attachment","type-attachment","status-inherit","hentry"],"acf":[],"description":{"rendered":"<p class=\"attachment\"><a href='https:\/\/institutosantosdumont.org.br\/wp-content\/uploads\/2024\/10\/Evento-promove-a-discussao-de-temas-como-o-uso-de-tecnologias-e-dados-para-a-deteccao-e-predicao-de-doencas-e-a-diversidade-do-cerebro.-Foto-Ascom-ISD.jpeg'><img fetchpriority=\"high\" decoding=\"async\" width=\"300\" height=\"225\" src=\"https:\/\/institutosantosdumont.org.br\/wp-content\/uploads\/2024\/10\/Evento-promove-a-discussao-de-temas-como-o-uso-de-tecnologias-e-dados-para-a-deteccao-e-predicao-de-doencas-e-a-diversidade-do-cerebro.-Foto-Ascom-ISD-300x225.jpeg\" class=\"attachment-medium size-medium\" alt=\"\" srcset=\"https:\/\/institutosantosdumont.org.br\/wp-content\/uploads\/2024\/10\/Evento-promove-a-discussao-de-temas-como-o-uso-de-tecnologias-e-dados-para-a-deteccao-e-predicao-de-doencas-e-a-diversidade-do-cerebro.-Foto-Ascom-ISD-300x225.jpeg 300w, https:\/\/institutosantosdumont.org.br\/wp-content\/uploads\/2024\/10\/Evento-promove-a-discussao-de-temas-como-o-uso-de-tecnologias-e-dados-para-a-deteccao-e-predicao-de-doencas-e-a-diversidade-do-cerebro.-Foto-Ascom-ISD-1024x766.jpeg 1024w, https:\/\/institutosantosdumont.org.br\/wp-content\/uploads\/2024\/10\/Evento-promove-a-discussao-de-temas-como-o-uso-de-tecnologias-e-dados-para-a-deteccao-e-predicao-de-doencas-e-a-diversidade-do-cerebro.-Foto-Ascom-ISD-768x575.jpeg 768w, https:\/\/institutosantosdumont.org.br\/wp-content\/uploads\/2024\/10\/Evento-promove-a-discussao-de-temas-como-o-uso-de-tecnologias-e-dados-para-a-deteccao-e-predicao-de-doencas-e-a-diversidade-do-cerebro.-Foto-Ascom-ISD-16x12.jpeg 16w, https:\/\/institutosantosdumont.org.br\/wp-content\/uploads\/2024\/10\/Evento-promove-a-discussao-de-temas-como-o-uso-de-tecnologias-e-dados-para-a-deteccao-e-predicao-de-doencas-e-a-diversidade-do-cerebro.-Foto-Ascom-ISD.jpeg 1280w\" sizes=\"(max-width: 300px) 100vw, 300px\" \/><\/a><\/p>\n"},"caption":{"rendered":""},"alt_text":"","media_type":"image","mime_type":"image\/jpeg","media_details":{"width":1280,"height":958,"file":"2024\/10\/Evento-promove-a-discussao-de-temas-como-o-uso-de-tecnologias-e-dados-para-a-deteccao-e-predicao-de-doencas-e-a-diversidade-do-cerebro.-Foto-Ascom-ISD.jpeg","filesize":127801,"sizes":{"medium":{"file":"Evento-promove-a-discussao-de-temas-como-o-uso-de-tecnologias-e-dados-para-a-deteccao-e-predicao-de-doencas-e-a-diversidade-do-cerebro.-Foto-Ascom-ISD-300x225.jpeg","width":300,"height":225,"filesize":16260,"mime_type":"image\/jpeg","source_url":"https:\/\/institutosantosdumont.org.br\/wp-content\/uploads\/2024\/10\/Evento-promove-a-discussao-de-temas-como-o-uso-de-tecnologias-e-dados-para-a-deteccao-e-predicao-de-doencas-e-a-diversidade-do-cerebro.-Foto-Ascom-ISD-300x225.jpeg"},"large":{"file":"Evento-promove-a-discussao-de-temas-como-o-uso-de-tecnologias-e-dados-para-a-deteccao-e-predicao-de-doencas-e-a-diversidade-do-cerebro.-Foto-Ascom-ISD-1024x766.jpeg","width":1024,"height":766,"filesize":108155,"mime_type":"image\/jpeg","source_url":"https:\/\/institutosantosdumont.org.br\/wp-content\/uploads\/2024\/10\/Evento-promove-a-discussao-de-temas-como-o-uso-de-tecnologias-e-dados-para-a-deteccao-e-predicao-de-doencas-e-a-diversidade-do-cerebro.-Foto-Ascom-ISD-1024x766.jpeg"},"thumbnail":{"file":"Evento-promove-a-discussao-de-temas-como-o-uso-de-tecnologias-e-dados-para-a-deteccao-e-predicao-de-doencas-e-a-diversidade-do-cerebro.-Foto-Ascom-ISD-150x150.jpeg","width":150,"height":150,"filesize":6533,"mime_type":"image\/jpeg","source_url":"https:\/\/institutosantosdumont.org.br\/wp-content\/uploads\/2024\/10\/Evento-promove-a-discussao-de-temas-como-o-uso-de-tecnologias-e-dados-para-a-deteccao-e-predicao-de-doencas-e-a-diversidade-do-cerebro.-Foto-Ascom-ISD-150x150.jpeg"},"medium_large":{"file":"Evento-promove-a-discussao-de-temas-como-o-uso-de-tecnologias-e-dados-para-a-deteccao-e-predicao-de-doencas-e-a-diversidade-do-cerebro.-Foto-Ascom-ISD-768x575.jpeg","width":768,"height":575,"filesize":69943,"mime_type":"image\/jpeg","source_url":"https:\/\/institutosantosdumont.org.br\/wp-content\/uploads\/2024\/10\/Evento-promove-a-discussao-de-temas-como-o-uso-de-tecnologias-e-dados-para-a-deteccao-e-predicao-de-doencas-e-a-diversidade-do-cerebro.-Foto-Ascom-ISD-768x575.jpeg"},"trp-custom-language-flag":{"file":"Evento-promove-a-discussao-de-temas-como-o-uso-de-tecnologias-e-dados-para-a-deteccao-e-predicao-de-doencas-e-a-diversidade-do-cerebro.-Foto-Ascom-ISD-16x12.jpeg","width":16,"height":12,"filesize":818,"mime_type":"image\/jpeg","source_url":"https:\/\/institutosantosdumont.org.br\/wp-content\/uploads\/2024\/10\/Evento-promove-a-discussao-de-temas-como-o-uso-de-tecnologias-e-dados-para-a-deteccao-e-predicao-de-doencas-e-a-diversidade-do-cerebro.-Foto-Ascom-ISD-16x12.jpeg"},"full":{"file":"Evento-promove-a-discussao-de-temas-como-o-uso-de-tecnologias-e-dados-para-a-deteccao-e-predicao-de-doencas-e-a-diversidade-do-cerebro.-Foto-Ascom-ISD.jpeg","width":1280,"height":958,"mime_type":"image\/jpeg","source_url":"https:\/\/institutosantosdumont.org.br\/wp-content\/uploads\/2024\/10\/Evento-promove-a-discussao-de-temas-como-o-uso-de-tecnologias-e-dados-para-a-deteccao-e-predicao-de-doencas-e-a-diversidade-do-cerebro.-Foto-Ascom-ISD.jpeg"}},"image_meta":{"aperture":"0","credit":"","camera":"","caption":"","created_timestamp":"0","copyright":"","focal_length":"0","iso":"0","shutter_speed":"0","title":"","orientation":"0","keywords":[]}},"post":30814,"source_url":"https:\/\/institutosantosdumont.org.br\/wp-content\/uploads\/2024\/10\/Evento-promove-a-discussao-de-temas-como-o-uso-de-tecnologias-e-dados-para-a-deteccao-e-predicao-de-doencas-e-a-diversidade-do-cerebro.-Foto-Ascom-ISD.jpeg","_links":{"self":[{"href":"https:\/\/institutosantosdumont.org.br\/es\/wp-json\/wp\/v2\/media\/30815","targetHints":{"allow":["GET"]}}],"collection":[{"href":"https:\/\/institutosantosdumont.org.br\/es\/wp-json\/wp\/v2\/media"}],"about":[{"href":"https:\/\/institutosantosdumont.org.br\/es\/wp-json\/wp\/v2\/types\/attachment"}],"author":[{"embeddable":true,"href":"https:\/\/institutosantosdumont.org.br\/es\/wp-json\/wp\/v2\/users\/10"}],"replies":[{"embeddable":true,"href":"https:\/\/institutosantosdumont.org.br\/es\/wp-json\/wp\/v2\/comments?post=30815"}],"wp:attached-to":[{"embeddable":true,"post_type":"post","id":30814,"href":"https:\/\/institutosantosdumont.org.br\/es\/wp-json\/wp\/v2\/posts\/30814"}],"curies":[{"name":"wp","href":"https:\/\/api.w.org\/{rel}","templated":true}]}}

Evento promove a discussão de temas como o uso de tecnologias e dados para a detecção e predição de doenças e a diversidade do cérebro. Foto &#8211; Ascom ISD
