{"id":32403,"date":"2025-05-28T16:08:39","date_gmt":"2025-05-28T19:08:39","guid":{"rendered":"https:\/\/institutosantosdumont.org.br\/wp-content\/uploads\/2025\/05\/Seminario-discute-rede-de-acolhimento-a-pessoas-em-situacao-de-violencia-sexual-Foto_Ascom_ISD-5.jpeg"},"modified":"2025-05-28T16:08:39","modified_gmt":"2025-05-28T19:08:39","slug":"seminario-discute-rede-de-acolhimento-a-pessoas-em-situacao-de-violencia-sexual-foto_ascom_isd-5","status":"inherit","type":"attachment","link":"https:\/\/institutosantosdumont.org.br\/es\/seminario-promovido-pelo-isd-discute-fortalecimento-da-rede-de-acolhimento-a-criancas-e-adolescentes-em-situacao-de-violencia-sexual\/seminario-discute-rede-de-acolhimento-a-pessoas-em-situacao-de-violencia-sexual-foto_ascom_isd-5\/","title":{"rendered":"Semin\u00e1rio discute rede de acolhimento a pessoas em situa\u00e7\u00e3o de viol\u00eancia sexual &#8211; Foto_Ascom_ISD (5)"},"author":10,"featured_media":0,"comment_status":"","ping_status":"closed","template":"","meta":{"_acf_changed":false},"class_list":["post-32403","attachment","type-attachment","status-inherit","hentry"],"acf":[],"description":{"rendered":"<p class=\"attachment\"><a href='https:\/\/institutosantosdumont.org.br\/wp-content\/uploads\/2025\/05\/Seminario-discute-rede-de-acolhimento-a-pessoas-em-situacao-de-violencia-sexual-Foto_Ascom_ISD-5.jpeg'><img fetchpriority=\"high\" decoding=\"async\" width=\"300\" height=\"200\" src=\"https:\/\/institutosantosdumont.org.br\/wp-content\/uploads\/2025\/05\/Seminario-discute-rede-de-acolhimento-a-pessoas-em-situacao-de-violencia-sexual-Foto_Ascom_ISD-5-300x200.jpeg\" class=\"attachment-medium size-medium\" alt=\"\" srcset=\"https:\/\/institutosantosdumont.org.br\/wp-content\/uploads\/2025\/05\/Seminario-discute-rede-de-acolhimento-a-pessoas-em-situacao-de-violencia-sexual-Foto_Ascom_ISD-5-300x200.jpeg 300w, https:\/\/institutosantosdumont.org.br\/wp-content\/uploads\/2025\/05\/Seminario-discute-rede-de-acolhimento-a-pessoas-em-situacao-de-violencia-sexual-Foto_Ascom_ISD-5-1024x682.jpeg 1024w, https:\/\/institutosantosdumont.org.br\/wp-content\/uploads\/2025\/05\/Seminario-discute-rede-de-acolhimento-a-pessoas-em-situacao-de-violencia-sexual-Foto_Ascom_ISD-5-768x512.jpeg 768w, https:\/\/institutosantosdumont.org.br\/wp-content\/uploads\/2025\/05\/Seminario-discute-rede-de-acolhimento-a-pessoas-em-situacao-de-violencia-sexual-Foto_Ascom_ISD-5-1536x1024.jpeg 1536w, https:\/\/institutosantosdumont.org.br\/wp-content\/uploads\/2025\/05\/Seminario-discute-rede-de-acolhimento-a-pessoas-em-situacao-de-violencia-sexual-Foto_Ascom_ISD-5-2048x1365.jpeg 2048w, https:\/\/institutosantosdumont.org.br\/wp-content\/uploads\/2025\/05\/Seminario-discute-rede-de-acolhimento-a-pessoas-em-situacao-de-violencia-sexual-Foto_Ascom_ISD-5-18x12.jpeg 18w\" sizes=\"(max-width: 300px) 100vw, 300px\" \/><\/a><\/p>\n"},"caption":{"rendered":""},"alt_text":"","media_type":"image","mime_type":"image\/jpeg","media_details":{"width":2560,"height":1706,"file":"2025\/05\/Seminario-discute-rede-de-acolhimento-a-pessoas-em-situacao-de-violencia-sexual-Foto_Ascom_ISD-5.jpeg","filesize":724158,"sizes":{"medium":{"file":"Seminario-discute-rede-de-acolhimento-a-pessoas-em-situacao-de-violencia-sexual-Foto_Ascom_ISD-5-300x200.jpeg","width":300,"height":200,"filesize":15055,"mime_type":"image\/jpeg","source_url":"https:\/\/institutosantosdumont.org.br\/wp-content\/uploads\/2025\/05\/Seminario-discute-rede-de-acolhimento-a-pessoas-em-situacao-de-violencia-sexual-Foto_Ascom_ISD-5-300x200.jpeg"},"large":{"file":"Seminario-discute-rede-de-acolhimento-a-pessoas-em-situacao-de-violencia-sexual-Foto_Ascom_ISD-5-1024x682.jpeg","width":1024,"height":682,"filesize":95843,"mime_type":"image\/jpeg","source_url":"https:\/\/institutosantosdumont.org.br\/wp-content\/uploads\/2025\/05\/Seminario-discute-rede-de-acolhimento-a-pessoas-em-situacao-de-violencia-sexual-Foto_Ascom_ISD-5-1024x682.jpeg"},"thumbnail":{"file":"Seminario-discute-rede-de-acolhimento-a-pessoas-em-situacao-de-violencia-sexual-Foto_Ascom_ISD-5-150x150.jpeg","width":150,"height":150,"filesize":6998,"mime_type":"image\/jpeg","source_url":"https:\/\/institutosantosdumont.org.br\/wp-content\/uploads\/2025\/05\/Seminario-discute-rede-de-acolhimento-a-pessoas-em-situacao-de-violencia-sexual-Foto_Ascom_ISD-5-150x150.jpeg"},"medium_large":{"file":"Seminario-discute-rede-de-acolhimento-a-pessoas-em-situacao-de-violencia-sexual-Foto_Ascom_ISD-5-768x512.jpeg","width":768,"height":512,"filesize":62008,"mime_type":"image\/jpeg","source_url":"https:\/\/institutosantosdumont.org.br\/wp-content\/uploads\/2025\/05\/Seminario-discute-rede-de-acolhimento-a-pessoas-em-situacao-de-violencia-sexual-Foto_Ascom_ISD-5-768x512.jpeg"},"1536x1536":{"file":"Seminario-discute-rede-de-acolhimento-a-pessoas-em-situacao-de-violencia-sexual-Foto_Ascom_ISD-5-1536x1024.jpeg","width":1536,"height":1024,"filesize":177632,"mime_type":"image\/jpeg","source_url":"https:\/\/institutosantosdumont.org.br\/wp-content\/uploads\/2025\/05\/Seminario-discute-rede-de-acolhimento-a-pessoas-em-situacao-de-violencia-sexual-Foto_Ascom_ISD-5-1536x1024.jpeg"},"2048x2048":{"file":"Seminario-discute-rede-de-acolhimento-a-pessoas-em-situacao-de-violencia-sexual-Foto_Ascom_ISD-5-2048x1365.jpeg","width":2048,"height":1365,"filesize":280113,"mime_type":"image\/jpeg","source_url":"https:\/\/institutosantosdumont.org.br\/wp-content\/uploads\/2025\/05\/Seminario-discute-rede-de-acolhimento-a-pessoas-em-situacao-de-violencia-sexual-Foto_Ascom_ISD-5-2048x1365.jpeg"},"trp-custom-language-flag":{"file":"Seminario-discute-rede-de-acolhimento-a-pessoas-em-situacao-de-violencia-sexual-Foto_Ascom_ISD-5-18x12.jpeg","width":18,"height":12,"filesize":913,"mime_type":"image\/jpeg","source_url":"https:\/\/institutosantosdumont.org.br\/wp-content\/uploads\/2025\/05\/Seminario-discute-rede-de-acolhimento-a-pessoas-em-situacao-de-violencia-sexual-Foto_Ascom_ISD-5-18x12.jpeg"},"full":{"file":"Seminario-discute-rede-de-acolhimento-a-pessoas-em-situacao-de-violencia-sexual-Foto_Ascom_ISD-5.jpeg","width":2560,"height":1706,"mime_type":"image\/jpeg","source_url":"https:\/\/institutosantosdumont.org.br\/wp-content\/uploads\/2025\/05\/Seminario-discute-rede-de-acolhimento-a-pessoas-em-situacao-de-violencia-sexual-Foto_Ascom_ISD-5.jpeg"}},"image_meta":{"aperture":"0","credit":"","camera":"","caption":"","created_timestamp":"0","copyright":"","focal_length":"0","iso":"0","shutter_speed":"0","title":"","orientation":"0","keywords":[]}},"post":32401,"source_url":"https:\/\/institutosantosdumont.org.br\/wp-content\/uploads\/2025\/05\/Seminario-discute-rede-de-acolhimento-a-pessoas-em-situacao-de-violencia-sexual-Foto_Ascom_ISD-5.jpeg","_links":{"self":[{"href":"https:\/\/institutosantosdumont.org.br\/es\/wp-json\/wp\/v2\/media\/32403","targetHints":{"allow":["GET"]}}],"collection":[{"href":"https:\/\/institutosantosdumont.org.br\/es\/wp-json\/wp\/v2\/media"}],"about":[{"href":"https:\/\/institutosantosdumont.org.br\/es\/wp-json\/wp\/v2\/types\/attachment"}],"author":[{"embeddable":true,"href":"https:\/\/institutosantosdumont.org.br\/es\/wp-json\/wp\/v2\/users\/10"}],"replies":[{"embeddable":true,"href":"https:\/\/institutosantosdumont.org.br\/es\/wp-json\/wp\/v2\/comments?post=32403"}],"wp:attached-to":[{"embeddable":true,"post_type":"post","id":32401,"href":"https:\/\/institutosantosdumont.org.br\/es\/wp-json\/wp\/v2\/posts\/32401"}],"curies":[{"name":"wp","href":"https:\/\/api.w.org\/{rel}","templated":true}]}}

Seminário discute rede de acolhimento a pessoas em situação de violência sexual &#8211; Foto_Ascom_ISD (5)
