{"id":34741,"date":"2026-03-30T09:16:08","date_gmt":"2026-03-30T12:16:08","guid":{"rendered":"https:\/\/institutosantosdumont.org.br\/wp-content\/uploads\/2026\/03\/Projeto-Terapeutico-Singular-sera-tema-central-do-SIG-Rehabilitar-em-2026-Foto_Ascom_ISD.jpeg"},"modified":"2026-03-30T09:16:56","modified_gmt":"2026-03-30T12:16:56","slug":"projeto-terapeutico-singular-sera-tema-central-do-sig-rehabilitar-em-2026-foto_ascom_isd","status":"inherit","type":"attachment","link":"https:\/\/institutosantosdumont.org.br\/es\/projeto-terapeutico-singular-sera-tema-central-do-sig-rehabilitar-em-2026\/projeto-terapeutico-singular-sera-tema-central-do-sig-rehabilitar-em-2026-foto_ascom_isd\/","title":{"rendered":"Projeto Terap\u00eautico Singular ser\u00e1 tema central do SIG Re(h)abilitar em 2026 &#8211; Foto_Ascom_ISD"},"author":10,"featured_media":0,"comment_status":"closed","ping_status":"closed","template":"","meta":{"_acf_changed":false},"class_list":["post-34741","attachment","type-attachment","status-inherit","hentry"],"acf":[],"description":{"rendered":"<p class=\"attachment\"><a href='https:\/\/institutosantosdumont.org.br\/wp-content\/uploads\/2026\/03\/Projeto-Terapeutico-Singular-sera-tema-central-do-SIG-Rehabilitar-em-2026-Foto_Ascom_ISD.jpeg'><img fetchpriority=\"high\" decoding=\"async\" width=\"300\" height=\"200\" src=\"https:\/\/institutosantosdumont.org.br\/wp-content\/uploads\/2026\/03\/Projeto-Terapeutico-Singular-sera-tema-central-do-SIG-Rehabilitar-em-2026-Foto_Ascom_ISD-300x200.jpeg\" class=\"attachment-medium size-medium\" alt=\"Dois adultos em um ambiente interno que parece uma cl\u00ednica ou laborat\u00f3rio. Um homem de pele clara, usando bon\u00e9 cinza, \u00f3culos e camiseta rosa, est\u00e1 inclinado para a frente com um manguito de press\u00e3o arterial cinza no bra\u00e7o esquerdo. \u00c0 frente dele, uma mulher de pele clara com cabelo escuro preso em um coque, usando um jaleco azul, segura um dispositivo retangular claro (parece um aparelho\/monitor) com as duas m\u00e3os na altura do peito, voltado para o homem. Ao fundo aparecem equipamentos e m\u00f3veis claros, com ilumina\u00e7\u00e3o de teto em pain\u00e9is retangulares.\" srcset=\"https:\/\/institutosantosdumont.org.br\/wp-content\/uploads\/2026\/03\/Projeto-Terapeutico-Singular-sera-tema-central-do-SIG-Rehabilitar-em-2026-Foto_Ascom_ISD-300x200.jpeg 300w, https:\/\/institutosantosdumont.org.br\/wp-content\/uploads\/2026\/03\/Projeto-Terapeutico-Singular-sera-tema-central-do-SIG-Rehabilitar-em-2026-Foto_Ascom_ISD-1024x682.jpeg 1024w, https:\/\/institutosantosdumont.org.br\/wp-content\/uploads\/2026\/03\/Projeto-Terapeutico-Singular-sera-tema-central-do-SIG-Rehabilitar-em-2026-Foto_Ascom_ISD-768x512.jpeg 768w, https:\/\/institutosantosdumont.org.br\/wp-content\/uploads\/2026\/03\/Projeto-Terapeutico-Singular-sera-tema-central-do-SIG-Rehabilitar-em-2026-Foto_Ascom_ISD-1536x1024.jpeg 1536w, https:\/\/institutosantosdumont.org.br\/wp-content\/uploads\/2026\/03\/Projeto-Terapeutico-Singular-sera-tema-central-do-SIG-Rehabilitar-em-2026-Foto_Ascom_ISD-2048x1365.jpeg 2048w, https:\/\/institutosantosdumont.org.br\/wp-content\/uploads\/2026\/03\/Projeto-Terapeutico-Singular-sera-tema-central-do-SIG-Rehabilitar-em-2026-Foto_Ascom_ISD-18x12.jpeg 18w\" sizes=\"(max-width: 300px) 100vw, 300px\" \/><\/a><\/p>\n"},"caption":{"rendered":""},"alt_text":"Dois adultos em um ambiente interno que parece uma cl\u00ednica ou laborat\u00f3rio. Um homem de pele clara, usando bon\u00e9 cinza, \u00f3culos e camiseta rosa, est\u00e1 inclinado para a frente com um manguito de press\u00e3o arterial cinza no bra\u00e7o esquerdo. \u00c0 frente dele, uma mulher de pele clara com cabelo escuro preso em um coque, usando um jaleco azul, segura um dispositivo retangular claro (parece um aparelho\/monitor) com as duas m\u00e3os na altura do peito, voltado para o homem. Ao fundo aparecem equipamentos e m\u00f3veis claros, com ilumina\u00e7\u00e3o de teto em pain\u00e9is retangulares.","media_type":"image","mime_type":"image\/jpeg","media_details":{"width":2560,"height":1706,"file":"2026\/03\/Projeto-Terapeutico-Singular-sera-tema-central-do-SIG-Rehabilitar-em-2026-Foto_Ascom_ISD.jpeg","filesize":674449,"sizes":{"medium":{"file":"Projeto-Terapeutico-Singular-sera-tema-central-do-SIG-Rehabilitar-em-2026-Foto_Ascom_ISD-300x200.jpeg","width":300,"height":200,"filesize":13724,"mime_type":"image\/jpeg","source_url":"https:\/\/institutosantosdumont.org.br\/wp-content\/uploads\/2026\/03\/Projeto-Terapeutico-Singular-sera-tema-central-do-SIG-Rehabilitar-em-2026-Foto_Ascom_ISD-300x200.jpeg"},"large":{"file":"Projeto-Terapeutico-Singular-sera-tema-central-do-SIG-Rehabilitar-em-2026-Foto_Ascom_ISD-1024x682.jpeg","width":1024,"height":682,"filesize":84399,"mime_type":"image\/jpeg","source_url":"https:\/\/institutosantosdumont.org.br\/wp-content\/uploads\/2026\/03\/Projeto-Terapeutico-Singular-sera-tema-central-do-SIG-Rehabilitar-em-2026-Foto_Ascom_ISD-1024x682.jpeg"},"thumbnail":{"file":"Projeto-Terapeutico-Singular-sera-tema-central-do-SIG-Rehabilitar-em-2026-Foto_Ascom_ISD-150x150.jpeg","width":150,"height":150,"filesize":6869,"mime_type":"image\/jpeg","source_url":"https:\/\/institutosantosdumont.org.br\/wp-content\/uploads\/2026\/03\/Projeto-Terapeutico-Singular-sera-tema-central-do-SIG-Rehabilitar-em-2026-Foto_Ascom_ISD-150x150.jpeg"},"medium_large":{"file":"Projeto-Terapeutico-Singular-sera-tema-central-do-SIG-Rehabilitar-em-2026-Foto_Ascom_ISD-768x512.jpeg","width":768,"height":512,"filesize":54637,"mime_type":"image\/jpeg","source_url":"https:\/\/institutosantosdumont.org.br\/wp-content\/uploads\/2026\/03\/Projeto-Terapeutico-Singular-sera-tema-central-do-SIG-Rehabilitar-em-2026-Foto_Ascom_ISD-768x512.jpeg"},"1536x1536":{"file":"Projeto-Terapeutico-Singular-sera-tema-central-do-SIG-Rehabilitar-em-2026-Foto_Ascom_ISD-1536x1024.jpeg","width":1536,"height":1024,"filesize":158485,"mime_type":"image\/jpeg","source_url":"https:\/\/institutosantosdumont.org.br\/wp-content\/uploads\/2026\/03\/Projeto-Terapeutico-Singular-sera-tema-central-do-SIG-Rehabilitar-em-2026-Foto_Ascom_ISD-1536x1024.jpeg"},"2048x2048":{"file":"Projeto-Terapeutico-Singular-sera-tema-central-do-SIG-Rehabilitar-em-2026-Foto_Ascom_ISD-2048x1365.jpeg","width":2048,"height":1365,"filesize":254039,"mime_type":"image\/jpeg","source_url":"https:\/\/institutosantosdumont.org.br\/wp-content\/uploads\/2026\/03\/Projeto-Terapeutico-Singular-sera-tema-central-do-SIG-Rehabilitar-em-2026-Foto_Ascom_ISD-2048x1365.jpeg"},"trp-custom-language-flag":{"file":"Projeto-Terapeutico-Singular-sera-tema-central-do-SIG-Rehabilitar-em-2026-Foto_Ascom_ISD-18x12.jpeg","width":18,"height":12,"filesize":915,"mime_type":"image\/jpeg","source_url":"https:\/\/institutosantosdumont.org.br\/wp-content\/uploads\/2026\/03\/Projeto-Terapeutico-Singular-sera-tema-central-do-SIG-Rehabilitar-em-2026-Foto_Ascom_ISD-18x12.jpeg"},"full":{"file":"Projeto-Terapeutico-Singular-sera-tema-central-do-SIG-Rehabilitar-em-2026-Foto_Ascom_ISD.jpeg","width":2560,"height":1706,"mime_type":"image\/jpeg","source_url":"https:\/\/institutosantosdumont.org.br\/wp-content\/uploads\/2026\/03\/Projeto-Terapeutico-Singular-sera-tema-central-do-SIG-Rehabilitar-em-2026-Foto_Ascom_ISD.jpeg"}},"image_meta":{"aperture":"0","credit":"","camera":"","caption":"","created_timestamp":"0","copyright":"","focal_length":"0","iso":"0","shutter_speed":"0","title":"","orientation":"0","keywords":[]}},"post":34740,"source_url":"https:\/\/institutosantosdumont.org.br\/wp-content\/uploads\/2026\/03\/Projeto-Terapeutico-Singular-sera-tema-central-do-SIG-Rehabilitar-em-2026-Foto_Ascom_ISD.jpeg","_links":{"self":[{"href":"https:\/\/institutosantosdumont.org.br\/es\/wp-json\/wp\/v2\/media\/34741","targetHints":{"allow":["GET"]}}],"collection":[{"href":"https:\/\/institutosantosdumont.org.br\/es\/wp-json\/wp\/v2\/media"}],"about":[{"href":"https:\/\/institutosantosdumont.org.br\/es\/wp-json\/wp\/v2\/types\/attachment"}],"author":[{"embeddable":true,"href":"https:\/\/institutosantosdumont.org.br\/es\/wp-json\/wp\/v2\/users\/10"}],"replies":[{"embeddable":true,"href":"https:\/\/institutosantosdumont.org.br\/es\/wp-json\/wp\/v2\/comments?post=34741"}],"wp:attached-to":[{"embeddable":true,"post_type":"post","id":34740,"href":"https:\/\/institutosantosdumont.org.br\/es\/wp-json\/wp\/v2\/posts\/34740"}],"curies":[{"name":"wp","href":"https:\/\/api.w.org\/{rel}","templated":true}]}}

Projeto Terapêutico Singular será tema central do SIG Re(h)abilitar em 2026 &#8211; Foto_Ascom_ISD

<p class="attachment"><a href='https://institutosantosdumont.org.br/wp-content/uploads/2026/03/Projeto-Terapeutico-Singular-sera-tema-central-do-SIG-Rehabilitar-em-2026-Foto_Ascom_ISD.jpeg'><img fetchpriority="high" decoding="async" width="300" height="200" src="https://institutosantosdumont.org.br/wp-content/uploads/2026/03/Projeto-Terapeutico-Singular-sera-tema-central-do-SIG-Rehabilitar-em-2026-Foto_Ascom_ISD-300x200.jpeg" class="attachment-medium size-medium" alt="Dois adultos em um ambiente interno que parece uma clínica ou laboratório. Um homem de pele clara, usando boné cinza, óculos e camiseta rosa, está inclinado para a frente com um manguito de pressão arterial cinza no braço esquerdo. À frente dele, uma mulher de pele clara com cabelo escuro preso em um coque, usando um jaleco azul, segura um dispositivo retangular claro (parece um aparelho/monitor) com as duas mãos na altura do peito, voltado para o homem. Ao fundo aparecem equipamentos e móveis claros, com iluminação de teto em painéis retangulares." srcset="https://institutosantosdumont.org.br/wp-content/uploads/2026/03/Projeto-Terapeutico-Singular-sera-tema-central-do-SIG-Rehabilitar-em-2026-Foto_Ascom_ISD-300x200.jpeg 300w, https://institutosantosdumont.org.br/wp-content/uploads/2026/03/Projeto-Terapeutico-Singular-sera-tema-central-do-SIG-Rehabilitar-em-2026-Foto_Ascom_ISD-1024x682.jpeg 1024w, https://institutosantosdumont.org.br/wp-content/uploads/2026/03/Projeto-Terapeutico-Singular-sera-tema-central-do-SIG-Rehabilitar-em-2026-Foto_Ascom_ISD-768x512.jpeg 768w, https://institutosantosdumont.org.br/wp-content/uploads/2026/03/Projeto-Terapeutico-Singular-sera-tema-central-do-SIG-Rehabilitar-em-2026-Foto_Ascom_ISD-1536x1024.jpeg 1536w, https://institutosantosdumont.org.br/wp-content/uploads/2026/03/Projeto-Terapeutico-Singular-sera-tema-central-do-SIG-Rehabilitar-em-2026-Foto_Ascom_ISD-2048x1365.jpeg 2048w, https://institutosantosdumont.org.br/wp-content/uploads/2026/03/Projeto-Terapeutico-Singular-sera-tema-central-do-SIG-Rehabilitar-em-2026-Foto_Ascom_ISD-18x12.jpeg 18w" sizes="(max-width: 300px) 100vw, 300px" /></a></p>

Dois adultos em um ambiente interno que parece uma clínica ou laboratório. Um homem de pele clara, usando boné cinza, óculos e camiseta rosa, está inclinado para a frente com um manguito de pressão arterial cinza no braço esquerdo. À frente dele, uma mulher de pele clara com cabelo escuro preso em um coque, usando um jaleco azul, segura um dispositivo retangular claro (parece um aparelho/monitor) com as duas mãos na altura do peito, voltado para o homem. Ao fundo aparecem equipamentos e móveis claros, com iluminação de teto em painéis retangulares.
