{"id":34787,"date":"2026-04-02T14:46:54","date_gmt":"2026-04-02T17:46:54","guid":{"rendered":"https:\/\/institutosantosdumont.org.br\/wp-content\/uploads\/2026\/04\/SIG-Rehabilitar-2026-inaugura-ciclo-de-palestras-com-lancamento-de-Guia-sobre-Projeto-Terapeutico-Singular-PTS-Foto-Reproducao.jpeg"},"modified":"2026-04-02T14:49:27","modified_gmt":"2026-04-02T17:49:27","slug":"sig-rehabilitar-2026-inaugura-ciclo-de-palestras-com-lancamento-de-guia-sobre-projeto-terapeutico-singular-pts-foto-reproducao","status":"inherit","type":"attachment","link":"https:\/\/institutosantosdumont.org.br\/es\/sig-rehabilitar-2026-inaugura-ciclo-de-palestras-com-lancamento-de-guia-sobre-projeto-terapeutico-singular-pts\/sig-rehabilitar-2026-inaugura-ciclo-de-palestras-com-lancamento-de-guia-sobre-projeto-terapeutico-singular-pts-foto-reproducao\/","title":{"rendered":"SIG Re(h)abilitar 2026 inaugura ciclo de palestras com lan\u00e7amento de Guia sobre Projeto Terap\u00eautico Singular (PTS) &#8211; Foto &#8211; Reprodu\u00e7\u00e3o"},"author":10,"featured_media":0,"comment_status":"closed","ping_status":"closed","template":"","meta":{"_acf_changed":false},"class_list":["post-34787","attachment","type-attachment","status-inherit","hentry"],"acf":[],"description":{"rendered":"<p class=\"attachment\"><a href='https:\/\/institutosantosdumont.org.br\/wp-content\/uploads\/2026\/04\/SIG-Rehabilitar-2026-inaugura-ciclo-de-palestras-com-lancamento-de-Guia-sobre-Projeto-Terapeutico-Singular-PTS-Foto-Reproducao.jpeg'><img decoding=\"async\" width=\"300\" height=\"141\" src=\"https:\/\/institutosantosdumont.org.br\/wp-content\/uploads\/2026\/04\/SIG-Rehabilitar-2026-inaugura-ciclo-de-palestras-com-lancamento-de-Guia-sobre-Projeto-Terapeutico-Singular-PTS-Foto-Reproducao-300x141.jpeg\" class=\"attachment-medium size-medium\" alt=\"Tela de uma apresenta\u00e7\u00e3o (slides) com fundo escuro e um slide central destacado, mostrando a capa de um documento do Minist\u00e9rio da Sa\u00fade. O texto grande na capa diz: \u201cLan\u00e7amento do Guia PTS\u201d. \u00c0 esquerda, em texto vertical, aparece: \u201cRede de Cuidados \u00e0 Pessoa com Defici\u00eancia\u201d. Na parte inferior esquerda aparece: \u201cMinist\u00e9rio da Sa\u00fade \u2013 2026\u201d. Na \u00e1rea verde da capa h\u00e1 ilustra\u00e7\u00f5es em estilo linha (desenhos) relacionadas a sa\u00fade\/reabilita\u00e7\u00e3o (inclui um \u00edcone de muleta e outras figuras). Na lateral esquerda da tela h\u00e1 miniaturas de v\u00e1rios slides. No lado direito aparecem duas janelas pequenas de v\u00eddeo com participantes (um homem acima e uma mulher abaixo). No topo direito aparece uma barra com \u201cStreaming\u201d. No lado direito h\u00e1 um indicador vermelho \u201cGravando 23:29\u201d. No topo tamb\u00e9m aparece \u201cSIG Reabilita - 01\/04\/2026 13:30\u201d.\" srcset=\"https:\/\/institutosantosdumont.org.br\/wp-content\/uploads\/2026\/04\/SIG-Rehabilitar-2026-inaugura-ciclo-de-palestras-com-lancamento-de-Guia-sobre-Projeto-Terapeutico-Singular-PTS-Foto-Reproducao-300x141.jpeg 300w, https:\/\/institutosantosdumont.org.br\/wp-content\/uploads\/2026\/04\/SIG-Rehabilitar-2026-inaugura-ciclo-de-palestras-com-lancamento-de-Guia-sobre-Projeto-Terapeutico-Singular-PTS-Foto-Reproducao-1024x481.jpeg 1024w, https:\/\/institutosantosdumont.org.br\/wp-content\/uploads\/2026\/04\/SIG-Rehabilitar-2026-inaugura-ciclo-de-palestras-com-lancamento-de-Guia-sobre-Projeto-Terapeutico-Singular-PTS-Foto-Reproducao-768x360.jpeg 768w, https:\/\/institutosantosdumont.org.br\/wp-content\/uploads\/2026\/04\/SIG-Rehabilitar-2026-inaugura-ciclo-de-palestras-com-lancamento-de-Guia-sobre-Projeto-Terapeutico-Singular-PTS-Foto-Reproducao-1536x721.jpeg 1536w, https:\/\/institutosantosdumont.org.br\/wp-content\/uploads\/2026\/04\/SIG-Rehabilitar-2026-inaugura-ciclo-de-palestras-com-lancamento-de-Guia-sobre-Projeto-Terapeutico-Singular-PTS-Foto-Reproducao-18x8.jpeg 18w, https:\/\/institutosantosdumont.org.br\/wp-content\/uploads\/2026\/04\/SIG-Rehabilitar-2026-inaugura-ciclo-de-palestras-com-lancamento-de-Guia-sobre-Projeto-Terapeutico-Singular-PTS-Foto-Reproducao.jpeg 1600w\" sizes=\"(max-width: 300px) 100vw, 300px\" \/><\/a><\/p>\n"},"caption":{"rendered":""},"alt_text":"Tela de uma apresenta\u00e7\u00e3o (slides) com fundo escuro e um slide central destacado, mostrando a capa de um documento do Minist\u00e9rio da Sa\u00fade. O texto grande na capa diz: \u201cLan\u00e7amento do Guia PTS\u201d. \u00c0 esquerda, em texto vertical, aparece: \u201cRede de Cuidados \u00e0 Pessoa com Defici\u00eancia\u201d. Na parte inferior esquerda aparece: \u201cMinist\u00e9rio da Sa\u00fade \u2013 2026\u201d. Na \u00e1rea verde da capa h\u00e1 ilustra\u00e7\u00f5es em estilo linha (desenhos) relacionadas a sa\u00fade\/reabilita\u00e7\u00e3o (inclui um \u00edcone de muleta e outras figuras). Na lateral esquerda da tela h\u00e1 miniaturas de v\u00e1rios slides. No lado direito aparecem duas janelas pequenas de v\u00eddeo com participantes (um homem acima e uma mulher abaixo). No topo direito aparece uma barra com \u201cStreaming\u201d. No lado direito h\u00e1 um indicador vermelho \u201cGravando 23:29\u201d. No topo tamb\u00e9m aparece \u201cSIG Reabilita - 01\/04\/2026 13:30\u201d.","media_type":"image","mime_type":"image\/jpeg","media_details":{"width":1600,"height":751,"file":"2026\/04\/SIG-Rehabilitar-2026-inaugura-ciclo-de-palestras-com-lancamento-de-Guia-sobre-Projeto-Terapeutico-Singular-PTS-Foto-Reproducao.jpeg","filesize":118873,"sizes":{"medium":{"file":"SIG-Rehabilitar-2026-inaugura-ciclo-de-palestras-com-lancamento-de-Guia-sobre-Projeto-Terapeutico-Singular-PTS-Foto-Reproducao-300x141.jpeg","width":300,"height":141,"filesize":7220,"mime_type":"image\/jpeg","source_url":"https:\/\/institutosantosdumont.org.br\/wp-content\/uploads\/2026\/04\/SIG-Rehabilitar-2026-inaugura-ciclo-de-palestras-com-lancamento-de-Guia-sobre-Projeto-Terapeutico-Singular-PTS-Foto-Reproducao-300x141.jpeg"},"large":{"file":"SIG-Rehabilitar-2026-inaugura-ciclo-de-palestras-com-lancamento-de-Guia-sobre-Projeto-Terapeutico-Singular-PTS-Foto-Reproducao-1024x481.jpeg","width":1024,"height":481,"filesize":43688,"mime_type":"image\/jpeg","source_url":"https:\/\/institutosantosdumont.org.br\/wp-content\/uploads\/2026\/04\/SIG-Rehabilitar-2026-inaugura-ciclo-de-palestras-com-lancamento-de-Guia-sobre-Projeto-Terapeutico-Singular-PTS-Foto-Reproducao-1024x481.jpeg"},"thumbnail":{"file":"SIG-Rehabilitar-2026-inaugura-ciclo-de-palestras-com-lancamento-de-Guia-sobre-Projeto-Terapeutico-Singular-PTS-Foto-Reproducao-150x150.jpeg","width":150,"height":150,"filesize":5505,"mime_type":"image\/jpeg","source_url":"https:\/\/institutosantosdumont.org.br\/wp-content\/uploads\/2026\/04\/SIG-Rehabilitar-2026-inaugura-ciclo-de-palestras-com-lancamento-de-Guia-sobre-Projeto-Terapeutico-Singular-PTS-Foto-Reproducao-150x150.jpeg"},"medium_large":{"file":"SIG-Rehabilitar-2026-inaugura-ciclo-de-palestras-com-lancamento-de-Guia-sobre-Projeto-Terapeutico-Singular-PTS-Foto-Reproducao-768x360.jpeg","width":768,"height":360,"filesize":28291,"mime_type":"image\/jpeg","source_url":"https:\/\/institutosantosdumont.org.br\/wp-content\/uploads\/2026\/04\/SIG-Rehabilitar-2026-inaugura-ciclo-de-palestras-com-lancamento-de-Guia-sobre-Projeto-Terapeutico-Singular-PTS-Foto-Reproducao-768x360.jpeg"},"1536x1536":{"file":"SIG-Rehabilitar-2026-inaugura-ciclo-de-palestras-com-lancamento-de-Guia-sobre-Projeto-Terapeutico-Singular-PTS-Foto-Reproducao-1536x721.jpeg","width":1536,"height":721,"filesize":75914,"mime_type":"image\/jpeg","source_url":"https:\/\/institutosantosdumont.org.br\/wp-content\/uploads\/2026\/04\/SIG-Rehabilitar-2026-inaugura-ciclo-de-palestras-com-lancamento-de-Guia-sobre-Projeto-Terapeutico-Singular-PTS-Foto-Reproducao-1536x721.jpeg"},"trp-custom-language-flag":{"file":"SIG-Rehabilitar-2026-inaugura-ciclo-de-palestras-com-lancamento-de-Guia-sobre-Projeto-Terapeutico-Singular-PTS-Foto-Reproducao-18x8.jpeg","width":18,"height":8,"filesize":859,"mime_type":"image\/jpeg","source_url":"https:\/\/institutosantosdumont.org.br\/wp-content\/uploads\/2026\/04\/SIG-Rehabilitar-2026-inaugura-ciclo-de-palestras-com-lancamento-de-Guia-sobre-Projeto-Terapeutico-Singular-PTS-Foto-Reproducao-18x8.jpeg"},"full":{"file":"SIG-Rehabilitar-2026-inaugura-ciclo-de-palestras-com-lancamento-de-Guia-sobre-Projeto-Terapeutico-Singular-PTS-Foto-Reproducao.jpeg","width":1600,"height":751,"mime_type":"image\/jpeg","source_url":"https:\/\/institutosantosdumont.org.br\/wp-content\/uploads\/2026\/04\/SIG-Rehabilitar-2026-inaugura-ciclo-de-palestras-com-lancamento-de-Guia-sobre-Projeto-Terapeutico-Singular-PTS-Foto-Reproducao.jpeg"}},"image_meta":{"aperture":"0","credit":"","camera":"","caption":"","created_timestamp":"0","copyright":"","focal_length":"0","iso":"0","shutter_speed":"0","title":"","orientation":"0","keywords":[]}},"post":34786,"source_url":"https:\/\/institutosantosdumont.org.br\/wp-content\/uploads\/2026\/04\/SIG-Rehabilitar-2026-inaugura-ciclo-de-palestras-com-lancamento-de-Guia-sobre-Projeto-Terapeutico-Singular-PTS-Foto-Reproducao.jpeg","_links":{"self":[{"href":"https:\/\/institutosantosdumont.org.br\/es\/wp-json\/wp\/v2\/media\/34787","targetHints":{"allow":["GET"]}}],"collection":[{"href":"https:\/\/institutosantosdumont.org.br\/es\/wp-json\/wp\/v2\/media"}],"about":[{"href":"https:\/\/institutosantosdumont.org.br\/es\/wp-json\/wp\/v2\/types\/attachment"}],"author":[{"embeddable":true,"href":"https:\/\/institutosantosdumont.org.br\/es\/wp-json\/wp\/v2\/users\/10"}],"replies":[{"embeddable":true,"href":"https:\/\/institutosantosdumont.org.br\/es\/wp-json\/wp\/v2\/comments?post=34787"}],"wp:attached-to":[{"embeddable":true,"post_type":"post","id":34786,"href":"https:\/\/institutosantosdumont.org.br\/es\/wp-json\/wp\/v2\/posts\/34786"}],"curies":[{"name":"wp","href":"https:\/\/api.w.org\/{rel}","templated":true}]}}

SIG Re(h)abilitar 2026 inaugura ciclo de palestras com lançamento de Guia sobre Projeto Terapêutico Singular (PTS) &#8211; Foto &#8211; Reprodução

<p class="attachment"><a href='https://institutosantosdumont.org.br/wp-content/uploads/2026/04/SIG-Rehabilitar-2026-inaugura-ciclo-de-palestras-com-lancamento-de-Guia-sobre-Projeto-Terapeutico-Singular-PTS-Foto-Reproducao.jpeg'><img decoding="async" width="300" height="141" src="https://institutosantosdumont.org.br/wp-content/uploads/2026/04/SIG-Rehabilitar-2026-inaugura-ciclo-de-palestras-com-lancamento-de-Guia-sobre-Projeto-Terapeutico-Singular-PTS-Foto-Reproducao-300x141.jpeg" class="attachment-medium size-medium" alt="Tela de uma apresentação (slides) com fundo escuro e um slide central destacado, mostrando a capa de um documento do Ministério da Saúde. O texto grande na capa diz: “Lançamento do Guia PTS”. À esquerda, em texto vertical, aparece: “Rede de Cuidados à Pessoa com Deficiência”. Na parte inferior esquerda aparece: “Ministério da Saúde – 2026”. Na área verde da capa há ilustrações em estilo linha (desenhos) relacionadas a saúde/reabilitação (inclui um ícone de muleta e outras figuras). Na lateral esquerda da tela há miniaturas de vários slides. No lado direito aparecem duas janelas pequenas de vídeo com participantes (um homem acima e uma mulher abaixo). No topo direito aparece uma barra com “Streaming”. No lado direito há um indicador vermelho “Gravando 23:29”. No topo também aparece “SIG Reabilita - 01/04/2026 13:30”." srcset="https://institutosantosdumont.org.br/wp-content/uploads/2026/04/SIG-Rehabilitar-2026-inaugura-ciclo-de-palestras-com-lancamento-de-Guia-sobre-Projeto-Terapeutico-Singular-PTS-Foto-Reproducao-300x141.jpeg 300w, https://institutosantosdumont.org.br/wp-content/uploads/2026/04/SIG-Rehabilitar-2026-inaugura-ciclo-de-palestras-com-lancamento-de-Guia-sobre-Projeto-Terapeutico-Singular-PTS-Foto-Reproducao-1024x481.jpeg 1024w, https://institutosantosdumont.org.br/wp-content/uploads/2026/04/SIG-Rehabilitar-2026-inaugura-ciclo-de-palestras-com-lancamento-de-Guia-sobre-Projeto-Terapeutico-Singular-PTS-Foto-Reproducao-768x360.jpeg 768w, https://institutosantosdumont.org.br/wp-content/uploads/2026/04/SIG-Rehabilitar-2026-inaugura-ciclo-de-palestras-com-lancamento-de-Guia-sobre-Projeto-Terapeutico-Singular-PTS-Foto-Reproducao-1536x721.jpeg 1536w, https://institutosantosdumont.org.br/wp-content/uploads/2026/04/SIG-Rehabilitar-2026-inaugura-ciclo-de-palestras-com-lancamento-de-Guia-sobre-Projeto-Terapeutico-Singular-PTS-Foto-Reproducao-18x8.jpeg 18w, https://institutosantosdumont.org.br/wp-content/uploads/2026/04/SIG-Rehabilitar-2026-inaugura-ciclo-de-palestras-com-lancamento-de-Guia-sobre-Projeto-Terapeutico-Singular-PTS-Foto-Reproducao.jpeg 1600w" sizes="(max-width: 300px) 100vw, 300px" /></a></p>

Tela de uma apresentação (slides) com fundo escuro e um slide central destacado, mostrando a capa de um documento do Ministério da Saúde. O texto grande na capa diz: “Lançamento do Guia PTS”. À esquerda, em texto vertical, aparece: “Rede de Cuidados à Pessoa com Deficiência”. Na parte inferior esquerda aparece: “Ministério da Saúde – 2026”. Na área verde da capa há ilustrações em estilo linha (desenhos) relacionadas a saúde/reabilitação (inclui um ícone de muleta e outras figuras). Na lateral esquerda da tela há miniaturas de vários slides. No lado direito aparecem duas janelas pequenas de vídeo com participantes (um homem acima e uma mulher abaixo). No topo direito aparece uma barra com “Streaming”. No lado direito há um indicador vermelho “Gravando 23:29”. No topo também aparece “SIG Reabilita - 01/04/2026 13:30”.
