{"id":34804,"date":"2026-04-07T10:48:51","date_gmt":"2026-04-07T13:48:51","guid":{"rendered":"https:\/\/institutosantosdumont.org.br\/wp-content\/uploads\/2026\/04\/ISD-promove-treinamento-para-identificacao-precoce-da-Doenca-de-Parkinson-na-Atencao-Primaria-em-Saude-Foto_Ascom_ISD-2.jpg"},"modified":"2026-04-07T10:49:02","modified_gmt":"2026-04-07T13:49:02","slug":"isd-promove-treinamento-para-identificacao-precoce-da-doenca-de-parkinson-na-atencao-primaria-em-saude-foto_ascom_isd-2","status":"inherit","type":"attachment","link":"https:\/\/institutosantosdumont.org.br\/es\/isd-promove-treinamento-para-identificacao-precoce-da-doenca-de-parkinson-na-atencao-primaria-a-saude\/isd-promove-treinamento-para-identificacao-precoce-da-doenca-de-parkinson-na-atencao-primaria-em-saude-foto_ascom_isd-2\/","title":{"rendered":"ISD promove treinamento para identifica\u00e7\u00e3o precoce da Doen\u00e7a de Parkinson na Aten\u00e7\u00e3o Prim\u00e1ria em Sa\u00fade &#8211; Foto_Ascom_ISD (2)"},"author":10,"featured_media":0,"comment_status":"closed","ping_status":"closed","template":"","meta":{"_acf_changed":false},"class_list":["post-34804","attachment","type-attachment","status-inherit","hentry"],"acf":[],"description":{"rendered":"<p class=\"attachment\"><a href='https:\/\/institutosantosdumont.org.br\/wp-content\/uploads\/2026\/04\/ISD-promove-treinamento-para-identificacao-precoce-da-Doenca-de-Parkinson-na-Atencao-Primaria-em-Saude-Foto_Ascom_ISD-2-scaled.jpg'><img fetchpriority=\"high\" decoding=\"async\" width=\"300\" height=\"225\" src=\"https:\/\/institutosantosdumont.org.br\/wp-content\/uploads\/2026\/04\/ISD-promove-treinamento-para-identificacao-precoce-da-Doenca-de-Parkinson-na-Atencao-Primaria-em-Saude-Foto_Ascom_ISD-2-300x225.jpg\" class=\"attachment-medium size-medium\" alt=\"Audit\u00f3rio com muitas pessoas sentadas em cadeiras, voltadas para a frente, em um evento que parece ser uma palestra ou treinamento. A imagem est\u00e1 girada de lado. H\u00e1 um corredor central e fileiras cheias; v\u00e1rias pessoas est\u00e3o escrevendo em cadernos ou usando celular. Predominam adultos, com roupas casuais (blusas, camisas, jaquetas) e cabelos de v\u00e1rios comprimentos; h\u00e1 diversidade de tons de pele. Na parte da frente, \u00e0 direita, h\u00e1 uma tela de proje\u00e7\u00e3o com um slide (o texto do slide est\u00e1 pequeno e n\u00e3o d\u00e1 para ler com clareza). Perto do centro da frente h\u00e1 uma pessoa em p\u00e9 falando, com microfone, e outras pessoas pr\u00f3ximas. O ambiente tem paredes claras, janelas grandes com persianas e uma coluna de madeira no meio.\" srcset=\"https:\/\/institutosantosdumont.org.br\/wp-content\/uploads\/2026\/04\/ISD-promove-treinamento-para-identificacao-precoce-da-Doenca-de-Parkinson-na-Atencao-Primaria-em-Saude-Foto_Ascom_ISD-2-300x225.jpg 300w, https:\/\/institutosantosdumont.org.br\/wp-content\/uploads\/2026\/04\/ISD-promove-treinamento-para-identificacao-precoce-da-Doenca-de-Parkinson-na-Atencao-Primaria-em-Saude-Foto_Ascom_ISD-2-1024x768.jpg 1024w, https:\/\/institutosantosdumont.org.br\/wp-content\/uploads\/2026\/04\/ISD-promove-treinamento-para-identificacao-precoce-da-Doenca-de-Parkinson-na-Atencao-Primaria-em-Saude-Foto_Ascom_ISD-2-768x576.jpg 768w, https:\/\/institutosantosdumont.org.br\/wp-content\/uploads\/2026\/04\/ISD-promove-treinamento-para-identificacao-precoce-da-Doenca-de-Parkinson-na-Atencao-Primaria-em-Saude-Foto_Ascom_ISD-2-1536x1152.jpg 1536w, https:\/\/institutosantosdumont.org.br\/wp-content\/uploads\/2026\/04\/ISD-promove-treinamento-para-identificacao-precoce-da-Doenca-de-Parkinson-na-Atencao-Primaria-em-Saude-Foto_Ascom_ISD-2-2048x1536.jpg 2048w, https:\/\/institutosantosdumont.org.br\/wp-content\/uploads\/2026\/04\/ISD-promove-treinamento-para-identificacao-precoce-da-Doenca-de-Parkinson-na-Atencao-Primaria-em-Saude-Foto_Ascom_ISD-2-16x12.jpg 16w\" sizes=\"(max-width: 300px) 100vw, 300px\" \/><\/a><\/p>\n"},"caption":{"rendered":""},"alt_text":"Audit\u00f3rio com muitas pessoas sentadas em cadeiras, voltadas para a frente, em um evento que parece ser uma palestra ou treinamento. A imagem est\u00e1 girada de lado. H\u00e1 um corredor central e fileiras cheias; v\u00e1rias pessoas est\u00e3o escrevendo em cadernos ou usando celular. Predominam adultos, com roupas casuais (blusas, camisas, jaquetas) e cabelos de v\u00e1rios comprimentos; h\u00e1 diversidade de tons de pele. Na parte da frente, \u00e0 direita, h\u00e1 uma tela de proje\u00e7\u00e3o com um slide (o texto do slide est\u00e1 pequeno e n\u00e3o d\u00e1 para ler com clareza). Perto do centro da frente h\u00e1 uma pessoa em p\u00e9 falando, com microfone, e outras pessoas pr\u00f3ximas. O ambiente tem paredes claras, janelas grandes com persianas e uma coluna de madeira no meio.","media_type":"image","mime_type":"image\/jpeg","media_details":{"width":2560,"height":1920,"file":"2026\/04\/ISD-promove-treinamento-para-identificacao-precoce-da-Doenca-de-Parkinson-na-Atencao-Primaria-em-Saude-Foto_Ascom_ISD-2-scaled.jpg","filesize":936242,"sizes":{"medium":{"file":"ISD-promove-treinamento-para-identificacao-precoce-da-Doenca-de-Parkinson-na-Atencao-Primaria-em-Saude-Foto_Ascom_ISD-2-300x225.jpg","width":300,"height":225,"filesize":16214,"mime_type":"image\/jpeg","source_url":"https:\/\/institutosantosdumont.org.br\/wp-content\/uploads\/2026\/04\/ISD-promove-treinamento-para-identificacao-precoce-da-Doenca-de-Parkinson-na-Atencao-Primaria-em-Saude-Foto_Ascom_ISD-2-300x225.jpg"},"large":{"file":"ISD-promove-treinamento-para-identificacao-precoce-da-Doenca-de-Parkinson-na-Atencao-Primaria-em-Saude-Foto_Ascom_ISD-2-1024x768.jpg","width":1024,"height":768,"filesize":154915,"mime_type":"image\/jpeg","source_url":"https:\/\/institutosantosdumont.org.br\/wp-content\/uploads\/2026\/04\/ISD-promove-treinamento-para-identificacao-precoce-da-Doenca-de-Parkinson-na-Atencao-Primaria-em-Saude-Foto_Ascom_ISD-2-1024x768.jpg"},"thumbnail":{"file":"ISD-promove-treinamento-para-identificacao-precoce-da-Doenca-de-Parkinson-na-Atencao-Primaria-em-Saude-Foto_Ascom_ISD-2-150x150.jpg","width":150,"height":150,"filesize":6648,"mime_type":"image\/jpeg","source_url":"https:\/\/institutosantosdumont.org.br\/wp-content\/uploads\/2026\/04\/ISD-promove-treinamento-para-identificacao-precoce-da-Doenca-de-Parkinson-na-Atencao-Primaria-em-Saude-Foto_Ascom_ISD-2-150x150.jpg"},"medium_large":{"file":"ISD-promove-treinamento-para-identificacao-precoce-da-Doenca-de-Parkinson-na-Atencao-Primaria-em-Saude-Foto_Ascom_ISD-2-768x576.jpg","width":768,"height":576,"filesize":82633,"mime_type":"image\/jpeg","source_url":"https:\/\/institutosantosdumont.org.br\/wp-content\/uploads\/2026\/04\/ISD-promove-treinamento-para-identificacao-precoce-da-Doenca-de-Parkinson-na-Atencao-Primaria-em-Saude-Foto_Ascom_ISD-2-768x576.jpg"},"1536x1536":{"file":"ISD-promove-treinamento-para-identificacao-precoce-da-Doenca-de-Parkinson-na-Atencao-Primaria-em-Saude-Foto_Ascom_ISD-2-1536x1152.jpg","width":1536,"height":1152,"filesize":349461,"mime_type":"image\/jpeg","source_url":"https:\/\/institutosantosdumont.org.br\/wp-content\/uploads\/2026\/04\/ISD-promove-treinamento-para-identificacao-precoce-da-Doenca-de-Parkinson-na-Atencao-Primaria-em-Saude-Foto_Ascom_ISD-2-1536x1152.jpg"},"2048x2048":{"file":"ISD-promove-treinamento-para-identificacao-precoce-da-Doenca-de-Parkinson-na-Atencao-Primaria-em-Saude-Foto_Ascom_ISD-2-2048x1536.jpg","width":2048,"height":1536,"filesize":616151,"mime_type":"image\/jpeg","source_url":"https:\/\/institutosantosdumont.org.br\/wp-content\/uploads\/2026\/04\/ISD-promove-treinamento-para-identificacao-precoce-da-Doenca-de-Parkinson-na-Atencao-Primaria-em-Saude-Foto_Ascom_ISD-2-2048x1536.jpg"},"trp-custom-language-flag":{"file":"ISD-promove-treinamento-para-identificacao-precoce-da-Doenca-de-Parkinson-na-Atencao-Primaria-em-Saude-Foto_Ascom_ISD-2-16x12.jpg","width":16,"height":12,"filesize":404,"mime_type":"image\/jpeg","source_url":"https:\/\/institutosantosdumont.org.br\/wp-content\/uploads\/2026\/04\/ISD-promove-treinamento-para-identificacao-precoce-da-Doenca-de-Parkinson-na-Atencao-Primaria-em-Saude-Foto_Ascom_ISD-2-16x12.jpg"},"full":{"file":"ISD-promove-treinamento-para-identificacao-precoce-da-Doenca-de-Parkinson-na-Atencao-Primaria-em-Saude-Foto_Ascom_ISD-2-scaled.jpg","width":2560,"height":1920,"mime_type":"image\/jpeg","source_url":"https:\/\/institutosantosdumont.org.br\/wp-content\/uploads\/2026\/04\/ISD-promove-treinamento-para-identificacao-precoce-da-Doenca-de-Parkinson-na-Atencao-Primaria-em-Saude-Foto_Ascom_ISD-2-scaled.jpg"}},"image_meta":{"aperture":"0","credit":"","camera":"","caption":"","created_timestamp":"0","copyright":"","focal_length":"0","iso":"0","shutter_speed":"0","title":"","orientation":"0","keywords":[]},"original_image":"ISD-promove-treinamento-para-identificacao-precoce-da-Doenca-de-Parkinson-na-Atencao-Primaria-em-Saude-Foto_Ascom_ISD-2.jpg"},"post":34803,"source_url":"https:\/\/institutosantosdumont.org.br\/wp-content\/uploads\/2026\/04\/ISD-promove-treinamento-para-identificacao-precoce-da-Doenca-de-Parkinson-na-Atencao-Primaria-em-Saude-Foto_Ascom_ISD-2-scaled.jpg","_links":{"self":[{"href":"https:\/\/institutosantosdumont.org.br\/es\/wp-json\/wp\/v2\/media\/34804","targetHints":{"allow":["GET"]}}],"collection":[{"href":"https:\/\/institutosantosdumont.org.br\/es\/wp-json\/wp\/v2\/media"}],"about":[{"href":"https:\/\/institutosantosdumont.org.br\/es\/wp-json\/wp\/v2\/types\/attachment"}],"author":[{"embeddable":true,"href":"https:\/\/institutosantosdumont.org.br\/es\/wp-json\/wp\/v2\/users\/10"}],"replies":[{"embeddable":true,"href":"https:\/\/institutosantosdumont.org.br\/es\/wp-json\/wp\/v2\/comments?post=34804"}],"wp:attached-to":[{"embeddable":true,"post_type":"post","id":34803,"href":"https:\/\/institutosantosdumont.org.br\/es\/wp-json\/wp\/v2\/posts\/34803"}],"curies":[{"name":"wp","href":"https:\/\/api.w.org\/{rel}","templated":true}]}}

ISD promove treinamento para identificação precoce da Doença de Parkinson na Atenção Primária em Saúde &#8211; Foto_Ascom_ISD (2)

<p class="attachment"><a href='https://institutosantosdumont.org.br/wp-content/uploads/2026/04/ISD-promove-treinamento-para-identificacao-precoce-da-Doenca-de-Parkinson-na-Atencao-Primaria-em-Saude-Foto_Ascom_ISD-2-scaled.jpg'><img fetchpriority="high" decoding="async" width="300" height="225" src="https://institutosantosdumont.org.br/wp-content/uploads/2026/04/ISD-promove-treinamento-para-identificacao-precoce-da-Doenca-de-Parkinson-na-Atencao-Primaria-em-Saude-Foto_Ascom_ISD-2-300x225.jpg" class="attachment-medium size-medium" alt="Auditório com muitas pessoas sentadas em cadeiras, voltadas para a frente, em um evento que parece ser uma palestra ou treinamento. A imagem está girada de lado. Há um corredor central e fileiras cheias; várias pessoas estão escrevendo em cadernos ou usando celular. Predominam adultos, com roupas casuais (blusas, camisas, jaquetas) e cabelos de vários comprimentos; há diversidade de tons de pele. Na parte da frente, à direita, há uma tela de projeção com um slide (o texto do slide está pequeno e não dá para ler com clareza). Perto do centro da frente há uma pessoa em pé falando, com microfone, e outras pessoas próximas. O ambiente tem paredes claras, janelas grandes com persianas e uma coluna de madeira no meio." srcset="https://institutosantosdumont.org.br/wp-content/uploads/2026/04/ISD-promove-treinamento-para-identificacao-precoce-da-Doenca-de-Parkinson-na-Atencao-Primaria-em-Saude-Foto_Ascom_ISD-2-300x225.jpg 300w, https://institutosantosdumont.org.br/wp-content/uploads/2026/04/ISD-promove-treinamento-para-identificacao-precoce-da-Doenca-de-Parkinson-na-Atencao-Primaria-em-Saude-Foto_Ascom_ISD-2-1024x768.jpg 1024w, https://institutosantosdumont.org.br/wp-content/uploads/2026/04/ISD-promove-treinamento-para-identificacao-precoce-da-Doenca-de-Parkinson-na-Atencao-Primaria-em-Saude-Foto_Ascom_ISD-2-768x576.jpg 768w, https://institutosantosdumont.org.br/wp-content/uploads/2026/04/ISD-promove-treinamento-para-identificacao-precoce-da-Doenca-de-Parkinson-na-Atencao-Primaria-em-Saude-Foto_Ascom_ISD-2-1536x1152.jpg 1536w, https://institutosantosdumont.org.br/wp-content/uploads/2026/04/ISD-promove-treinamento-para-identificacao-precoce-da-Doenca-de-Parkinson-na-Atencao-Primaria-em-Saude-Foto_Ascom_ISD-2-2048x1536.jpg 2048w, https://institutosantosdumont.org.br/wp-content/uploads/2026/04/ISD-promove-treinamento-para-identificacao-precoce-da-Doenca-de-Parkinson-na-Atencao-Primaria-em-Saude-Foto_Ascom_ISD-2-16x12.jpg 16w" sizes="(max-width: 300px) 100vw, 300px" /></a></p>

Auditório com muitas pessoas sentadas em cadeiras, voltadas para a frente, em um evento que parece ser uma palestra ou treinamento. A imagem está girada de lado. Há um corredor central e fileiras cheias; várias pessoas estão escrevendo em cadernos ou usando celular. Predominam adultos, com roupas casuais (blusas, camisas, jaquetas) e cabelos de vários comprimentos; há diversidade de tons de pele. Na parte da frente, à direita, há uma tela de projeção com um slide (o texto do slide está pequeno e não dá para ler com clareza). Perto do centro da frente há uma pessoa em pé falando, com microfone, e outras pessoas próximas. O ambiente tem paredes claras, janelas grandes com persianas e uma coluna de madeira no meio.
