{"id":23742,"date":"2022-03-09T15:29:49","date_gmt":"2022-03-09T18:29:49","guid":{"rendered":"http:\/\/www.institutosantosdumont.org.br\/?page_id=23742"},"modified":"2022-03-09T15:46:53","modified_gmt":"2022-03-09T18:46:53","slug":"multiprofessional-residency-in-the-health-care-of-the-person-with-disabilities","status":"publish","type":"page","link":"https:\/\/institutosantosdumont.org.br\/es\/multiprofessional-residency-in-the-health-care-of-the-person-with-disabilities\/","title":{"rendered":"Residencia Multiprofesional en la Atenci\u00f3n de la Salud de la Persona con Discapacidad"},"content":{"rendered":"<div data-elementor-type=\"wp-post\" data-elementor-id=\"23742\" class=\"elementor elementor-23742\" data-elementor-post-type=\"page\">\n\t\t\t\t\t\t<section class=\"elementor-section elementor-top-section elementor-element elementor-element-uo30xfv elementor-section-boxed elementor-section-height-default elementor-section-height-default\" data-id=\"uo30xfv\" data-element_type=\"section\">\n\t\t\t\t\t\t<div class=\"elementor-container elementor-column-gap-default\">\n\t\t\t\t\t<div class=\"elementor-column elementor-col-100 elementor-top-column elementor-element elementor-element-v85qads\" data-id=\"v85qads\" data-element_type=\"column\">\n\t\t\t<div class=\"elementor-widget-wrap elementor-element-populated\">\n\t\t\t\t\t\t<div class=\"elementor-element elementor-element-v53hokg elementor-widget elementor-widget-spacer\" data-id=\"v53hokg\" data-element_type=\"widget\" data-widget_type=\"spacer.default\">\n\t\t\t\t<div class=\"elementor-widget-container\">\n\t\t\t\t\t\t\t<div class=\"elementor-spacer\">\n\t\t\t<div class=\"elementor-spacer-inner\"><\/div>\n\t\t<\/div>\n\t\t\t\t\t\t<\/div>\n\t\t\t\t<\/div>\n\t\t\t\t<div class=\"elementor-element elementor-element-qulyl2w elementor-widget elementor-widget-text-editor\" data-id=\"qulyl2w\" data-element_type=\"widget\" data-widget_type=\"text-editor.default\">\n\t\t\t\t<div class=\"elementor-widget-container\">\n\t\t\t\t\t\t\t\t\t<h2><strong>Sobre el programa<\/strong><\/h2><div><strong>\u00a0<\/strong><\/div><p><span style=\"font-size: 18.2px;\">Brasil tiene aproximadamente 17,3 millones de personas con alg\u00fan tipo de discapacidad, seg\u00fan datos de la Encuesta Nacional de Salud \u2013 A\u00f1o Base 2019 \u2013 del Instituto Brasile\u00f1o de Geograf\u00eda y Estad\u00edstica (IBGE). Con el envejecimiento de la poblaci\u00f3n brasile\u00f1a, la expectativa es que cada vez m\u00e1s personas necesitar\u00e1n alg\u00fan tipo de calificaci\u00f3n o rehabilitaci\u00f3n a trav\u00e9s de pr\u00f3tesis, ortesis y diversos procedimientos de salud. Con el objetivo de preparar profesionales enfocados en la atenci\u00f3n de este p\u00fablico, el Instituto Santos Dumont (ISD) cre\u00f3 el Programa de Residencia Multiprofesional en Atenci\u00f3n a la Salud de Personas con Discapacidad, pionero en Brasil.\u00a0<\/span><\/p><p><span style=\"font-size: 18.2px;\">El Programa fue aprobado mediante convocatoria p\u00fablica del Ministerio de Educaci\u00f3n y es ofrecido por el Centro de Educaci\u00f3n e Investigaci\u00f3n en Salud Anita Garibaldi (Anita), una de las unidades del Instituto Santos Dumont de Maca\u00edba (RN). Desde octubre de 2016, por parte del Ministerio de Salud habilit\u00f3 Anita como Centro Especializado en Rehabilitaci\u00f3n \u2013 CER III, en las \u00e1reas de discapacidad auditiva, f\u00edsica e intelectual. A principios de agosto de 2021, el Ministerio de Salud modific\u00f3 la calificaci\u00f3n a CER IV, incluyendo la atenci\u00f3n a personas con discapacidad visual. El cambio se produjo tras la publicaci\u00f3n de la Ordenanza n\u00ba 1.842\/2021.\u00a0<\/span><\/p><p><span style=\"font-size: 18.2px;\">Las acciones de CER IV ISD se organizan en las siguientes cl\u00ednicas:<b> Epilepsia (ni\u00f1o y adulto); Parkinson; Trastorno del Espectro Autista (TEA); Lesi\u00f3n de la m\u00e9dula espinal (ni\u00f1o y adulto); Microcefalia; Discapacidad auditiva (ni\u00f1o y adulto); Prematuridad y Vejiga Neurog\u00e9nica.<\/b><\/span><\/p><p><span style=\"font-size: 18.2px;\">El Programa de Residencias ISD est\u00e1 dirigido a profesionales de Fisioterapia, Logopedia, Psicolog\u00eda y Trabajo Social, aunando las \u00e1reas de docencia, investigaci\u00f3n y extensi\u00f3n con el fin de fortalecer tanto la Red de Atenci\u00f3n a Personas con Discapacidad en el contexto del Sistema \u00danico de Salud ( SUS), y el Plan Nacional de Derechos de las Personas con Discapacidad \u2013 Plan Vivir sin L\u00edmites.\u00a0<\/span><\/p><p><span style=\"font-size: 18.2px;\">Adem\u00e1s, el Programa incluye la interfaz de acci\u00f3n conjunta con el Programa de Postgrado en Neuroingenier\u00eda del Instituto Internacional de Neurociencias Edmond y Lily Safra (IIN-ELS).\u00a0<\/span><\/p>\t\t\t\t\t\t\t\t<\/div>\n\t\t\t\t<\/div>\n\t\t\t\t<div class=\"elementor-element elementor-element-4f1f6d1 elementor-widget-divider--view-line elementor-widget elementor-widget-divider\" data-id=\"4f1f6d1\" data-element_type=\"widget\" data-widget_type=\"divider.default\">\n\t\t\t\t<div class=\"elementor-widget-container\">\n\t\t\t\t\t\t\t<div class=\"elementor-divider\">\n\t\t\t<span class=\"elementor-divider-separator\">\n\t\t\t\t\t\t<\/span>\n\t\t<\/div>\n\t\t\t\t\t\t<\/div>\n\t\t\t\t<\/div>\n\t\t\t\t<section class=\"elementor-section elementor-inner-section elementor-element elementor-element-0869e55 elementor-section-boxed elementor-section-height-default elementor-section-height-default\" data-id=\"0869e55\" data-element_type=\"section\">\n\t\t\t\t\t\t<div class=\"elementor-container elementor-column-gap-default\">\n\t\t\t\t\t<div class=\"elementor-column elementor-col-50 elementor-inner-column elementor-element elementor-element-da68409\" data-id=\"da68409\" data-element_type=\"column\">\n\t\t\t<div class=\"elementor-widget-wrap elementor-element-populated\">\n\t\t\t\t\t\t<div class=\"elementor-element elementor-element-ccaeb8f elementor-widget elementor-widget-image\" data-id=\"ccaeb8f\" data-element_type=\"widget\" data-widget_type=\"image.default\">\n\t\t\t\t<div class=\"elementor-widget-container\">\n\t\t\t\t\t\t\t\t\t\t\t\t<figure class=\"wp-caption\">\n\t\t\t\t\t\t\t\t\t\t<img fetchpriority=\"high\" decoding=\"async\" width=\"800\" height=\"534\" src=\"https:\/\/institutosantosdumont.org.br\/wp-content\/uploads\/2022\/03\/Alunos-do-ISD-em-aula-com-Divaneide-Bas\u00edlio-1024x683-1024x683.jpeg\" class=\"attachment-large size-large wp-image-23746\" alt=\"\" srcset=\"https:\/\/institutosantosdumont.org.br\/wp-content\/uploads\/2022\/03\/Alunos-do-ISD-em-aula-com-Divaneide-Bas\u00edlio-1024x683.jpeg 1024w, https:\/\/institutosantosdumont.org.br\/wp-content\/uploads\/2022\/03\/Alunos-do-ISD-em-aula-com-Divaneide-Bas\u00edlio-1024x683-300x200.jpeg 300w, https:\/\/institutosantosdumont.org.br\/wp-content\/uploads\/2022\/03\/Alunos-do-ISD-em-aula-com-Divaneide-Bas\u00edlio-1024x683-768x512.jpeg 768w\" sizes=\"(max-width: 800px) 100vw, 800px\" \/>\t\t\t\t\t\t\t\t\t\t\t<figcaption class=\"widget-image-caption wp-caption-text\">Residentes durante una clase de Ciudadan\u00eda para la Educaci\u00f3n Global (2021)<\/figcaption>\n\t\t\t\t\t\t\t\t\t\t<\/figure>\n\t\t\t\t\t\t\t\t\t<\/div>\n\t\t\t\t<\/div>\n\t\t\t\t\t<\/div>\n\t\t<\/div>\n\t\t\t\t<div class=\"elementor-column elementor-col-50 elementor-inner-column elementor-element elementor-element-6ce08b7\" data-id=\"6ce08b7\" data-element_type=\"column\">\n\t\t\t<div class=\"elementor-widget-wrap elementor-element-populated\">\n\t\t\t\t\t\t<div class=\"elementor-element elementor-element-b1043c2 elementor-widget elementor-widget-image\" data-id=\"b1043c2\" data-element_type=\"widget\" data-widget_type=\"image.default\">\n\t\t\t\t<div class=\"elementor-widget-container\">\n\t\t\t\t\t\t\t\t\t\t\t\t<figure class=\"wp-caption\">\n\t\t\t\t\t\t\t\t\t\t<img decoding=\"async\" width=\"800\" height=\"600\" src=\"https:\/\/institutosantosdumont.org.br\/wp-content\/uploads\/2022\/03\/ISD-promove-integra\u00e7\u00e3o-com-pacientes-da-Cl\u00ednica-de-Les\u00e3o-Medular-Adulto-_-Foto-Ascom-ISD-1024x768-1024x768.jpg\" class=\"attachment-large size-large wp-image-23745\" alt=\"\" srcset=\"https:\/\/institutosantosdumont.org.br\/wp-content\/uploads\/2022\/03\/ISD-promove-integra\u00e7\u00e3o-com-pacientes-da-Cl\u00ednica-de-Les\u00e3o-Medular-Adulto-_-Foto-Ascom-ISD-1024x768.jpg 1024w, https:\/\/institutosantosdumont.org.br\/wp-content\/uploads\/2022\/03\/ISD-promove-integra\u00e7\u00e3o-com-pacientes-da-Cl\u00ednica-de-Les\u00e3o-Medular-Adulto-_-Foto-Ascom-ISD-1024x768-300x225.jpg 300w, https:\/\/institutosantosdumont.org.br\/wp-content\/uploads\/2022\/03\/ISD-promove-integra\u00e7\u00e3o-com-pacientes-da-Cl\u00ednica-de-Les\u00e3o-Medular-Adulto-_-Foto-Ascom-ISD-1024x768-768x576.jpg 768w\" sizes=\"(max-width: 800px) 100vw, 800px\" \/>\t\t\t\t\t\t\t\t\t\t\t<figcaption class=\"widget-image-caption wp-caption-text\">Celebraci\u00f3n de carnaval promovida por los residentes con pacientes de la cl\u00ednica de Lesi\u00f3n M\u00e9dular (2022).<\/figcaption>\n\t\t\t\t\t\t\t\t\t\t<\/figure>\n\t\t\t\t\t\t\t\t\t<\/div>\n\t\t\t\t<\/div>\n\t\t\t\t\t<\/div>\n\t\t<\/div>\n\t\t\t\t\t<\/div>\n\t\t<\/section>\n\t\t\t\t<div class=\"elementor-element elementor-element-3ktio1p elementor-widget elementor-widget-spacer\" data-id=\"3ktio1p\" data-element_type=\"widget\" data-widget_type=\"spacer.default\">\n\t\t\t\t<div class=\"elementor-widget-container\">\n\t\t\t\t\t\t\t<div class=\"elementor-spacer\">\n\t\t\t<div class=\"elementor-spacer-inner\"><\/div>\n\t\t<\/div>\n\t\t\t\t\t\t<\/div>\n\t\t\t\t<\/div>\n\t\t\t\t\t<\/div>\n\t\t<\/div>\n\t\t\t\t\t<\/div>\n\t\t<\/section>\n\t\t\t\t<\/div>","protected":false},"excerpt":{"rendered":"<p>About the program \u00a0 Brazil has approximately 17.3 million people with some kind of disability according to data from the National Health Survey &#8211; Base Year 2019 &#8211; from the Brazilian Institute of Geography and Statistics (IBGE, as portuguese abbreviation). With the aging of the Brazilian population, the expectation is that more and more people [&hellip;]<\/p>","protected":false},"author":10,"featured_media":0,"parent":0,"menu_order":1,"comment_status":"closed","ping_status":"closed","template":"template-page.php","meta":{"_acf_changed":false,"footnotes":""},"class_list":["post-23742","page","type-page","status-publish","hentry"],"acf":[],"_links":{"self":[{"href":"https:\/\/institutosantosdumont.org.br\/es\/wp-json\/wp\/v2\/pages\/23742","targetHints":{"allow":["GET"]}}],"collection":[{"href":"https:\/\/institutosantosdumont.org.br\/es\/wp-json\/wp\/v2\/pages"}],"about":[{"href":"https:\/\/institutosantosdumont.org.br\/es\/wp-json\/wp\/v2\/types\/page"}],"author":[{"embeddable":true,"href":"https:\/\/institutosantosdumont.org.br\/es\/wp-json\/wp\/v2\/users\/10"}],"replies":[{"embeddable":true,"href":"https:\/\/institutosantosdumont.org.br\/es\/wp-json\/wp\/v2\/comments?post=23742"}],"version-history":[{"count":0,"href":"https:\/\/institutosantosdumont.org.br\/es\/wp-json\/wp\/v2\/pages\/23742\/revisions"}],"wp:attachment":[{"href":"https:\/\/institutosantosdumont.org.br\/es\/wp-json\/wp\/v2\/media?parent=23742"}],"curies":[{"name":"wp","href":"https:\/\/api.w.org\/{rel}","templated":true}]}}

Residencia Multiprofesional en la Atención de la Salud de la Persona con Discapacidad

<div data-elementor-type="wp-post" data-elementor-id="23742" class="elementor elementor-23742" data-elementor-post-type="page">
						<section class="elementor-section elementor-top-section elementor-element elementor-element-uo30xfv elementor-section-boxed elementor-section-height-default elementor-section-height-default" data-id="uo30xfv" data-element_type="section">
						<div class="elementor-container elementor-column-gap-default">
					<div class="elementor-column elementor-col-100 elementor-top-column elementor-element elementor-element-v85qads" data-id="v85qads" data-element_type="column">
			<div class="elementor-widget-wrap elementor-element-populated">
						<div class="elementor-element elementor-element-v53hokg elementor-widget elementor-widget-spacer" data-id="v53hokg" data-element_type="widget" data-widget_type="spacer.default">
				<div class="elementor-widget-container">
							<div class="elementor-spacer">
			<div class="elementor-spacer-inner"></div>
		</div>
						</div>
				</div>
				<div class="elementor-element elementor-element-qulyl2w elementor-widget elementor-widget-text-editor" data-id="qulyl2w" data-element_type="widget" data-widget_type="text-editor.default">
				<div class="elementor-widget-container">
									<h2><strong>Sobre el programa</strong></h2><div><strong> </strong></div><p><span style="font-size: 18.2px;">Brasil tiene aproximadamente 17,3 millones de personas con algún tipo de discapacidad, según datos de la Encuesta Nacional de Salud – Año Base 2019 – del Instituto Brasileño de Geografía y Estadística (IBGE). Con el envejecimiento de la población brasileña, la expectativa es que cada vez más personas necesitarán algún tipo de calificación o rehabilitación a través de prótesis, ortesis y diversos procedimientos de salud. Con el objetivo de preparar profesionales enfocados en la atención de este público, el Instituto Santos Dumont (ISD) creó el Programa de Residencia Multiprofesional en Atención a la Salud de Personas con Discapacidad, pionero en Brasil. </span></p><p><span style="font-size: 18.2px;">El Programa fue aprobado mediante convocatoria pública del Ministerio de Educación y es ofrecido por el Centro de Educación e Investigación en Salud Anita Garibaldi (Anita), una de las unidades del Instituto Santos Dumont de Macaíba (RN). Desde octubre de 2016, por parte del Ministerio de Salud habilitó Anita como Centro Especializado en Rehabilitación – CER III, en las áreas de discapacidad auditiva, física e intelectual. A principios de agosto de 2021, el Ministerio de Salud modificó la calificación a CER IV, incluyendo la atención a personas con discapacidad visual. El cambio se produjo tras la publicación de la Ordenanza nº 1.842/2021. </span></p><p><span style="font-size: 18.2px;">Las acciones de CER IV ISD se organizan en las siguientes clínicas:<b> Epilepsia (niño y adulto); Parkinson; Trastorno del Espectro Autista (TEA); Lesión de la médula espinal (niño y adulto); Microcefalia; Discapacidad auditiva (niño y adulto); Prematuridad y Vejiga Neurogénica.</b></span></p><p><span style="font-size: 18.2px;">El Programa de Residencias ISD está dirigido a profesionales de Fisioterapia, Logopedia, Psicología y Trabajo Social, aunando las áreas de docencia, investigación y extensión con el fin de fortalecer tanto la Red de Atención a Personas con Discapacidad en el contexto del Sistema Único de Salud ( SUS), y el Plan Nacional de Derechos de las Personas con Discapacidad – Plan Vivir sin Límites. </span></p><p><span style="font-size: 18.2px;">Además, el Programa incluye la interfaz de acción conjunta con el Programa de Postgrado en Neuroingeniería del Instituto Internacional de Neurociencias Edmond y Lily Safra (IIN-ELS). </span></p>								</div>
				</div>
				<div class="elementor-element elementor-element-4f1f6d1 elementor-widget-divider--view-line elementor-widget elementor-widget-divider" data-id="4f1f6d1" data-element_type="widget" data-widget_type="divider.default">
				<div class="elementor-widget-container">
							<div class="elementor-divider">
			<span class="elementor-divider-separator">
						</span>
		</div>
						</div>
				</div>
				<section class="elementor-section elementor-inner-section elementor-element elementor-element-0869e55 elementor-section-boxed elementor-section-height-default elementor-section-height-default" data-id="0869e55" data-element_type="section">
						<div class="elementor-container elementor-column-gap-default">
					<div class="elementor-column elementor-col-50 elementor-inner-column elementor-element elementor-element-da68409" data-id="da68409" data-element_type="column">
			<div class="elementor-widget-wrap elementor-element-populated">
						<div class="elementor-element elementor-element-ccaeb8f elementor-widget elementor-widget-image" data-id="ccaeb8f" data-element_type="widget" data-widget_type="image.default">
				<div class="elementor-widget-container">
												<figure class="wp-caption">
										<img fetchpriority="high" decoding="async" width="800" height="534" src="https://institutosantosdumont.org.br/wp-content/uploads/2022/03/Alunos-do-ISD-em-aula-com-Divaneide-Basílio-1024x683-1024x683.jpeg" class="attachment-large size-large wp-image-23746" alt="" srcset="https://institutosantosdumont.org.br/wp-content/uploads/2022/03/Alunos-do-ISD-em-aula-com-Divaneide-Basílio-1024x683.jpeg 1024w, https://institutosantosdumont.org.br/wp-content/uploads/2022/03/Alunos-do-ISD-em-aula-com-Divaneide-Basílio-1024x683-300x200.jpeg 300w, https://institutosantosdumont.org.br/wp-content/uploads/2022/03/Alunos-do-ISD-em-aula-com-Divaneide-Basílio-1024x683-768x512.jpeg 768w" sizes="(max-width: 800px) 100vw, 800px" />											<figcaption class="widget-image-caption wp-caption-text">Residentes durante una clase de Ciudadanía para la Educación Global (2021)</figcaption>
										</figure>
									</div>
				</div>
					</div>
		</div>
				<div class="elementor-column elementor-col-50 elementor-inner-column elementor-element elementor-element-6ce08b7" data-id="6ce08b7" data-element_type="column">
			<div class="elementor-widget-wrap elementor-element-populated">
						<div class="elementor-element elementor-element-b1043c2 elementor-widget elementor-widget-image" data-id="b1043c2" data-element_type="widget" data-widget_type="image.default">
				<div class="elementor-widget-container">
												<figure class="wp-caption">
										<img decoding="async" width="800" height="600" src="https://institutosantosdumont.org.br/wp-content/uploads/2022/03/ISD-promove-integração-com-pacientes-da-Clínica-de-Lesão-Medular-Adulto-_-Foto-Ascom-ISD-1024x768-1024x768.jpg" class="attachment-large size-large wp-image-23745" alt="" srcset="https://institutosantosdumont.org.br/wp-content/uploads/2022/03/ISD-promove-integração-com-pacientes-da-Clínica-de-Lesão-Medular-Adulto-_-Foto-Ascom-ISD-1024x768.jpg 1024w, https://institutosantosdumont.org.br/wp-content/uploads/2022/03/ISD-promove-integração-com-pacientes-da-Clínica-de-Lesão-Medular-Adulto-_-Foto-Ascom-ISD-1024x768-300x225.jpg 300w, https://institutosantosdumont.org.br/wp-content/uploads/2022/03/ISD-promove-integração-com-pacientes-da-Clínica-de-Lesão-Medular-Adulto-_-Foto-Ascom-ISD-1024x768-768x576.jpg 768w" sizes="(max-width: 800px) 100vw, 800px" />											<figcaption class="widget-image-caption wp-caption-text">Celebración de carnaval promovida por los residentes con pacientes de la clínica de Lesión Médular (2022).</figcaption>
										</figure>
									</div>
				</div>
					</div>
		</div>
					</div>
		</section>
				<div class="elementor-element elementor-element-3ktio1p elementor-widget elementor-widget-spacer" data-id="3ktio1p" data-element_type="widget" data-widget_type="spacer.default">
				<div class="elementor-widget-container">
							<div class="elementor-spacer">
			<div class="elementor-spacer-inner"></div>
		</div>
						</div>
				</div>
					</div>
		</div>
					</div>
		</section>
				</div>
